000
CDUS41 KBUF 071015
CLIART


CLIMATE REPORT
NATIONAL WEATHER SERVICE BUFFALO NY
615 AM EDT SAT APR 7 2018


...................................

...THE WATERTOWN NY CLIMATE SUMMARY FOR APRIL 6 2018...

CLIMATE NORMAL PERIOD 1981 TO 2010
CLIMATE RECORD PERIOD 1949 TO 2018


WEATHER ITEM   OBSERVED TIME   RECORD YEAR NORMAL DEPARTURE LAST
                VALUE   (LST)  VALUE       VALUE  FROM      YEAR
                                                  NORMAL
..................................................................
TEMPERATURE (F)
 YESTERDAY
  MAXIMUM         36    954 PM  73    1997  50    -14       46
  MINIMUM         24    435 AM  11    1995  30     -6       39
  AVERAGE         30                        40    -10       43

PRECIPITATION (IN)
  YESTERDAY        0.04          1.15 2017   0.09  -0.05     1.15
  MONTH TO DATE    0.71                      0.55   0.16     2.48
  SINCE MAR 1      2.31                      2.85  -0.54     4.83
  SINCE JAN 1      6.33                      7.73  -1.40     8.46

DEGREE DAYS
 HEATING
  YESTERDAY       35                        25     10       22
  MONTH TO DATE  195                       158     37      138
  SINCE MAR 1   1285                      1224     61     1312
  SINCE JUL 1   6495                      6665   -170     5923

 COOLING
  YESTERDAY        0                         0      0        0
  MONTH TO DATE    0                         0      0        0
  SINCE MAR 1      0                         0      0        0
  SINCE JAN 1      0                         0      0        0
..................................................................


WIND (MPH)
  HIGHEST WIND SPEED    23   HIGHEST WIND DIRECTION     W (270)
  HIGHEST GUST SPEED    31   HIGHEST GUST DIRECTION     W (260)
  AVERAGE WIND SPEED    10.4


SKY COVER
  AVERAGE SKY COVER 0.8


WEATHER CONDITIONS
 THE FOLLOWING WEATHER WAS RECORDED YESTERDAY.
  SNOW
  LIGHT SNOW
  FOG
  FOG W/VISIBILITY <= 1/4 MILE
  HAZE


RELATIVE HUMIDITY (PERCENT)
 HIGHEST   100          1200 PM
 LOWEST     54           800 AM
 AVERAGE    77

..........................................................


THE WATERTOWN NY CLIMATE NORMALS FOR TODAY
                         NORMAL    RECORD    YEAR
 MAXIMUM TEMPERATURE (F)   51        72      1980
 MINIMUM TEMPERATURE (F)   30         9      2003


SUNRISE AND SUNSET
APRIL  7 2018.........SUNRISE   635 AM EDT   SUNSET   738 PM EDT
APRIL  8 2018.........SUNRISE   633 AM EDT   SUNSET   740 PM EDT


-  INDICATES NEGATIVE NUMBERS.
R  INDICATES RECORD WAS SET OR TIED.
MM INDICATES DATA IS MISSING.
T  INDICATES TRACE AMOUNT.




$$
