266
CDUS41 KBUF 242031
CLIART


CLIMATE REPORT
NATIONAL WEATHER SERVICE BUFFALO NY
431 PM EDT THU MAY 24 2018


...................................

...THE WATERTOWN NY CLIMATE SUMMARY FOR MAY 24 2018...
VALID TODAY AS OF 0400 PM LOCAL TIME.

CLIMATE NORMAL PERIOD 1981 TO 2010
CLIMATE RECORD PERIOD 1949 TO 2018


WEATHER ITEM   OBSERVED TIME   RECORD YEAR NORMAL DEPARTURE LAST
                VALUE   (LST)  VALUE       VALUE  FROM      YEAR
                                                  NORMAL
..................................................................
TEMPERATURE (F)
 TODAY
  MAXIMUM         71    259 PM  87    1966  68      3       78
  MINIMUM         37    400 AM  30    1992  46     -9       47
  AVERAGE         54                        57     -3       63

PRECIPITATION (IN)
  TODAY            0.00          1.66 2003   0.10  -0.10     0.00
  MONTH TO DATE    1.51                      2.34  -0.83     4.51
  SINCE MAR 1      6.42                      7.54  -1.12    10.93
  SINCE JAN 1     10.44                     12.42  -1.98    14.56

DEGREE DAYS
 HEATING
  TODAY           11                         8      3        2
  MONTH TO DATE  219                       281    -62      320
  SINCE MAR 1   2127                      1983    144     2015
  SINCE JUL 1   7337                      7424    -87     6626

 COOLING
  TODAY            0                         1     -1        0
  MONTH TO DATE    3                         1      2       11
  SINCE MAR 1      3                         2      1       18
  SINCE JAN 1      3                         2      1       18
..................................................................


WIND (MPH)
  HIGHEST WIND SPEED    14   HIGHEST WIND DIRECTION     W (270)
  HIGHEST GUST SPEED    17   HIGHEST GUST DIRECTION     W (280)
  AVERAGE WIND SPEED     4.7


SKY COVER
  AVERAGE SKY COVER 0.0


WEATHER CONDITIONS
 THE FOLLOWING WEATHER WAS RECORDED TODAY.
  FOG
  FOG W/VISIBILITY <= 1/4 MILE


RELATIVE HUMIDITY (PERCENT)
 HIGHEST   100          1200 AM
 LOWEST     33          1100 AM
 AVERAGE    67

..........................................................


THE WATERTOWN NY CLIMATE NORMALS FOR TOMORROW
                         NORMAL    RECORD    YEAR
 MAXIMUM TEMPERATURE (F)   68        86      2012
 MINIMUM TEMPERATURE (F)   46        30      2002


SUNRISE AND SUNSET
MAY 24 2018...........SUNRISE   530 AM EDT   SUNSET   833 PM EDT
MAY 25 2018...........SUNRISE   529 AM EDT   SUNSET   834 PM EDT


-  INDICATES NEGATIVE NUMBERS.
R  INDICATES RECORD WAS SET OR TIED.
MM INDICATES DATA IS MISSING.
T  INDICATES TRACE AMOUNT.

$$
