000
CDUS41 KBUF 211031
CLIART


CLIMATE REPORT
NATIONAL WEATHER SERVICE BUFFALO NY
630 AM EDT SAT APR 21 2018


...................................

...THE WATERTOWN NY CLIMATE SUMMARY FOR APRIL 20 2018...

CLIMATE NORMAL PERIOD 1981 TO 2010
CLIMATE RECORD PERIOD 1949 TO 2018


WEATHER ITEM   OBSERVED TIME   RECORD YEAR NORMAL DEPARTURE LAST
                VALUE   (LST)  VALUE       VALUE  FROM      YEAR
                                                  NORMAL
..................................................................
TEMPERATURE (F)
 YESTERDAY
  MAXIMUM         42    404 PM  83    1957  57    -15       51
  MINIMUM         27    152 AM  20    1969  35     -8       43
  AVERAGE         35                        46    -11       47

PRECIPITATION (IN)
  YESTERDAY        0.00          0.97 2011   0.09  -0.09     0.24
  MONTH TO DATE    2.54                      1.94   0.60     3.41
  SINCE MAR 1      4.14                      4.24  -0.10     5.76
  SINCE JAN 1      8.16                      9.12  -0.96     9.39

DEGREE DAYS
 HEATING
  YESTERDAY       30                        19     11       18
  MONTH TO DATE  622                       464    158      376
  SINCE MAR 1   1712                      1530    182     1550
  SINCE JUL 1   6922                      6971    -49     6161

 COOLING
  YESTERDAY        0                         0      0        0
  MONTH TO DATE    0                         0      0        4
  SINCE MAR 1      0                         0      0        4
  SINCE JAN 1      0                         0      0        4
..................................................................


WIND (MPH)
  HIGHEST WIND SPEED    18   HIGHEST WIND DIRECTION    SW (230)
  HIGHEST GUST SPEED    24   HIGHEST GUST DIRECTION     W (260)
  AVERAGE WIND SPEED     8.8


SKY COVER
  AVERAGE SKY COVER 0.6


WEATHER CONDITIONS
 THE FOLLOWING WEATHER WAS RECORDED YESTERDAY.
  NO SIGNIFICANT WEATHER WAS OBSERVED.


RELATIVE HUMIDITY (PERCENT)
 HIGHEST    89           900 PM
 LOWEST     62           400 PM
 AVERAGE    76

..........................................................


THE WATERTOWN NY CLIMATE NORMALS FOR TODAY
                         NORMAL    RECORD    YEAR
 MAXIMUM TEMPERATURE (F)   57        85      1976
 MINIMUM TEMPERATURE (F)   35        22      2013
                                             1981


SUNRISE AND SUNSET
APRIL 21 2018.........SUNRISE   611 AM EDT   SUNSET   755 PM EDT
APRIL 22 2018.........SUNRISE   609 AM EDT   SUNSET   757 PM EDT


-  INDICATES NEGATIVE NUMBERS.
R  INDICATES RECORD WAS SET OR TIED.
MM INDICATES DATA IS MISSING.
T  INDICATES TRACE AMOUNT.




$$
