695
CDUS41 KBUF 190705
CLIART


CLIMATE REPORT
NATIONAL WEATHER SERVICE BUFFALO NY
305 AM EDT THU APR 19 2018


...................................

...THE WATERTOWN NY CLIMATE SUMMARY FOR APRIL 18 2018...

CLIMATE NORMAL PERIOD 1981 TO 2010
CLIMATE RECORD PERIOD 1949 TO 2018


WEATHER ITEM   OBSERVED TIME   RECORD YEAR NORMAL DEPARTURE LAST
                VALUE   (LST)  VALUE       VALUE  FROM      YEAR
                                                  NORMAL
..................................................................
TEMPERATURE (F)
 YESTERDAY
  MAXIMUM         41    125 PM  84    1976  56    -15       56
  MINIMUM         34    504 AM  24    2012  34      0       25
                                      1995
  AVERAGE         38                        45     -7       41

PRECIPITATION (IN)
  YESTERDAY        T             1.05 1981   0.10  -0.10     0.00
  MONTH TO DATE    2.53                      1.76   0.77     3.03
  SINCE MAR 1      4.13                      4.06   0.07     5.38
  SINCE JAN 1      8.15                      8.94  -0.79     9.01

DEGREE DAYS
 HEATING
  YESTERDAY       27                        20      7       24
  MONTH TO DATE  561                       425    136      339
  SINCE MAR 1   1651                      1491    160     1513
  SINCE JUL 1   6861                      6932    -71     6124

 COOLING
  YESTERDAY        0                         0      0        0
  MONTH TO DATE    0                         0      0        4
  SINCE MAR 1      0                         0      0        4
  SINCE JAN 1      0                         0      0        4
..................................................................


WIND (MPH)
  HIGHEST WIND SPEED    23   HIGHEST WIND DIRECTION    SW (230)
  HIGHEST GUST SPEED    34   HIGHEST GUST DIRECTION    SW (230)
  AVERAGE WIND SPEED    13.4


SKY COVER
  AVERAGE SKY COVER 1.0


WEATHER CONDITIONS
 THE FOLLOWING WEATHER WAS RECORDED YESTERDAY.
  LIGHT RAIN
  LIGHT SNOW
  FOG


RELATIVE HUMIDITY (PERCENT)
 HIGHEST   100           400 AM
 LOWEST     79           400 PM
 AVERAGE    90

..........................................................


THE WATERTOWN NY CLIMATE NORMALS FOR TODAY
                         NORMAL    RECORD    YEAR
 MAXIMUM TEMPERATURE (F)   56        86      2008
 MINIMUM TEMPERATURE (F)   35        19      2001


SUNRISE AND SUNSET
APRIL 19 2018.........SUNRISE   614 AM EDT   SUNSET   753 PM EDT
APRIL 20 2018.........SUNRISE   613 AM EDT   SUNSET   754 PM EDT


-  INDICATES NEGATIVE NUMBERS.
R  INDICATES RECORD WAS SET OR TIED.
MM INDICATES DATA IS MISSING.
T  INDICATES TRACE AMOUNT.




$$
