000
CDUS41 KBUF 200705
CLIART


CLIMATE REPORT
NATIONAL WEATHER SERVICE BUFFALO NY
305 AM EDT SUN MAY 20 2018


...................................

...THE WATERTOWN NY CLIMATE SUMMARY FOR MAY 19 2018...

CLIMATE NORMAL PERIOD 1981 TO 2010
CLIMATE RECORD PERIOD 1949 TO 2018


WEATHER ITEM   OBSERVED TIME   RECORD YEAR NORMAL DEPARTURE LAST
                VALUE   (LST)  VALUE       VALUE  FROM      YEAR
                                                  NORMAL
..................................................................
TEMPERATURE (F)
 YESTERDAY
  MAXIMUM         64    842 AM  86    1996  67     -3       62
  MINIMUM         46   1227 AM  31    2007  44      2       43
  AVERAGE         55                        56     -1       53

PRECIPITATION (IN)
  YESTERDAY        0.31          1.64 1976   0.10   0.21      T
  MONTH TO DATE    1.21                      1.81  -0.60     4.02
  SINCE MAR 1      6.12                      7.01  -0.89    10.44
  SINCE JAN 1     10.14                     11.89  -1.75    14.07

DEGREE DAYS
 HEATING
  YESTERDAY       10                        10      0       12
  MONTH TO DATE  167                       236    -69      280
  SINCE MAR 1   2075                      1938    137     1975
  SINCE JUL 1   7285                      7379    -94     6586

 COOLING
  YESTERDAY        0                         0      0        0
  MONTH TO DATE    3                         0      3       11
  SINCE MAR 1      3                         1      2       18
  SINCE JAN 1      3                         1      2       18
..................................................................


WIND (MPH)
  HIGHEST WIND SPEED    17   HIGHEST WIND DIRECTION     S (170)
  HIGHEST GUST SPEED    27   HIGHEST GUST DIRECTION     S (170)
  AVERAGE WIND SPEED     6.7


SKY COVER
  AVERAGE SKY COVER 0.6


WEATHER CONDITIONS
 THE FOLLOWING WEATHER WAS RECORDED YESTERDAY.
  HEAVY RAIN
  RAIN
  LIGHT RAIN
  FOG


RELATIVE HUMIDITY (PERCENT)
 HIGHEST    93          1000 AM
 LOWEST     60           800 AM
 AVERAGE    77

..........................................................


THE WATERTOWN NY CLIMATE NORMALS FOR TODAY
                         NORMAL    RECORD    YEAR
 MAXIMUM TEMPERATURE (F)   67        86      1962
 MINIMUM TEMPERATURE (F)   45        28      2002


SUNRISE AND SUNSET
MAY 20 2018...........SUNRISE   533 AM EDT   SUNSET   829 PM EDT
MAY 21 2018...........SUNRISE   532 AM EDT   SUNSET   830 PM EDT


-  INDICATES NEGATIVE NUMBERS.
R  INDICATES RECORD WAS SET OR TIED.
MM INDICATES DATA IS MISSING.
T  INDICATES TRACE AMOUNT.




$$
