000
CDUS41 KBUF 120705
CLIART


CLIMATE REPORT
NATIONAL WEATHER SERVICE BUFFALO NY
305 AM EDT THU APR 12 2018


...................................

...THE WATERTOWN NY CLIMATE SUMMARY FOR APRIL 11 2018...

CLIMATE NORMAL PERIOD 1981 TO 2010
CLIMATE RECORD PERIOD 1949 TO 2018


WEATHER ITEM   OBSERVED TIME   RECORD YEAR NORMAL DEPARTURE LAST
                VALUE   (LST)  VALUE       VALUE  FROM      YEAR
                                                  NORMAL
..................................................................
TEMPERATURE (F)
 YESTERDAY
  MAXIMUM         46   1255 PM  77    2011  53     -7       68
  MINIMUM         28    522 AM  18    1979  32     -4       51
  AVERAGE         37                        42     -5       60

PRECIPITATION (IN)
  YESTERDAY        0.02          1.59 1992   0.11  -0.09     0.18
  MONTH TO DATE    0.73                      1.06  -0.33     2.77
  SINCE MAR 1      2.33                      3.36  -1.03     5.12
  SINCE JAN 1      6.35                      8.24  -1.89     8.75

DEGREE DAYS
 HEATING
  YESTERDAY       28                        23      5        5
  MONTH TO DATE  363                       277     86      214
  SINCE MAR 1   1453                      1343    110     1388
  SINCE JUL 1   6663                      6784   -121     5999

 COOLING
  YESTERDAY        0                         0      0        0
  MONTH TO DATE    0                         0      0        4
  SINCE MAR 1      0                         0      0        4
  SINCE JAN 1      0                         0      0        4
..................................................................


WIND (MPH)
  HIGHEST WIND SPEED    20   HIGHEST WIND DIRECTION    SW (220)
  HIGHEST GUST SPEED    28   HIGHEST GUST DIRECTION     W (260)
  AVERAGE WIND SPEED     8.6


SKY COVER
  AVERAGE SKY COVER 0.5


WEATHER CONDITIONS
 THE FOLLOWING WEATHER WAS RECORDED YESTERDAY.
  LIGHT RAIN
  FOG
  HAZE


RELATIVE HUMIDITY (PERCENT)
 HIGHEST   100           700 PM
 LOWEST     45          1100 AM
 AVERAGE    73

..........................................................


THE WATERTOWN NY CLIMATE NORMALS FOR TODAY
                         NORMAL    RECORD    YEAR
 MAXIMUM TEMPERATURE (F)   53        73      2006
 MINIMUM TEMPERATURE (F)   32        17      1985


SUNRISE AND SUNSET
APRIL 12 2018.........SUNRISE   626 AM EDT   SUNSET   744 PM EDT
APRIL 13 2018.........SUNRISE   624 AM EDT   SUNSET   746 PM EDT


-  INDICATES NEGATIVE NUMBERS.
R  INDICATES RECORD WAS SET OR TIED.
MM INDICATES DATA IS MISSING.
T  INDICATES TRACE AMOUNT.




$$
