000
CDUS41 KBUF 150705
CLIART


CLIMATE REPORT
NATIONAL WEATHER SERVICE BUFFALO NY
305 AM EDT TUE MAY 15 2018


...................................

...THE WATERTOWN NY CLIMATE SUMMARY FOR MAY 14 2018...

CLIMATE NORMAL PERIOD 1981 TO 2010
CLIMATE RECORD PERIOD 1949 TO 2018


WEATHER ITEM   OBSERVED TIME   RECORD YEAR NORMAL DEPARTURE LAST
                VALUE   (LST)  VALUE       VALUE  FROM      YEAR
                                                  NORMAL
..................................................................
TEMPERATURE (F)
 YESTERDAY
  MAXIMUM         68    611 PM  85    1974  65      3       61
  MINIMUM         52    510 AM  27    1965  43      9       43
  AVERAGE         60                        54      6       52

PRECIPITATION (IN)
  YESTERDAY        0.00          1.10 1964   0.10  -0.10     0.02
  MONTH TO DATE    0.34                      1.30  -0.96     3.90
  SINCE MAR 1      5.25                      6.50  -1.25    10.32
  SINCE JAN 1      9.27                     11.38  -2.11    13.95

DEGREE DAYS
 HEATING
  YESTERDAY        5                        11     -6       13
  MONTH TO DATE  128                       184    -56      244
  SINCE MAR 1   2036                      1886    150     1939
  SINCE JUL 1   7246                      7327    -81     6550

 COOLING
  YESTERDAY        0                         0      0        0
  MONTH TO DATE    3                         0      3        0
  SINCE MAR 1      3                         1      2        7
  SINCE JAN 1      3                         1      2        7
..................................................................


WIND (MPH)
  HIGHEST WIND SPEED    22   HIGHEST WIND DIRECTION     W (260)
  HIGHEST GUST SPEED    25   HIGHEST GUST DIRECTION     W (260)
  AVERAGE WIND SPEED     6.6


SKY COVER
  AVERAGE SKY COVER 0.1


WEATHER CONDITIONS
 THE FOLLOWING WEATHER WAS RECORDED YESTERDAY.
  NO SIGNIFICANT WEATHER WAS OBSERVED.


RELATIVE HUMIDITY (PERCENT)
 HIGHEST    93           300 AM
 LOWEST     52           300 PM
 AVERAGE    73

..........................................................


THE WATERTOWN NY CLIMATE NORMALS FOR TODAY
                         NORMAL    RECORD    YEAR
 MAXIMUM TEMPERATURE (F)   66        86      2014
                                             1961
 MINIMUM TEMPERATURE (F)   43        30      2001


SUNRISE AND SUNSET
MAY 15 2018...........SUNRISE   538 AM EDT   SUNSET   823 PM EDT
MAY 16 2018...........SUNRISE   537 AM EDT   SUNSET   825 PM EDT


-  INDICATES NEGATIVE NUMBERS.
R  INDICATES RECORD WAS SET OR TIED.
MM INDICATES DATA IS MISSING.
T  INDICATES TRACE AMOUNT.




$$
