092
CDUS41 KBUF 181009
CLIART


CLIMATE REPORT
NATIONAL WEATHER SERVICE BUFFALO NY
609 AM EDT WED APR 18 2018


...................................

...THE WATERTOWN NY CLIMATE SUMMARY FOR APRIL 17 2018...

CLIMATE NORMAL PERIOD 1981 TO 2010
CLIMATE RECORD PERIOD 1949 TO 2018


WEATHER ITEM   OBSERVED TIME   RECORD YEAR NORMAL DEPARTURE LAST
                VALUE   (LST)  VALUE       VALUE  FROM      YEAR
                                                  NORMAL
..................................................................
TEMPERATURE (F)
 YESTERDAY
  MAXIMUM         36    131 PM  80    1960  55    -19       54
  MINIMUM         32    740 PM  19    1980  34     -2       35
  AVERAGE         34                        45    -11       45

PRECIPITATION (IN)
  YESTERDAY        0.01          0.63 1960   0.10  -0.09     0.00
  MONTH TO DATE    2.53                      1.66   0.87     3.03
  SINCE MAR 1      4.13                      3.96   0.17     5.38
  SINCE JAN 1      8.15                      8.84  -0.69     9.01

DEGREE DAYS
 HEATING
  YESTERDAY       31                        20     11       20
  MONTH TO DATE  534                       405    129      315
  SINCE MAR 1   1624                      1471    153     1489
  SINCE JUL 1   6834                      6912    -78     6100

 COOLING
  YESTERDAY        0                         0      0        0
  MONTH TO DATE    0                         0      0        4
  SINCE MAR 1      0                         0      0        4
  SINCE JAN 1      0                         0      0        4
..................................................................


WIND (MPH)
  HIGHEST WIND SPEED    23   HIGHEST WIND DIRECTION     W (250)
  HIGHEST GUST SPEED    31   HIGHEST GUST DIRECTION     W (260)
  AVERAGE WIND SPEED    15.2


SKY COVER
  AVERAGE SKY COVER 0.9


WEATHER CONDITIONS
 THE FOLLOWING WEATHER WAS RECORDED YESTERDAY.
  LIGHT RAIN
  LIGHT SNOW
  FOG
  FOG W/VISIBILITY <= 1/4 MILE


RELATIVE HUMIDITY (PERCENT)
 HIGHEST   100           700 AM
 LOWEST     70           300 PM
 AVERAGE    85

..........................................................


THE WATERTOWN NY CLIMATE NORMALS FOR TODAY
                         NORMAL    RECORD    YEAR
 MAXIMUM TEMPERATURE (F)   56        84      1976
 MINIMUM TEMPERATURE (F)   34        24      2012
                                             1995


SUNRISE AND SUNSET
APRIL 18 2018.........SUNRISE   616 AM EDT   SUNSET   752 PM EDT
APRIL 19 2018.........SUNRISE   614 AM EDT   SUNSET   753 PM EDT


-  INDICATES NEGATIVE NUMBERS.
R  INDICATES RECORD WAS SET OR TIED.
MM INDICATES DATA IS MISSING.
T  INDICATES TRACE AMOUNT.




$$
