000
CDUS41 KBUF 110705
CLIART


CLIMATE REPORT
NATIONAL WEATHER SERVICE BUFFALO NY
305 AM EDT WED APR 11 2018


...................................

...THE WATERTOWN NY CLIMATE SUMMARY FOR APRIL 10 2018...

CLIMATE NORMAL PERIOD 1981 TO 2010
CLIMATE RECORD PERIOD 1949 TO 2018


WEATHER ITEM   OBSERVED TIME   RECORD YEAR NORMAL DEPARTURE LAST
                VALUE   (LST)  VALUE       VALUE  FROM      YEAR
                                                  NORMAL
..................................................................
TEMPERATURE (F)
 YESTERDAY
  MAXIMUM         42    150 PM  78    2017  52    -10       78
  MINIMUM         21    248 AM  12    2016  31    -10       59
  AVERAGE         32                        42    -10       69

PRECIPITATION (IN)
  YESTERDAY        0.00          1.68 1961   0.10  -0.10     0.00
  MONTH TO DATE    0.71                      0.95  -0.24     2.59
  SINCE MAR 1      2.31                      3.25  -0.94     4.94
  SINCE JAN 1      6.33                      8.13  -1.80     8.57

DEGREE DAYS
 HEATING
  YESTERDAY       33                        23     10        0
  MONTH TO DATE  335                       254     81      209
  SINCE MAR 1   1425                      1320    105     1383
  SINCE JUL 1   6635                      6761   -126     5994

 COOLING
  YESTERDAY        0                         0      0        4
  MONTH TO DATE    0                         0      0        4
  SINCE MAR 1      0                         0      0        4
  SINCE JAN 1      0                         0      0        4
..................................................................


WIND (MPH)
  HIGHEST WIND SPEED    20   HIGHEST WIND DIRECTION     W (260)
  HIGHEST GUST SPEED    23   HIGHEST GUST DIRECTION     W (270)
  AVERAGE WIND SPEED     7.3


SKY COVER
  AVERAGE SKY COVER 0.4


WEATHER CONDITIONS
 THE FOLLOWING WEATHER WAS RECORDED YESTERDAY.
  HAZE


RELATIVE HUMIDITY (PERCENT)
 HIGHEST    92           100 AM
 LOWEST     56           600 PM
 AVERAGE    74

..........................................................


THE WATERTOWN NY CLIMATE NORMALS FOR TODAY
                         NORMAL    RECORD    YEAR
 MAXIMUM TEMPERATURE (F)   53        77      2011
 MINIMUM TEMPERATURE (F)   32        18      1979


SUNRISE AND SUNSET
APRIL 11 2018.........SUNRISE   628 AM EDT   SUNSET   743 PM EDT
APRIL 12 2018.........SUNRISE   626 AM EDT   SUNSET   744 PM EDT


-  INDICATES NEGATIVE NUMBERS.
R  INDICATES RECORD WAS SET OR TIED.
MM INDICATES DATA IS MISSING.
T  INDICATES TRACE AMOUNT.




$$
