000
CDUS41 KBUF 080705
CLIART


CLIMATE REPORT
NATIONAL WEATHER SERVICE BUFFALO NY
305 AM EDT TUE MAY 8 2018


...................................

...THE WATERTOWN NY CLIMATE SUMMARY FOR MAY 7 2018...

CLIMATE NORMAL PERIOD 1981 TO 2010
CLIMATE RECORD PERIOD 1949 TO 2018


WEATHER ITEM   OBSERVED TIME   RECORD YEAR NORMAL DEPARTURE LAST
                VALUE   (LST)  VALUE       VALUE  FROM      YEAR
                                                  NORMAL
..................................................................
TEMPERATURE (F)
 YESTERDAY
  MAXIMUM         64    408 PM  81    1960  63      1       45
  MINIMUM         35   1159 PM  18    1966  41     -6       35
  AVERAGE         50                        52     -2       40

PRECIPITATION (IN)
  YESTERDAY        T             1.23 1967   0.09  -0.09     0.24
  MONTH TO DATE    0.32                      0.65  -0.33     3.46
  SINCE MAR 1      5.23                      5.85  -0.62     9.88
  SINCE JAN 1      9.25                     10.73  -1.48    13.51

DEGREE DAYS
 HEATING
  YESTERDAY       15                        13      2       25
  MONTH TO DATE   51                       100    -49      110
  SINCE MAR 1   1959                      1802    157     1805
  SINCE JUL 1   7169                      7243    -74     6416

 COOLING
  YESTERDAY        0                         0      0        0
  MONTH TO DATE    3                         0      3        0
  SINCE MAR 1      3                         1      2        7
  SINCE JAN 1      3                         1      2        7
..................................................................


WIND (MPH)
  HIGHEST WIND SPEED    16   HIGHEST WIND DIRECTION    NE (40)
  HIGHEST GUST SPEED    22   HIGHEST GUST DIRECTION    NE (40)
  AVERAGE WIND SPEED     6.1


SKY COVER
  AVERAGE SKY COVER 0.2


WEATHER CONDITIONS
 THE FOLLOWING WEATHER WAS RECORDED YESTERDAY.
  NO SIGNIFICANT WEATHER WAS OBSERVED.


RELATIVE HUMIDITY (PERCENT)
 HIGHEST    93           100 AM
 LOWEST     25           300 PM
 AVERAGE    59

..........................................................


THE WATERTOWN NY CLIMATE NORMALS FOR TODAY
                         NORMAL    RECORD    YEAR
 MAXIMUM TEMPERATURE (F)   64        85      1979
 MINIMUM TEMPERATURE (F)   41        25      1997


SUNRISE AND SUNSET
MAY  8 2018...........SUNRISE   546 AM EDT   SUNSET   816 PM EDT
MAY  9 2018...........SUNRISE   545 AM EDT   SUNSET   817 PM EDT


-  INDICATES NEGATIVE NUMBERS.
R  INDICATES RECORD WAS SET OR TIED.
MM INDICATES DATA IS MISSING.
T  INDICATES TRACE AMOUNT.




$$
