000
CXUS55 KGJT 010910
CF6ASE
PRELIMINARY LOCAL CLIMATOLOGICAL DATA (WS FORM: F-6)
STATION: ASPEN CO
MONTH: MAY
YEAR: 2023
LATITUDE: 39 13 N
LONGITUDE: 106 52 W
TEMPERATURE IN F: :PCPN: SNOW: WIND :SUNSHINE: SKY :PK WND
================================================================================
1 2 3 4 5 6A 6B 7 8 9 10 11 12 13 14 15 16 17 18
12Z AVG MX 2MIN
DY MAX MIN AVG DEP HDD CDD WTR SNW DPTH SPD SPD DIR MIN PSBL S-S WX SPD DR
================================================================================
1 70 36 53 8 12 0 0.00 M M 7.3 15 70 M M 2 24 340
2 67 40 54 8 11 0 0.01 M M 7.6 21 180 M M 2 31 170
3 68 34 51 5 14 0 0.00 M M 6.4 17 170 M M 0 27 250
4 62 35 49 3 16 0 0.01 M M 8.1 23 260 M M 3 34 270
5 58 31 45 -1 20 0 0.00 M M 7.7 28 190 M M 3 35 180
6 58 32 45 -2 20 0 0.08 M M 6.6 23 180 M M 5 18 33 170
7 55 33 44 -3 21 0 0.03 M M 5.2 17 170 M M 7 1 21 360
8 64 30 47 -1 18 0 0.00 M M 7.6 28 170 M M 3 36 180
9 66 36 51 3 14 0 0.00 M M 7.2 20 170 M M 0 27 260
10 68 35 52 4 13 0 0.00 M M 8.3 30 160 M M 4 47 170
11 47 39 43 -5 22 0 0.71 M M 5.1 15 340 M M 10 1 23 320
12 56 37 47 -2 18 0 T M M 4.1 13 320 M M 8 17 350
13 64 34 49 0 16 0 0.00 M M 6.6 21 170 M M 4 36 120
14 63 42 53 4 12 0 0.00 M M 7.1 18 150 M M 5 26 140
15 65 38 52 2 13 0 T M M 5.0 25 250 M M 6 35 260
16 68 37 53 3 12 0 0.00 M M 6.9 18 320 M M 3 36 320
17 68 35 52 2 13 0 0.00 M M 5.0 18 190 M M 2 24 200
18 61 39 50 -1 15 0 0.09 M M 5.0 18 340 M M 6 28 360
19 64 34 49 -2 16 0 0.30 M M 5.9 17 150 M M 5 13 27 320
20 64 38 51 0 14 0 T M M 5.8 18 250 M M 6 25 240
21 67 39 53 1 12 0 0.00 M M 7.0 22 150 M M 6 32 150
22 67 37 52 0 13 0 0.17 M M 5.9 22 290 M M 3 3 29 310
23 69 34 52 0 13 0 0.10 M M 6.0 16 170 M M 2 3 25 340
24 66 39 53 0 12 0 0.06 M M 5.9 28 180 M M 2 3 38 170
25 72 33 53 0 12 0 0.00 M M 7.0 37 160 M M 2 50 160
26 70 42 56 3 9 0 T M M 9.4 43 180 M M 2 3 58 180
27 69 41 55 1 10 0 0.00 M M 9.5 24 340 M M 1 34 350
28 70 34 52 -2 13 0 0.00 M M 5.7 15 350 M M 3 23 350
29 72 35 54 0 11 0 0.00 M M 7.7 20 210 M M 1 30 200
30 70 40 55 0 10 0 0.00 M M 7.9 25 240 M M 1 45 250
31 69 42 56 1 9 0 T M M 7.8 29 130 M M 5 3 43 140
================================================================================
SM 2017 1131 434 0 1.56 M 208.3 M 112
================================================================================
AV 65.1 36.5 6.7 FASTST M M 4 MAX(MPH)
MISC ----> 43 180 58 180
================================================================================
NOTES:
# LAST OF SEVERAL OCCURRENCES
COLUMN 17 PEAK WIND IN M.P.H.
PRELIMINARY LOCAL CLIMATOLOGICAL DATA (WS FORM: F-6) , PAGE 2
STATION: ASPEN CO
MONTH: MAY
YEAR: 2023
LATITUDE: 39 13 N
LONGITUDE: 106 52 W
[TEMPERATURE DATA] [PRECIPITATION DATA] SYMBOLS USED IN COLUMN 16
AVERAGE MONTHLY: 50.8 TOTAL FOR MONTH: 1.56 1 = FOG OR MIST
DPTR FM NORMAL: 0.8 DPTR FM NORMAL: 0.04 2 = FOG REDUCING VISIBILITY
HIGHEST: 72 ON 29,25 GRTST 24HR 0.71 ON 11-11 TO 1/4 MILE OR LESS
LOWEST: 30 ON 8 3 = THUNDER
SNOW, ICE PELLETS, HAIL 4 = ICE PELLETS
TOTAL MONTH: M 5 = HAIL
GRTST 24HR M ON M 6 = FREEZING RAIN OR DRIZZLE
GRTST DEPTH: M ON M 7 = DUSTSTORM OR SANDSTORM:
VSBY 1/2 MILE OR LESS
8 = SMOKE OR HAZE
[NO. OF DAYS WITH] [WEATHER - DAYS WITH] 9 = BLOWING SNOW
X = TORNADO
MAX 32 OR BELOW: 0 0.01 INCH OR MORE: 10
MAX 90 OR ABOVE: 0 0.10 INCH OR MORE: 4
MIN 32 OR BELOW: 3 0.50 INCH OR MORE: 1
MIN 0 OR BELOW: 0 1.00 INCH OR MORE: 0
[HDD (BASE 65) ]
TOTAL THIS MO. 434 CLEAR (SCALE 0-3) 16
DPTR FM NORMAL -30 PTCLDY (SCALE 4-7) 14
TOTAL FM JUL 1 8548 CLOUDY (SCALE 8-10) 1
DPTR FM NORMAL 581
[CDD (BASE 65) ]
TOTAL THIS MO. 0
DPTR FM NORMAL 0 [PRESSURE DATA]
TOTAL FM JAN 1 0 HIGHEST SLP M ON M
DPTR FM NORMAL 0 LOWEST SLP 29.52 ON 10
[REMARKS]
#FINAL-05-23#