000
CXUS55 KGJT 011000
CF6ASE
PRELIMINARY LOCAL CLIMATOLOGICAL DATA (WS FORM: F-6)
STATION: ASPEN CO
MONTH: MARCH
YEAR: 2020
LATITUDE: 39 13 N
LONGITUDE: 106 52 W
TEMPERATURE IN F: :PCPN: SNOW: WIND :SUNSHINE: SKY :PK WND
================================================================================
1 2 3 4 5 6A 6B 7 8 9 10 11 12 13 14 15 16 17 18
12Z AVG MX 2MIN
DY MAX MIN AVG DEP HDD CDD WTR SNW DPTH SPD SPD DIR MIN PSBL S-S WX SPD DR
================================================================================
1 44 23 34 8 31 0 0.01 M M 7.0 16 180 M M 7 1 24 170
2 35 15 25 -1 40 0 0.31 M M 4.7 13 320 M M 7 128 18 330
3 44 9 27 0 38 0 0.00 M M 6.1 12 210 M M 0 16 200
4 47 9 28 1 37 0 0.00 M M 5.8 13 210 M M 0 16 220
5 50 18 34 7 31 0 0.00 M M 6.4 13 220 M M 0 17 210
6 55 18 37 9 28 0 0.00 M M 6.0 13 170 M M 0 17 230
7 53 24 39 11 26 0 T M M 7.0 21 170 M M 3 31 180
8 52 33 43 15 22 0 0.03 M M 7.1 23 180 M M 8 1 29 190
9 49 29 39 10 26 0 0.01 M M 3.7 10 210 M M 4 1 15 220
10 44 27 36 7 29 0 0.00 M M 5.6 14 350 M M 6 20 340
11 46 20 33 4 32 0 T M M 4.1 13 340 M M 5 19 330
12 50 30 40 10 25 0 0.05 M M 5.1 12 10 M M 5 1 17 260
13 42 28 35 5 30 0 0.02 M M 6.0 23 200 M M 6 18 33 190
14 47 30 39 9 26 0 0.00 M M 3.7 13 320 M M 8 16 20
15 52 29 41 10 24 0 0.00 M M 6.4 20 190 M M 4 8 26 190
16 54 25 40 9 25 0 0.00 M M 4.6 12 200 M M 1 15 180
17 55 32 44 13 21 0 0.00 M M 7.7 22 170 M M 1 27 160
18 50 25 38 6 27 0 T M M 6.0 24 260 M M 5 8 33 260
19 36 27 32 0 33 0 0.30 M M 2.1 10 330 M M 10 18 14 140
20 39 21 30 -2 35 0 0.02 M M 4.1 14 330 M M 8 18 19 340
21 44 19 32 -1 33 0 T M M 3.9 14 330 M M 7 1 19 330
22 43 25 34 1 31 0 0.09 M M 6.1 21 340 M M 7 1 30 330
23 46 22 34 1 31 0 0.02 M M 3.5 16 190 M M 8 18 22 190
24 50 25 38 4 27 0 T M M 5.0 17 220 M M 5 1 29 210
25 50 34 42 8 23 0 0.00 M M 9.0 22 230 M M 2 41 240
26 52 30 41 7 24 0 0.00 M M 9.1 26 230 M M 2 45 210
27 39 24 32 -2 33 0 0.03 M M 7.2 22 330 M M 7 18 30 330
28 36 15 26 -9 39 0 T M M 6.6 17 340 M M 7 18 24 320
29 44 18 31 -4 34 0 0.00 M M 5.7 12 340 M M 7 19 340
30 47 29 38 3 27 0 0.03 M M 5.8 20 350 M M 7 18 31 320
31 57 28 43 7 22 0 0.00 M M 7.2 20 320 M M 3 34 340
================================================================================
SM 1452 741 910 0 0.92 M 178.3 M 150
================================================================================
AV 46.8 23.9 5.8 FASTST M M 5 MAX(MPH)
MISC ----> # 26 230 # 45 210
================================================================================
NOTES:
# LAST OF SEVERAL OCCURRENCES
COLUMN 17 PEAK WIND IN M.P.H.
PRELIMINARY LOCAL CLIMATOLOGICAL DATA (WS FORM: F-6) , PAGE 2
STATION: ASPEN CO
MONTH: MARCH
YEAR: 2020
LATITUDE: 39 13 N
LONGITUDE: 106 52 W
[TEMPERATURE DATA] [PRECIPITATION DATA] SYMBOLS USED IN COLUMN 16
AVERAGE MONTHLY: 35.4 TOTAL FOR MONTH: 0.92 1 = FOG OR MIST
DPTR FM NORMAL: 4.5 DPTR FM NORMAL: -0.40 2 = FOG REDUCING VISIBILITY
HIGHEST: 57 ON 31 GRTST 24HR 0.31 ON 2- 2 TO 1/4 MILE OR LESS
LOWEST: 9 ON 4, 3 3 = THUNDER
SNOW, ICE PELLETS, HAIL 4 = ICE PELLETS
TOTAL MONTH: M 5 = HAIL
GRTST 24HR M ON M 6 = FREEZING RAIN OR DRIZZLE
GRTST DEPTH: M ON M 7 = DUSTSTORM OR SANDSTORM:
VSBY 1/2 MILE OR LESS
8 = SMOKE OR HAZE
[NO. OF DAYS WITH] [WEATHER - DAYS WITH] 9 = BLOWING SNOW
X = TORNADO
MAX 32 OR BELOW: 0 0.01 INCH OR MORE: 12
MAX 90 OR ABOVE: 0 0.10 INCH OR MORE: 2
MIN 32 OR BELOW: 29 0.50 INCH OR MORE: 0
MIN 0 OR BELOW: 0 1.00 INCH OR MORE: 0
[HDD (BASE 65) ]
TOTAL THIS MO. 910 CLEAR (SCALE 0-3) 9
DPTR FM NORMAL -146 PTCLDY (SCALE 4-7) 20
TOTAL FM JUL 1 6911 CLOUDY (SCALE 8-10) 2
DPTR FM NORMAL -464
[CDD (BASE 65) ]
TOTAL THIS MO. 0
DPTR FM NORMAL 0 [PRESSURE DATA]
TOTAL FM JAN 1 0 HIGHEST SLP 30.43 ON 5
DPTR FM NORMAL 0 LOWEST SLP 29.40 ON 19
[REMARKS]
#FINAL-03-20#