000
CXUS53 KGJT 011215
CLAASE
CLIMATE REPORT
NATIONAL WEATHER SERVICE GRAND JUNCTION CO
443 AM MST SUN JAN 01 2023
...................................
...THE ASPEN CO CLIMATE SUMMARY FOR THE YEAR OF 2022...
CLIMATE NORMAL PERIOD 1991 TO 2020
CLIMATE RECORD PERIOD 9999 TO 9999
WEATHER OBSERVED NORMAL DEPART LAST YEAR`S
VALUE DATE(S) VALUE FROM VALUE DATE(S)
NORMAL
................................................................
TEMPERATURE (F)
RECORD
HIGH MM MM
LOW MM MM
HIGHEST 89 07/17 MM MM 92 07/09
LOWEST -13 01/01 MM MM -7 12/11
AVG. MAXIMUM 56.2 57.4 -1.2 58.7
AVG. MINIMUM 27.4 28.3 -0.9 29.7
MEAN 41.8 42.8 -1.0 44.2
DAYS MAX >= 90 0 1.9 -1.9 8
DAYS MAX <= 32 50 46.4 3.6 31
DAYS MIN <= 32 210 211.9 -1.9 205
DAYS MIN <= 0 26 18.6 7.4 8
PRECIPITATION (INCHES)
RECORD
MAXIMUM MM MM
MINIMUM MM MM
TOTALS 14.77 14.92 -0.15 14.70
DAILY AVG. 0.04 0.04 -0.00 0.04
DAYS >= .01 115 120.1 -5.1 115
DAYS >= .10 46 49.7 -3.7 45
DAYS >= .50 6 4.1 1.9 4
DAYS >= 1.00 1 0.0 1.0 0
GREATEST
24 HR. TOTAL 1.01 MM 1.15
STORM TOTAL 1.01 0.86
(MM/DD(HH)) MM
SNOWFALL (INCHES)
RECORDS
TOTAL MM MM
24 HR TOTAL MM
SNOW DEPTH MM MM
TOTALS MM MM MM MM
LIQUID EQUIV MM MM MM MM
SINCE 7/1 MM MM MM MM
LIQUID 7/1 MM MM MM MM
SNOWDEPTH AVG. MM MM
DAYS >= TRACE MM MM MM MM
DAYS >= 1.0 MM MM MM MM
GREATEST
SNOW DEPTH MM MM MM
24 HR TOTAL MM MM
STORM TOTAL MM MM
(MM/DD(HH)) MM
DEGREE DAYS
HEATING TOTAL 8458 8142 316 7651
SINCE 7/1 3428 3360 68 2923
COOLING TOTAL 125 90 35 183
SINCE 1/1 125 88 37 183
FREEZE DATES
RECORD
EARLIEST MM
LATEST MM
EARLIEST 10/04
LATEST 06/21
................................................................
WIND (MPH)
AVERAGE WIND SPEED 6.2
RESULTANT WIND SPEED/DIRECTION 2/210
HIGHEST WIND SPEED/DIRECTION 43/190 DATE 06/13
HIGHEST GUST SPEED/DIRECTION 62/190 DATE 06/13
SKY COVER
POSSIBLE SUNSHINE (PERCENT) MM
AVERAGE SKY COVER 0.34
NUMBER OF DAYS FAIR 215
NUMBER OF DAYS PC 90
NUMBER OF DAYS CLOUDY 60
AVERAGE RH (PERCENT) 54
WEATHER CONDITIONS. NUMBER OF DAYS WITH
THUNDERSTORM 49 MIXED PRECIP 0
HEAVY RAIN 8 RAIN 19
LIGHT RAIN 94 FREEZING RAIN 0
LT FREEZING RAIN 0 HAIL 0
HEAVY SNOW 14 SNOW 35
LIGHT SNOW 93 SLEET 0
FOG 98 FOG W/VIS <= 1/4 MILE 13
HAZE 63
- INDICATES NEGATIVE NUMBERS.
R INDICATES RECORD WAS SET OR TIED.
MM INDICATES DATA IS MISSING.
T INDICATES TRACE AMOUNT.
$$