000
CXUS56 KPQR 031654
CF6AST
PRELIMINARY LOCAL CLIMATOLOGICAL DATA (WS FORM: F-6)
STATION: ASTORIA OR
MONTH: MARCH
YEAR: 2022
LATITUDE: 46 9 N
LONGITUDE: 123 53 W
TEMPERATURE IN F: :PCPN: SNOW: WIND :SUNSHINE: SKY :PK WND
================================================================================
1 2 3 4 5 6A 6B 7 8 9 10 11 12 13 14 15 16 17 18
12Z AVG MX 2MIN
DY MAX MIN AVG DEP HDD CDD WTR SNW DPTH SPD SPD DIR MIN PSBL S-S WX SPD DR
================================================================================
1 56 48 52 7 13 0 0.36 M M 11.8 23 200 M M 8 1 33 190
2 51 45 48 3 17 0 0.37 M M 5.7 14 300 M M 10 1 19 310
3 50 42 46 1 19 0 0.09 M M 7.5 17 290 M M 9 18 23 290
4 50 38 44 -1 21 0 0.02 M M 5.0 15 320 M M 9 1 18 320
5 52 34 43 -2 22 0 0.00 M M 4.0 10 280 M M 6 12 13 290
6 52 36 44 -1 21 0 0.00 M M 3.6 10 330 M M 5 12 360
7 49 32 41 -4 24 0 0.00 M M 4.6 13 230 M M 7 1 16 230
8 49 45 47 2 18 0 0.17 M M 8.1 14 290 M M 8 18 19 290
9 54 32 43 -2 22 0 0.00 M M 6.9 18 70 M M 4 12 22 70
10 51 29 40 -6 25 0 0.00 M M 4.0 13 320 M M 1 8 15 330
11 53 35 44 -2 21 0 0.00 M M 4.1 14 250 M M 2 18 270
12 54 32 43 -3 22 0 0.26 M M 12.0 31 170 M M 7 18 45 190
13 50 42 46 0 19 0 0.99 M M 11.5 22 220 M M 10 18 32 240
14 51 47 49 3 16 0 0.52 M M 7.7 20 190 M M 10 1 28 200
15 53 45 49 3 16 0 0.25 M M 11.1 21 230 M M 9 18 30 250
16 53 38 46 0 19 0 0.09 M M 4.3 16 240 M M 6 128 22 240
17 52 39 46 0 19 0 0.04 M M 5.2 17 190 M M 7 18 26 180
18 53 46 50 4 15 0 0.19 M M 7.7 20 190 M M 9 18 33 200
19 52 39 46 0 19 0 0.51 M M 10.0 22 300 M M 7 1 28 200
20 50 39 45 -1 20 0 0.53 M M 6.8 21 200 M M 9 1 25 190
21 52 43 48 2 17 0 2.03 M M 5.4 12 200 M M 10 1 16 200
22 61 48 55 9 10 0 0.09 M M 3.9 10 260 M M 8 128 12 260
23 52 35 44 -3 21 0 0.09 M M 7.9 20 310 M M 8 18 25 220
24 59 31 45 -2 20 0 0.00 M M 6.4 16 80 M M 2 12 21 80
25 50 41 46 -1 19 0 0.00 M M 5.9 18 230 M M 4 24 240
26 52 41 47 0 18 0 0.03 M M 3.8 9 240 M M 9 18 12 240
27 53 44 49 2 16 0 0.00 M M 3.8 10 280 M M 7 18 16 220
28 46 41 44 -3 21 0 0.02 M M 6.5 15 320 M M 10 128 18 320
29 46 39 43 -4 22 0 T M M 5.8 16 240 M M 9 21 240
30 47 35 41 -6 24 0 0.06 M M 7.9 22 300 M M 6 27 290
31 54 30 42 -5 23 0 0.02 M M 5.3 15 290 M M 5 1 20 310
================================================================================
SM 1607 1211 599 0 6.73 M 204.2 M 221
================================================================================
AV 51.8 39.1 6.6 FASTST M M 7 MAX(MPH)
MISC ----> 31 170 45 190
================================================================================
NOTES:
# LAST OF SEVERAL OCCURRENCES
COLUMN 17 PEAK WIND IN M.P.H.
PRELIMINARY LOCAL CLIMATOLOGICAL DATA (WS FORM: F-6) , PAGE 2
STATION: ASTORIA OR
MONTH: MARCH
YEAR: 2022
LATITUDE: 46 9 N
LONGITUDE: 123 53 W
[TEMPERATURE DATA] [PRECIPITATION DATA] SYMBOLS USED IN COLUMN 16
AVERAGE MONTHLY: 45.5 TOTAL FOR MONTH: 6.73 1 = FOG OR MIST
DPTR FM NORMAL: -0.5 DPTR FM NORMAL: -1.17 2 = FOG REDUCING VISIBILITY
HIGHEST: 61 ON 22 GRTST 24HR 2.13 ON 20-21 TO 1/4 MILE OR LESS
LOWEST: 29 ON 10 3 = THUNDER
SNOW, ICE PELLETS, HAIL 4 = ICE PELLETS
TOTAL MONTH: M 5 = HAIL
GRTST 24HR M ON M 6 = FREEZING RAIN OR DRIZZLE
GRTST DEPTH: M ON M 7 = DUSTSTORM OR SANDSTORM:
VSBY 1/2 MILE OR LESS
8 = SMOKE OR HAZE
[NO. OF DAYS WITH] [WEATHER - DAYS WITH] 9 = BLOWING SNOW
X = TORNADO
MAX 32 OR BELOW: 0 0.01 INCH OR MORE: 21
MAX 90 OR ABOVE: 0 0.10 INCH OR MORE: 11
MIN 32 OR BELOW: 6 0.50 INCH OR MORE: 5
MIN 0 OR BELOW: 0 1.00 INCH OR MORE: 1
[HDD (BASE 65) ]
TOTAL THIS MO. 599 CLEAR (SCALE 0-3) 3
DPTR FM NORMAL 10 PTCLDY (SCALE 4-7) 14
TOTAL FM JUL 1 3785 CLOUDY (SCALE 8-10) 14
DPTR FM NORMAL -92
[CDD (BASE 65) ]
TOTAL THIS MO. 0
DPTR FM NORMAL 0 [PRESSURE DATA]
TOTAL FM JAN 1 0 HIGHEST SLP 30.57 ON 7
DPTR FM NORMAL 0 LOWEST SLP 29.64 ON 12
[REMARKS]
#FINAL-03-22#