000
CXUS56 KPQR 021107
CF6AST
PRELIMINARY LOCAL CLIMATOLOGICAL DATA (WS FORM: F-6)
STATION: ASTORIA OR
MONTH: JUNE
YEAR: 2021
LATITUDE: 46 9 N
LONGITUDE: 123 53 W
TEMPERATURE IN F: :PCPN: SNOW: WIND :SUNSHINE: SKY :PK WND
================================================================================
1 2 3 4 5 6A 6B 7 8 9 10 11 12 13 14 15 16 17 18
12Z AVG MX 2MIN
DY MAX MIN AVG DEP HDD CDD WTR SNW DPTH SPD SPD DIR MIN PSBL S-S WX SPD DR
================================================================================
1 80 52 66 10 0 1 0.00 M M 6.9 21 310 M M 0 25 320
2 71 54 63 7 2 0 0.00 M M 6.6 15 300 M M 3 18 300
3 64 53 59 3 6 0 T M M 7.9 17 320 M M 9 18 21 310
4 65 48 57 1 8 0 0.00 M M 6.1 13 250 M M 6 18 270
5 60 50 55 -1 10 0 0.23 M M 9.3 21 300 M M 9 1 27 300
6 56 49 53 -3 12 0 0.58 M M 9.7 22 210 M M 9 1 36 210
7 60 44 52 -4 13 0 0.01 M M 6.5 16 260 M M 4 23 260
8 61 43 52 -4 13 0 0.00 M M 5.8 13 280 M M 3 20 270
9 62 43 53 -3 12 0 T M M 5.9 14 260 M M 3 20 210
10 62 49 56 -1 9 0 0.03 M M 7.4 21 230 M M 6 1 27 230
11 59 48 54 -3 11 0 0.28 M M 5.6 22 190 M M 9 1 32 180
12 72 47 60 3 5 0 0.25 M M 5.8 20 200 M M 5 1 29 210
13 61 57 59 2 6 0 0.54 M M 4.7 20 200 M M 10 1 28 210
14 63 55 59 2 6 0 0.00 M M 7.4 21 240 M M 7 1 25 260
15 65 51 58 1 7 0 T M M 9.0 21 240 M M 8 18 30 250
16 69 50 60 3 5 0 0.00 M M 8.5 21 320 M M 2 128 28 320
17 68 48 58 1 7 0 0.00 M M 9.8 20 310 M M 2 25 310
18 64 56 60 2 5 0 0.00 M M 14.2 22 320 M M 6 27 320
19 66 55 61 3 4 0 0.00 M M 10.4 21 300 M M 5 24 300
20 71 56 64 6 1 0 0.00 M M 8.9 22 310 M M 4 28 320
21 72 52 62 4 3 0 0.00 M M 6.8 16 250 M M 2 20 220
22 67 56 62 4 3 0 T M M 7.1 14 300 M M 9 1 18 310
23 66 54 60 2 5 0 T M M 6.0 12 270 M M 8 1 16 280
24 68 56 62 4 3 0 0.00 M M 4.9 12 260 M M 6 16 260
25 83 55 69 11 0 4 0.00 M M 4.7 14 300 M M 4 12 17 320
26 79 57 68 9 0 3 0.00 M M 4.9 15 250 M M 0 17 260
27 101 60 81 22 0 16 0.00 M M 5.0 15 50 M M 0 20 30
28 78 60 69 10 0 4 T M M 12.0 22 250 M M 4 29 220
29 68 60 64 5 1 0 T M M 9.1 18 230 M M 6 25 230
30 68 61 65 6 0 0 T M M 10.0 21 230 M M 10 1 26 230
================================================================================
SM 2049 1579 157 28 1.92 M 226.9 M 159
================================================================================
AV 68.3 52.6 7.6 FASTST M M 5 MAX(MPH)
MISC ----> # 22 210 36 210
================================================================================
NOTES:
# LAST OF SEVERAL OCCURRENCES
COLUMN 17 PEAK WIND IN M.P.H.
PRELIMINARY LOCAL CLIMATOLOGICAL DATA (WS FORM: F-6) , PAGE 2
STATION: ASTORIA OR
MONTH: JUNE
YEAR: 2021
LATITUDE: 46 9 N
LONGITUDE: 123 53 W
[TEMPERATURE DATA] [PRECIPITATION DATA] SYMBOLS USED IN COLUMN 16
AVERAGE MONTHLY: 60.5 TOTAL FOR MONTH: 1.92 1 = FOG OR MIST
DPTR FM NORMAL: 3.2 DPTR FM NORMAL: -0.38 2 = FOG REDUCING VISIBILITY
HIGHEST: 101 ON 27 GRTST 24HR 0.79 ON 12-13 TO 1/4 MILE OR LESS
LOWEST: 43 ON 9, 8 3 = THUNDER
SNOW, ICE PELLETS, HAIL 4 = ICE PELLETS
TOTAL MONTH: M 5 = HAIL
GRTST 24HR M ON M 6 = FREEZING RAIN OR DRIZZLE
GRTST DEPTH: M ON M 7 = DUSTSTORM OR SANDSTORM:
VSBY 1/2 MILE OR LESS
8 = SMOKE OR HAZE
[NO. OF DAYS WITH] [WEATHER - DAYS WITH] 9 = BLOWING SNOW
X = TORNADO
MAX 32 OR BELOW: 0 0.01 INCH OR MORE: 7
MAX 90 OR ABOVE: 1 0.10 INCH OR MORE: 5
MIN 32 OR BELOW: 0 0.50 INCH OR MORE: 2
MIN 0 OR BELOW: 0 1.00 INCH OR MORE: 0
[HDD (BASE 65) ]
TOTAL THIS MO. 157 CLEAR (SCALE 0-3) 9
DPTR FM NORMAL -76 PTCLDY (SCALE 4-7) 13
TOTAL FM JUL 1 4842 CLOUDY (SCALE 8-10) 8
DPTR FM NORMAL -116
[CDD (BASE 65) ]
TOTAL THIS MO. 28
DPTR FM NORMAL 26 [PRESSURE DATA]
TOTAL FM JAN 1 28 HIGHEST SLP 30.36 ON 16
DPTR FM NORMAL 24 LOWEST SLP 29.68 ON 28
[REMARKS]
#FINAL-06-21#