000
CXUS56 KPQR 011710
CF6AST
PRELIMINARY LOCAL CLIMATOLOGICAL DATA (WS FORM: F-6)
STATION: ASTORIA OR
MONTH: NOVEMBER
YEAR: 2020
LATITUDE: 46 9 N
LONGITUDE: 123 53 W
TEMPERATURE IN F: :PCPN: SNOW: WIND :SUNSHINE: SKY :PK WND
================================================================================
1 2 3 4 5 6A 6B 7 8 9 10 11 12 13 14 15 16 17 18
12Z AVG MX 2MIN
DY MAX MIN AVG DEP HDD CDD WTR SNW DPTH SPD SPD DIR MIN PSBL S-S WX SPD DR
================================================================================
1 64 38 51 1 14 0 0.00 M M 4.0 12 90 M M 0 14 90
2 57 34 46 -3 19 0 0.00 M M 4.1 15 250 M M 3 18 20 240
3 58 44 51 2 14 0 0.54 M M 13.5 26 200 M M 8 1 39 210
4 62 57 60 11 5 0 0.28 M M 19.5 28 180 M M 10 1 38 220
5 58 48 53 4 12 0 0.80 M M 8.3 23 210 M M 10 1 33 210
6 53 37 45 -4 20 0 0.45 M M 7.7 18 80 M M 7 1 24 70
7 51 33 42 -6 23 0 T M M 7.7 21 320 M M 8 1 26 330
8 49 28 39 -9 26 0 0.00 M M 4.9 16 20 M M 0 20 20
9 49 27 38 -10 27 0 0.13 M M 4.9 28 230 M M 7 1 36 230
10 51 37 44 -4 21 0 0.19 M M 7.6 22 300 M M 8 1 30 300
11 50 30 40 -8 25 0 T M M 3.2 9 150 M M 6 12 11 150
12 50 34 42 -6 23 0 0.36 M M 10.4 29 180 M M 8 1 39 180
13 53 42 48 1 17 0 1.21 M M 16.6 36 190 M M 8 138 55 180
14 54 40 47 0 18 0 1.39 M M 10.0 25 190 M M 9 1 37 160
15 55 46 51 4 14 0 0.18 M M 8.1 18 220 M M 9 18 27 210
16 61 47 54 7 11 0 0.83 M M 8.7 32 190 M M 7 1 50 190
17 62 47 55 9 10 0 0.45 M M 14.4 37 190 M M 8 18 56 180
18 50 44 47 1 18 0 1.00 M M 8.0 25 250 M M 9 18 35 260
19 51 37 44 -2 21 0 0.40 M M 6.9 18 200 M M 5 1 26 210
20 53 37 45 -1 20 0 0.06 M M 2.2 10 230 M M 8 18 13 240
21 52 34 43 -3 22 0 0.00 M M 4.7 14 80 M M 4 12 17 90
22 46 35 41 -5 24 0 0.34 M M 3.4 12 10 M M 6 12 15 350
23 52 39 46 1 19 0 0.19 M M 5.2 16 310 M M 8 1 25 230
24 53 39 46 1 19 0 0.57 M M 6.0 24 290 M M 10 1 34 190
25 51 39 45 0 20 0 0.16 M M 6.7 24 290 M M 8 18 29 300
26 50 41 46 1 19 0 0.04 M M 3.7 12 270 M M 10 1 14 260
27 51 38 45 1 20 0 0.06 M M 3.5 7 70 M M 5 1 10 60
28 49 38 44 0 21 0 0.03 M M 6.0 14 20 M M 5 1 17 10
29 56 34 45 1 20 0 T M M 5.4 16 210 M M 1 1 21 210
30 53 33 43 -1 22 0 0.30 M M 10.7 26 250 M M 9 18 37 280
================================================================================
SM 1604 1157 564 0 9.96 M 226.0 M 204
================================================================================
AV 53.5 38.6 7.5 FASTST M M 7 MAX(MPH)
MISC ----> 37 190 56 180
================================================================================
NOTES:
# LAST OF SEVERAL OCCURRENCES
COLUMN 17 PEAK WIND IN M.P.H.
PRELIMINARY LOCAL CLIMATOLOGICAL DATA (WS FORM: F-6) , PAGE 2
STATION: ASTORIA OR
MONTH: NOVEMBER
YEAR: 2020
LATITUDE: 46 9 N
LONGITUDE: 123 53 W
[TEMPERATURE DATA] [PRECIPITATION DATA] SYMBOLS USED IN COLUMN 16
AVERAGE MONTHLY: 46.0 TOTAL FOR MONTH: 9.96 1 = FOG OR MIST
DPTR FM NORMAL: -0.8 DPTR FM NORMAL: -1.19 2 = FOG REDUCING VISIBILITY
HIGHEST: 64 ON 1 GRTST 24HR 1.54 ON 12-13 TO 1/4 MILE OR LESS
LOWEST: 27 ON 9 3 = THUNDER
SNOW, ICE PELLETS, HAIL 4 = ICE PELLETS
TOTAL MONTH: M 5 = HAIL
GRTST 24HR M ON M 6 = FREEZING RAIN OR DRIZZLE
GRTST DEPTH: M ON M 7 = DUSTSTORM OR SANDSTORM:
VSBY 1/2 MILE OR LESS
8 = SMOKE OR HAZE
[NO. OF DAYS WITH] [WEATHER - DAYS WITH] 9 = BLOWING SNOW
X = TORNADO
MAX 32 OR BELOW: 0 0.01 INCH OR MORE: 23
MAX 90 OR ABOVE: 0 0.10 INCH OR MORE: 19
MIN 32 OR BELOW: 3 0.50 INCH OR MORE: 7
MIN 0 OR BELOW: 0 1.00 INCH OR MORE: 3
[HDD (BASE 65) ]
TOTAL THIS MO. 564 CLEAR (SCALE 0-3) 4
DPTR FM NORMAL 18 PTCLDY (SCALE 4-7) 16
TOTAL FM JUL 1 1295 CLOUDY (SCALE 8-10) 10
DPTR FM NORMAL -117
[CDD (BASE 65) ]
TOTAL THIS MO. 0
DPTR FM NORMAL 0 [PRESSURE DATA]
TOTAL FM JAN 1 41 HIGHEST SLP 30.53 ON 30
DPTR FM NORMAL 29 LOWEST SLP 29.22 ON 13
[REMARKS]
#FINAL-11-20#