000
CXUS54 KEWX 011010
CF6ATT
PRELIMINARY LOCAL CLIMATOLOGICAL DATA (WS FORM: F-6)
STATION: AUSTIN CAMP MABRY
MONTH: MARCH
YEAR: 2022
LATITUDE: 30 17 N
LONGITUDE: 97 42 W
TEMPERATURE IN F: :PCPN: SNOW: WIND :SUNSHINE: SKY :PK WND
================================================================================
1 2 3 4 5 6A 6B 7 8 9 10 11 12 13 14 15 16 17 18
12Z AVG MX 2MIN
DY MAX MIN AVG DEP HDD CDD WTR SNW DPTH SPD SPD DIR MIN PSBL S-S WX SPD DR
================================================================================
1 74 35 55 -4 10 0 0.00 0.0 0 1.8 9 130 M M 0 15 120
2 76 42 59 0 6 0 0.00 0.0 0 3.3 10 140 M M 0 17 120
3 80 51 66 6 0 1 0.00 0.0 0 3.1 12 140 M M 0 17 130
4 79 61 70 10 0 5 0.00 0.0 0 6.5 17 140 M M 8 1 28 150
5 82 65 74 14 0 9 0.00 0.0 0 7.2 14 180 M M 9 27 190
6 82 69 76 16 0 11 0.00 0.0 0 7.3 15 150 M M 10 8 31 150
7 73 43 58 -2 7 0 0.05 0.0 0 9.0 17 340 M M 9 32 320
8 55 42 49 -12 16 0 0.01 0.0 0 6.4 12 10 M M 7 22 20
9 62 36 49 -12 16 0 0.00 0.0 0 2.4 9 360 M M 0 18 30
10 74 38 56 -5 9 0 0.00 0.0 0 3.2 12 150 M M 2 19 150
11 63 37 50 -12 15 0 0.04 0.0 0 10.2 20 360 M M 7 36 310
12 58 28 43 -19 22 0 0.00 0.0 0 4.1 15 360 M M 0 31 360
13 68 33 51 -11 14 0 0.00 0.0 0 5.5 15 150 M M 2 26 130
14 82 50 66 4 0 1 0.00 0.0 0 5.4 15 210 M M 3 31 210
15 78 53 66 4 0 1 0.00 0.0 0 6.2 16 340 M M 0 30 320
16 84 44 64 1 1 0 0.00 0.0 0 4.6 14 150 M M 0 26 170
17 72 55 64 1 1 0 0.00 0.0 0 5.0 14 140 M M 8 1 25 150
18 75 50 63 0 2 0 0.00 0.0 0 7.9 18 320 M M 0 37 320
19 80 43 62 -2 3 0 0.00 0.0 0 2.4 10 140 M M 0 17 190
20 80 48 64 0 1 0 0.00 0.0 0 6.6 18 140 M M 1 32 130
21 80 59 70 6 0 5 0.58 0.0 0 8.6 22 170 M M 9 123 48 170
22 66 50 58 -6 7 0 0.02 0.0 0 9.0 18 290 M M 1 3 36 320
23 71 44 58 -6 7 0 0.00 0.0 0 5.0 14 330 M M 0 24 240
24 77 45 61 -4 4 0 0.00 0.0 0 5.0 15 290 M M 0 29 320
25 86 42 64 -1 1 0 0.00 0.0 0 3.1 10 120 M M 0 19 150
26 91 54 73 8 0 8 0.00 0.0 0 5.0 14 210 M M 0 25 160
27 88 58 73 8 0 8 0.00 0.0 0 7.1 14 160 M M 0 28 220
28 87 58 73 7 0 8 0.00 0.0 0 7.9 15 140 M M 1 31 160
29 80 68 74 8 0 9 0.00 0.0 0 11.2 22 160 M M 7 43 140
30 80 57 69 3 0 4 0.29 0.0 0 7.1 18 290 M M 3 1 37 160
31 79 45 62 -4 3 0 0.00 0.0 0 2.7 12 120 M M 0 18 90
================================================================================
SM 2362 1503 145 70 0.99 0.0 179.8 M 87
================================================================================
AV 76.2 48.5 5.8 FASTST M M 3 MAX(MPH)
MISC ----> # 22 160 48 170
================================================================================
NOTES:
# LAST OF SEVERAL OCCURRENCES
COLUMN 17 PEAK WIND IN M.P.H.
PRELIMINARY LOCAL CLIMATOLOGICAL DATA (WS FORM: F-6) , PAGE 2
STATION: AUSTIN CAMP MABRY
MONTH: MARCH
YEAR: 2022
LATITUDE: 30 17 N
LONGITUDE: 97 42 W
[TEMPERATURE DATA] [PRECIPITATION DATA] SYMBOLS USED IN COLUMN 16
AVERAGE MONTHLY: 62.3 TOTAL FOR MONTH: 0.99 1 = FOG OR MIST
DPTR FM NORMAL: -0.5 DPTR FM NORMAL: -1.89 2 = FOG REDUCING VISIBILITY
HIGHEST: 91 ON 26 GRTST 24HR 0.60 ON 21-22 TO 1/4 MILE OR LESS
LOWEST: 28 ON 12 3 = THUNDER
SNOW, ICE PELLETS, HAIL 4 = ICE PELLETS
TOTAL MONTH: 0.0 INCH 5 = HAIL
GRTST 24HR 0.0 6 = FREEZING RAIN OR DRIZZLE
GRTST DEPTH: 0 7 = DUSTSTORM OR SANDSTORM:
VSBY 1/2 MILE OR LESS
8 = SMOKE OR HAZE
[NO. OF DAYS WITH] [WEATHER - DAYS WITH] 9 = BLOWING SNOW
X = TORNADO
MAX 32 OR BELOW: 0 0.01 INCH OR MORE: 6
MAX 90 OR ABOVE: 1 0.10 INCH OR MORE: 2
MIN 32 OR BELOW: 1 0.50 INCH OR MORE: 1
MIN 0 OR BELOW: 0 1.00 INCH OR MORE: 0
[HDD (BASE 65) ]
TOTAL THIS MO. 145 CLEAR (SCALE 0-3) 20
DPTR FM NORMAL 2 PTCLDY (SCALE 4-7) 7
TOTAL FM JUL 1 1281 CLOUDY (SCALE 8-10) 4
DPTR FM NORMAL -123
[CDD (BASE 65) ]
TOTAL THIS MO. 70
DPTR FM NORMAL -3 [PRESSURE DATA]
TOTAL FM JAN 1 86 HIGHEST SLP 30.58 ON 12
DPTR FM NORMAL -21 LOWEST SLP 29.48 ON 21
[REMARKS]
#FINAL-03-22#