000
CXUS54 KEWX 011010
CF6AUS
PRELIMINARY LOCAL CLIMATOLOGICAL DATA (WS FORM: F-6)
STATION: AUSTIN BERGSTROM
MONTH: AUGUST
YEAR: 2021
LATITUDE: 30 13 N
LONGITUDE: 97 40 W
TEMPERATURE IN F: :PCPN: SNOW: WIND :SUNSHINE: SKY :PK WND
================================================================================
1 2 3 4 5 6A 6B 7 8 9 10 11 12 13 14 15 16 17 18
12Z AVG MX 2MIN
DY MAX MIN AVG DEP HDD CDD WTR SNW DPTH SPD SPD DIR MIN PSBL S-S WX SPD DR
================================================================================
1 96 72 84 -2 0 19 1.41 0.0 0 5.3 29 80 M M 3 13 39 80
2 82 71 77 -9 0 12 0.88 0.0 0 3.9 13 340 M M 8 13 18 350
3 90 73 82 -4 0 17 0.00 0.0 0 5.5 15 10 M M 7 24 30
4 88 72 80 -6 0 15 0.00 0.0 0 6.0 14 100 M M 5 22 50
5 81 72 77 -9 0 12 0.05 0.0 0 3.3 15 150 M M 7 19 150
6 89 73 81 -5 0 16 T 0.0 0 4.8 22 180 M M 7 3 31 170
7 91 72 82 -4 0 17 0.00 0.0 0 9.1 21 180 M M 5 28 170
8 93 76 85 -1 0 20 0.00 0.0 0 12.3 22 170 M M 5 32 180
9 94 75 85 -1 0 20 0.00 0.0 0 12.5 22 150 M M 6 35 150
10 94 73 84 -2 0 19 0.00 0.0 0 10.3 20 170 M M 4 1 28 180
11 94 68 81 -5 0 16 0.00 0.0 0 8.8 17 170 M M 4 1 30 130
12 95 72 84 -2 0 19 0.00 0.0 0 7.5 17 140 M M 4 22 170
13 95 70 83 -2 0 18 0.00 0.0 0 5.2 20 140 M M 5 26 140
14 94 70 82 -3 0 17 0.00 0.0 0 3.1 18 30 M M 5 24 20
15 91 70 81 -4 0 16 1.50 0.0 0 4.0 33 10 M M 7 13 45 360
16 93 69 81 -4 0 16 0.00 0.0 0 3.1 13 150 M M 4 18 150
17 92 71 82 -3 0 17 0.26 0.0 0 5.4 18 210 M M 7 24 220
18 93 76 85 0 0 20 T 0.0 0 8.5 21 140 M M 8 3 26 130
19 94 73 84 -1 0 19 0.00 0.0 0 11.0 21 190 M M 4 29 180
20 94 73 84 -1 0 19 0.00 0.0 0 9.2 18 180 M M 4 27 150
21 94 72 83 -1 0 18 0.00 0.0 0 7.8 16 180 M M 3 1 23 170
22 95 70 83 -1 0 18 0.00 0.0 0 5.6 14 180 M M 3 21 150
23 94 68 81 -3 0 16 0.00 0.0 0 5.6 15 190 M M 2 1 22 170
24 95 70 83 -1 0 18 0.00 0.0 0 6.6 15 150 M M 3 20 190
25 95 73 84 0 0 19 0.00 0.0 0 3.7 13 120 M M 2 17 120
26 98 72 85 1 0 20 T 0.0 0 3.8 18 140 M M 4 3 27 150
27 89 72 81 -3 0 16 0.01 0.0 0 3.5 17 150 M M 6 13 22 160
28 93 72 83 0 0 18 0.00 0.0 0 4.1 21 80 M M 6 3 29 80
29 94 71 83 0 0 18 0.00 0.0 0 4.4 14 70 M M 5 1 28 80
30 94 73 84 1 0 19 T 0.0 0 3.0 21 20 M M 5 26 20
31 98 72 85 2 0 20 0.00 0.0 0 4.4 14 180 M M 3 18 170
================================================================================
SM 2872 2226 0 544 4.11 0.0 191.3 M 151
================================================================================
AV 92.6 71.8 6.2 FASTST M M 5 MAX(MPH)
MISC ----> 33 10 45 360
================================================================================
NOTES:
# LAST OF SEVERAL OCCURRENCES
COLUMN 17 PEAK WIND IN M.P.H.
PRELIMINARY LOCAL CLIMATOLOGICAL DATA (WS FORM: F-6) , PAGE 2
STATION: AUSTIN BERGSTROM
MONTH: AUGUST
YEAR: 2021
LATITUDE: 30 13 N
LONGITUDE: 97 40 W
[TEMPERATURE DATA] [PRECIPITATION DATA] SYMBOLS USED IN COLUMN 16
AVERAGE MONTHLY: 82.2 TOTAL FOR MONTH: 4.11 1 = FOG OR MIST
DPTR FM NORMAL: -2.6 DPTR FM NORMAL: 1.64 2 = FOG REDUCING VISIBILITY
HIGHEST: 98 ON 31,26 GRTST 24HR 2.25 ON 1- 2 TO 1/4 MILE OR LESS
LOWEST: 68 ON 23,11 3 = THUNDER
SNOW, ICE PELLETS, HAIL 4 = ICE PELLETS
TOTAL MONTH: 0.0 INCH 5 = HAIL
GRTST 24HR 0.0 6 = FREEZING RAIN OR DRIZZLE
GRTST DEPTH: 0 7 = DUSTSTORM OR SANDSTORM:
VSBY 1/2 MILE OR LESS
8 = SMOKE OR HAZE
[NO. OF DAYS WITH] [WEATHER - DAYS WITH] 9 = BLOWING SNOW
X = TORNADO
MAX 32 OR BELOW: 0 0.01 INCH OR MORE: 6
MAX 90 OR ABOVE: 26 0.10 INCH OR MORE: 4
MIN 32 OR BELOW: 0 0.50 INCH OR MORE: 3
MIN 0 OR BELOW: 0 1.00 INCH OR MORE: 2
[HDD (BASE 65) ]
TOTAL THIS MO. 0 CLEAR (SCALE 0-3) 5
DPTR FM NORMAL 0 PTCLDY (SCALE 4-7) 25
TOTAL FM JUL 1 0 CLOUDY (SCALE 8-10) 1
DPTR FM NORMAL 0
[CDD (BASE 65) ]
TOTAL THIS MO. 544
DPTR FM NORMAL -70 [PRESSURE DATA]
TOTAL FM JAN 1 1941 HIGHEST SLP 30.12 ON 14
DPTR FM NORMAL -375 LOWEST SLP 29.66 ON 31
[REMARKS]
#FINAL-08-21#