000
CXUS51 KBGM 010834
CLSAVP
CLIMATE REPORT
NATIONAL WEATHER SERVICE BINGHAMTON, NY
434 AM EDT THU JUN 01 2023
...................................
...THE AVOCA PA CLIMATE SUMMARY FOR THE SEASON, FROM
3/1/2023 TO 5/31/2023...
CLIMATE NORMAL PERIOD 1991 TO 2020
CLIMATE RECORD PERIOD 1901 TO 2023
WEATHER OBSERVED NORMAL DEPART LAST YEAR`S
VALUE DATE(S) VALUE FROM VALUE DATE(S)
NORMAL
................................................................
TEMPERATURE (F)
RECORD
HIGH 97 05/30/1895
LOW -4 03/19/1967
HIGHEST 91 04/14 58 33 92 05/31
LOWEST 20 03/12 38 -18 17 03/13
AVG. MAXIMUM 62.4 60.3 2.1 61.6
AVG. MINIMUM 39.6 39.3 0.3 41.2
MEAN 51.0 49.8 1.2 51.4
DAYS MAX >= 90 1 0.8 0.2 2
DAYS MAX <= 32 0 3.1 -3.1 2
DAYS MIN <= 32 26 28.9 -2.9 18
DAYS MIN <= 0 0 0.1 -0.1 0
PRECIPITATION (INCHES)
RECORD
MAXIMUM 16.12 1983
MINIMUM 4.89 1995
TOTALS 7.69 9.29 -1.60 13.15
DAILY AVG. 0.08 0.10 -0.02 0.15
DAYS >= .01 34 36.9 -2.9 40
DAYS >= .10 19 21.7 -2.7 25
DAYS >= .50 2 5.6 -3.6 10
DAYS >= 1.00 1 1.6 -0.6 2
GREATEST
24 HR. TOTAL 3.12 04/30 TO 05/01 2.14
SNOWFALL (INCHES)
RECORDS
TOTAL 34.9 1967
24 HR TOTAL 22.1 03/14/2017 TO 03/14/2017
TOTALS 6.0 10.9 -4.9 11.4
SINCE 7/1 21.3 45.1 -23.8 26.8
DAYS >= TRACE 13 5.8 7.2 16
DAYS >= 1.0 2 2.6 -0.6 3
GREATEST
24 HR TOTAL 3.2 03/14 TO 03/15 7.0 03/12 TO 03/12
DEGREE DAYS
HEATING TOTAL 1317 1459 -142 1258
SINCE 7/1 4807 5708 -901 5162
COOLING TOTAL 47 59 -12 79
SINCE 1/1 47 58 -11 79
FREEZE DATES
RECORD
EARLIEST 09/21/1956
LATEST 05/25/1956
EARLIEST 10/18
LATEST 04/30
................................................................
WIND (MPH)
AVERAGE WIND SPEED 6.8
RESULTANT WIND SPEED/DIRECTION 2/310
HIGHEST WIND SPEED/DIRECTION 35/280 DATE 05/01
HIGHEST GUST SPEED/DIRECTION 43/280 DATE 05/01
SKY COVER
POSSIBLE SUNSHINE (PERCENT) MM
AVERAGE SKY COVER 0.42
NUMBER OF DAYS FAIR 43
NUMBER OF DAYS PC 24
NUMBER OF DAYS CLOUDY 25
AVERAGE RH (PERCENT) 59
WEATHER CONDITIONS. NUMBER OF DAYS WITH
THUNDERSTORM 4 MIXED PRECIP 0
HEAVY RAIN 9 RAIN 15
LIGHT RAIN 37 FREEZING RAIN 1
LT FREEZING RAIN 1 HAIL 0
HEAVY SNOW 0 SNOW 2
LIGHT SNOW 12 SLEET 0
FOG 32 FOG W/VIS <= 1/4 MILE 2
HAZE 13
- INDICATES NEGATIVE NUMBERS.
R INDICATES RECORD WAS SET OR TIED.
MM INDICATES DATA IS MISSING.
T INDICATES TRACE AMOUNT.
$$
BJT