000
CXUS53 KLBF 010822
CLMBBW
CLIMATE REPORT
NATIONAL WEATHER SERVICE NORTH PLATTE NE
322 AM CDT SAT JUL 01 2023
...................................
...THE BROKEN BOW CLIMATE SUMMARY FOR THE MONTH OF JUNE 2023...
CLIMATE NORMAL PERIOD 1991 TO 2020
CLIMATE RECORD PERIOD 1894 TO 2023
WEATHER OBSERVED NORMAL DEPART LAST YEAR`S
VALUE DATE(S) VALUE FROM VALUE DATE(S)
NORMAL
................................................................
TEMPERATURE (F)
RECORD
HIGH 107 06/15/1946
06/23/1937
LOW 30 06/04/1954
06/04/1950
HIGHEST 91 06/19 95 -4 103 06/13
LOWEST 45 06/12 40 5 41 06/02
AVG. MAXIMUM 82.2 82.3 -0.1 87.7
AVG. MINIMUM 57.9 58.2 -0.3 58.6
MEAN 70.0 70.3 -0.3 73.1
DAYS MAX >= 90 2 6.3 -4.3 13
DAYS MAX <= 32 0 0.0 0.0 0
DAYS MIN <= 32 0 0.0 0.0 0
DAYS MIN <= 0 0 0.0 0.0 0
PRECIPITATION (INCHES)
RECORD
MAXIMUM 10.33 1975
MINIMUM 0.13 2012
TOTALS 3.07 3.52 -0.45 2.30
DAILY AVG. 0.10 0.12 -0.02 0.08
DAYS >= .01 14 11.8 2.2 11
DAYS >= .10 9 6.6 2.4 5
DAYS >= .50 1 2.0 -1.0 2
DAYS >= 1.00 0 0.8 -0.8 0
GREATEST
24 HR. TOTAL 0.73 06/10 TO 06/11 0.93 06/06 TO 06/07
SNOWFALL (INCHES)
TOTALS MM
SINCE 7/1 MM
SNOWDEPTH AVG. MM
DAYS >= TRACE MM
DAYS >= 1.0 MM
GREATEST
SNOW DEPTH MM
DEGREE DAYS
HEATING TOTAL 12 32 -20 13
SINCE 7/1 6607 6274 333 MM
COOLING TOTAL 169 189 -20 263
SINCE 1/1 220 235 -15 MM
................................................................
WIND (MPH)
AVERAGE WIND SPEED 7.2
HIGHEST WIND SPEED/DIRECTION 33/180 DATE 06/03
HIGHEST GUST SPEED/DIRECTION 49/180 DATE 06/03
AVERAGE RH (PERCENT) 68
WEATHER CONDITIONS. NUMBER OF DAYS WITH
THUNDERSTORM 14 MIXED PRECIP 0
HEAVY RAIN 5 RAIN 2
LIGHT RAIN 15 FREEZING RAIN 0
LT FREEZING RAIN 0 HAIL 0
HEAVY SNOW 0 SNOW 0
LIGHT SNOW 0 SLEET 0
FOG 16 FOG W/VIS <= 1/4 MILE 0
HAZE 4
- INDICATES NEGATIVE NUMBERS.
R INDICATES RECORD WAS SET OR TIED.
MM INDICATES DATA IS MISSING.
T INDICATES TRACE AMOUNT.
$$