000
CXUS51 KBOX 011848
CF6BDL
PRELIMINARY LOCAL CLIMATOLOGICAL DATA (WS FORM: F-6)
STATION: HARTFORD CT
MONTH: APRIL
YEAR: 2020
LATITUDE: 41 55 N
LONGITUDE: 72 41 W
TEMPERATURE IN F: :PCPN: SNOW: WIND :SUNSHINE: SKY :PK WND
================================================================================
1 2 3 4 5 6A 6B 7 8 9 10 11 12 13 14 15 16 17 18
12Z AVG MX 2MIN
DY MAX MIN AVG DEP HDD CDD WTR SNW DPTH SPD SPD DIR MIN PSBL S-S WX SPD DR
================================================================================
1 54 29 42 -2 23 0 0.00 0.0 0 9.8 21 30 M M 7 27 40
2 55 36 46 2 19 0 0.11 0.0 0 16.5 30 360 M M 8 41 360
3 53 41 47 2 18 0 0.09 0.0 0 15.0 29 30 M M 10 1 38 10
4 57 44 51 6 14 0 T 0.0 0 9.9 22 40 M M 9 28 40
5 60 44 52 7 13 0 T 0.0 0 7.7 15 180 M M 9 19 190
6 65 40 53 7 12 0 0.00 0.0 0 9.0 22 300 M M 3 1 28 300
7 66 43 55 9 10 0 0.00 0.0 0 7.6 22 300 M M 6 27 280
8 59 43 51 4 14 0 0.13 0.0 0 6.5 15 270 M M 7 1 19 280
9 52 39 46 -1 19 0 0.47 0.0 0 12.7 36 280 M M 6 13 50 300
10 49 34 42 -5 23 0 T 0.0 0 16.6 33 280 M M 5 8 44 280
11 52 32 42 -6 23 0 0.00 0.0 0 13.8 30 300 M M 4 39 300
12 64 30 47 -1 18 0 0.00 0.0 0 8.1 23 190 M M 5 28 190
13 61 52 57 8 8 0 1.71 0.0 0 15.8 37 190 M M 9 1 50 180
14 59 41 50 1 15 0 0.00 0.0 0 8.5 20 300 M M 6 27 300
15 53 34 44 -5 21 0 T 0.0 0 9.2 23 290 M M 5 29 280
16 48 33 41 -9 24 0 T T 0 11.5 23 310 M M 7 31 320
17 51 27 39 -11 26 0 0.14 T 0 9.3 22 230 M M 6 1 37 220
18 43 32 38 -13 27 0 0.43 2.4 2 7.4 17 10 M M 8 1 21 10
19 64 28 46 -5 19 0 0.00 0.0 0 11.4 25 210 M M 4 35 200
20 55 39 47 -4 18 0 0.00 0.0 0 7.4 15 10 M M 7 19 340
21 52 35 44 -8 21 0 0.61 0.0 0 11.5 30 310 M M 7 13 35 310
22 48 32 40 -12 25 0 T T 0 16.6 32 290 M M 4 42 290
23 53 26 40 -12 25 0 T 0.0 0 6.6 16 270 M M 5 27 200
24 50 38 44 -9 21 0 0.20 0.0 0 7.5 17 360 M M 9 1 22 360
25 67 33 50 -3 15 0 0.00 0.0 0 5.5 17 200 M M 5 1 20 200
26 54 39 47 -6 18 0 0.32 0.0 0 11.4 28 30 M M 10 1 33 30
27 45 37 41 -13 24 0 0.06 0.0 0 14.0 21 360 M M 9 1 30 10
28 62 39 51 -3 14 0 0.02 0.0 0 7.7 18 330 M M 6 27 340
29 64 33 49 -5 16 0 0.00 0.0 0 7.7 18 170 M M 6 22 190
30 55 41 48 -7 17 0 1.10 0.0 0 9.5 21 140 M M 10 1 27 150
================================================================================
SM 1670 1094 560 0 5.39 2.4 311.7 M 202
================================================================================
AV 55.7 36.5 10.4 FASTST M M 7 MAX(MPH)
MISC ----> # 37 190 # 50 300
================================================================================
NOTES:
# LAST OF SEVERAL OCCURRENCES
COLUMN 17 PEAK WIND IN M.P.H.
PRELIMINARY LOCAL CLIMATOLOGICAL DATA (WS FORM: F-6) , PAGE 2
STATION: HARTFORD CT
MONTH: APRIL
YEAR: 2020
LATITUDE: 41 55 N
LONGITUDE: 72 41 W
[TEMPERATURE DATA] [PRECIPITATION DATA] SYMBOLS USED IN COLUMN 16
AVERAGE MONTHLY: 46.1 TOTAL FOR MONTH: 5.39 1 = FOG OR MIST
DPTR FM NORMAL: -3.3 DPTR FM NORMAL: 1.67 2 = FOG REDUCING VISIBILITY
HIGHEST: 67 ON 25 GRTST 24HR 1.71 ON 13-13 TO 1/4 MILE OR LESS
LOWEST: 26 ON 23 3 = THUNDER
SNOW, ICE PELLETS, HAIL 4 = ICE PELLETS
TOTAL MONTH: 2.4 INCHES 5 = HAIL
GRTST 24HR 2.4 ON 18-18 6 = FREEZING RAIN OR DRIZZLE
GRTST DEPTH: 2 ON 18 7 = DUSTSTORM OR SANDSTORM:
VSBY 1/2 MILE OR LESS
8 = SMOKE OR HAZE
[NO. OF DAYS WITH] [WEATHER - DAYS WITH] 9 = BLOWING SNOW
X = TORNADO
MAX 32 OR BELOW: 0 0.01 INCH OR MORE: 13
MAX 90 OR ABOVE: 0 0.10 INCH OR MORE: 10
MIN 32 OR BELOW: 8 0.50 INCH OR MORE: 3
MIN 0 OR BELOW: 0 1.00 INCH OR MORE: 2
[HDD (BASE 65) ]
TOTAL THIS MO. 560 CLEAR (SCALE 0-3) 0
DPTR FM NORMAL 88 PTCLDY (SCALE 4-7) 22
TOTAL FM JUL 1 5240 CLOUDY (SCALE 8-10) 8
DPTR FM NORMAL -513
[CDD (BASE 65) ]
TOTAL THIS MO. 0
DPTR FM NORMAL -6 [PRESSURE DATA]
TOTAL FM JAN 1 0 HIGHEST SLP 30.31 ON 29
DPTR FM NORMAL -6 LOWEST SLP 29.08 ON 9
[REMARKS]
#FINAL-04-20#