000
CXUS51 KOKX 010910
CF6BDR
PRELIMINARY LOCAL CLIMATOLOGICAL DATA (WS FORM: F-6)
STATION: BRIDGEPORT CT
MONTH: JUNE
YEAR: 2023
LATITUDE: 41 10 N
LONGITUDE: 73 8 W
TEMPERATURE IN F: :PCPN: SNOW: WIND :SUNSHINE: SKY :PK WND
================================================================================
1 2 3 4 5 6A 6B 7 8 9 10 11 12 13 14 15 16 17 18
12Z AVG MX 2MIN
DY MAX MIN AVG DEP HDD CDD WTR SNW DPTH SPD SPD DIR MIN PSBL S-S WX SPD DR
================================================================================
1 80 54 67 2 0 2 0.00 0.0 0 4.2 9 150 M M 0 12 220
2 81 61 71 6 0 6 T 0.0 0 4.9 14 60 M M 1 3 19 60
3 69 51 60 -6 5 0 0.00 0.0 0 12.7 20 30 M M 9 25 40
4 65 46 56 -10 9 0 0.00 0.0 0 8.0 17 30 M M 6 22 20
5 75 49 62 -4 3 0 0.00 0.0 0 6.4 17 360 M M 7 24 360
6 75 55 65 -2 0 0 0.18 0.0 0 6.1 21 330 M M 3 38 27 320
7 70 51 61 -6 4 0 0.00 0.0 0 7.1 17 220 M M 6 8 21 210
8 67 51 59 -8 6 0 0.00 0.0 0 3.8 12 180 M M 8 8 14 180
9 68 56 62 -6 3 0 0.04 0.0 0 6.4 21 60 M M 6 3 22 60
10 77 53 65 -3 0 0 0.00 0.0 0 8.7 17 210 M M 2 23 320
11 75 58 67 -1 0 2 0.00 0.0 0 5.2 12 80 M M 2 14 70
12 74 64 69 0 0 4 0.28 0.0 0 8.8 18 100 M M 5 1 25 100
13 78 63 71 2 0 6 T 0.0 0 6.9 17 310 M M 7 23 300
14 74 57 66 -3 0 1 0.30 0.0 0 7.1 18 210 M M 2 13 22 210
15 78 59 69 -1 0 4 0.00 0.0 0 8.3 16 220 M M 3 19 270
16 75 58 67 -3 0 2 0.22 0.0 0 2.4 13 240 M M 4 1 19 230
17 77 62 70 0 0 5 0.01 0.0 0 9.8 26 320 M M 7 3 37 340
18 79 59 69 -1 0 4 0.00 0.0 0 6.7 20 330 M M 5 26 340
19 73 62 68 -3 0 3 0.00 0.0 0 9.8 14 90 M M 2 17 110
20 69 61 65 -6 0 0 0.00 0.0 0 12.0 17 80 M M 6 21 90
21 69 58 64 -8 1 0 0.00 0.0 0 14.7 22 90 M M 2 26 110
22 70 61 66 -6 0 1 T 0.0 0 10.2 18 100 M M 9 23 100
23 70 63 67 -5 0 2 0.02 0.0 0 6.9 14 80 M M 8 12 17 60
24 77 66 72 0 0 7 0.13 0.0 0 6.9 14 190 M M 8 12 18 130
25 78 67 73 0 0 8 0.00 0.0 0 4.8 13 180 M M 5 12 16 120
26 77 68 73 0 0 8 0.02 0.0 0 7.6 16 70 M M 8 138 25 270
27 78 69 74 1 0 9 0.06 0.0 0 6.2 14 190 M M 7 1 17 190
28 81 68 75 2 0 10 0.27 0.0 0 6.3 16 300 M M 7 13 21 300
29 78 63 71 -3 0 6 0.00 0.0 0 6.5 13 190 M M 5 18 16 340
30 80 65 73 -1 0 8 0.00 0.0 0 4.6 12 120 M M 2 18 17 80
================================================================================
SM 2237 1778 31 98 1.53 0.0 220.0 M 152
================================================================================
AV 74.6 59.3 7.3 FASTST M M 5 MAX(MPH)
MISC ----> 26 320 37 340
================================================================================
NOTES:
# LAST OF SEVERAL OCCURRENCES
COLUMN 17 PEAK WIND IN M.P.H.
PRELIMINARY LOCAL CLIMATOLOGICAL DATA (WS FORM: F-6) , PAGE 2
STATION: BRIDGEPORT CT
MONTH: JUNE
YEAR: 2023
LATITUDE: 41 10 N
LONGITUDE: 73 8 W
[TEMPERATURE DATA] [PRECIPITATION DATA] SYMBOLS USED IN COLUMN 16
AVERAGE MONTHLY: 66.9 TOTAL FOR MONTH: 1.53 1 = FOG OR MIST
DPTR FM NORMAL: -2.7 DPTR FM NORMAL: -2.24 2 = FOG REDUCING VISIBILITY
HIGHEST: 81 ON 28, 2 GRTST 24HR 0.30 ON 14-14 TO 1/4 MILE OR LESS
LOWEST: 46 ON 4 3 = THUNDER
SNOW, ICE PELLETS, HAIL 4 = ICE PELLETS
TOTAL MONTH: 0.0 INCH 5 = HAIL
GRTST 24HR 0.0 6 = FREEZING RAIN OR DRIZZLE
GRTST DEPTH: 0 7 = DUSTSTORM OR SANDSTORM:
VSBY 1/2 MILE OR LESS
8 = SMOKE OR HAZE
[NO. OF DAYS WITH] [WEATHER - DAYS WITH] 9 = BLOWING SNOW
X = TORNADO
MAX 32 OR BELOW: 0 0.01 INCH OR MORE: 11
MAX 90 OR ABOVE: 0 0.10 INCH OR MORE: 6
MIN 32 OR BELOW: 0 0.50 INCH OR MORE: 0
MIN 0 OR BELOW: 0 1.00 INCH OR MORE: 0
[HDD (BASE 65) ]
TOTAL THIS MO. 31 CLEAR (SCALE 0-3) 10
DPTR FM NORMAL 6 PTCLDY (SCALE 4-7) 16
TOTAL FM JUL 1 4607 CLOUDY (SCALE 8-10) 4
DPTR FM NORMAL -530
[CDD (BASE 65) ]
TOTAL THIS MO. 98
DPTR FM NORMAL -65 [PRESSURE DATA]
TOTAL FM JAN 1 120 HIGHEST SLP M ON M
DPTR FM NORMAL -73 LOWEST SLP 29.48 ON 14
[REMARKS]
#FINAL-06-23#