000
CXUS51 KOKX 010910
CF6BDR
PRELIMINARY LOCAL CLIMATOLOGICAL DATA (WS FORM: F-6)
STATION: BRIDGEPORT CT
MONTH: OCTOBER
YEAR: 2022
LATITUDE: 41 10 N
LONGITUDE: 73 8 W
TEMPERATURE IN F: :PCPN: SNOW: WIND :SUNSHINE: SKY :PK WND
================================================================================
1 2 3 4 5 6A 6B 7 8 9 10 11 12 13 14 15 16 17 18
12Z AVG MX 2MIN
DY MAX MIN AVG DEP HDD CDD WTR SNW DPTH SPD SPD DIR MIN PSBL S-S WX SPD DR
================================================================================
1 61 52 57 -5 8 0 0.36 0.0 0 13.1 20 30 M M 9 1 26 20
2 60 51 56 -6 9 0 0.00 0.0 0 17.3 26 40 M M 8 34 20
3 55 49 52 -9 13 0 0.12 0.0 0 15.5 22 30 M M 5 28 40
4 56 49 53 -8 12 0 0.16 0.0 0 18.5 25 30 M M 10 1 33 30
5 60 55 58 -2 7 0 0.97 0.0 0 8.6 23 360 M M 9 13 32 360
6 70 52 61 1 4 0 0.00 0.0 0 3.4 13 220 M M 1 1 14 220
7 74 52 63 3 2 0 T 0.0 0 6.8 16 320 M M 3 1 21 360
8 60 42 51 -8 14 0 0.05 0.0 0 8.1 15 350 M M 3 M M
9 64 39 52 -7 13 0 0.00 0.0 0 6.6 18 220 M M 1 25 220
10 68 46 57 -1 8 0 0.00 0.0 0 5.9 15 220 M M 3 18 220
11 67 46 57 -1 8 0 0.00 0.0 0 5.8 13 210 M M 0 15 220
12 69 48 59 1 6 0 0.00 0.0 0 5.5 16 190 M M 0 19 190
13 71 62 67 10 0 2 0.69 0.0 0 10.4 28 180 M M 8 1 41 170
14 67 51 59 2 6 0 0.11 0.0 0 6.9 23 330 M M 5 1 31 320
15 68 43 56 -1 9 0 0.00 0.0 0 5.7 14 230 M M 0 17 200
16 65 48 57 1 8 0 0.00 0.0 0 4.0 12 220 M M 1 16 250
17 66 50 58 2 7 0 0.18 0.0 0 5.8 18 240 M M 7 1 28 210
18 57 44 51 -5 14 0 T 0.0 0 7.5 16 220 M M 5 19 220
19 55 40 48 -7 17 0 0.00 0.0 0 9.4 20 230 M M 2 26 250
20 59 44 52 -3 13 0 0.00 0.0 0 15.0 24 210 M M 0 29 210
21 62 40 51 -3 14 0 0.00 0.0 0 4.6 14 210 M M 0 17 200
22 65 41 53 -1 12 0 0.00 0.0 0 2.4 8 360 M M 0 12 120
23 59 51 55 1 10 0 0.01 0.0 0 10.5 17 40 M M 6 22 50
24 61 53 57 4 8 0 1.10 0.0 0 10.5 16 30 M M 10 1 20 40
25 66 60 63 10 2 0 0.01 0.0 0 9.9 16 70 M M 10 12 20 60
26 69 61 65 12 0 0 0.02 0.0 0 4.4 10 230 M M 8 1 16 20
27 66 46 56 4 9 0 0.00 0.0 0 8.8 23 320 M M 0 32 310
28 58 43 51 -1 14 0 0.00 0.0 0 9.4 17 20 M M 0 22 10
29 58 38 48 -4 17 0 0.00 0.0 0 6.0 14 10 M M 0 17 360
30 60 36 48 -3 17 0 0.00 0.0 0 2.7 8 360 M M 0 12 60
31 63 46 55 4 10 0 T 0.0 0 4.6 12 210 M M 5 13 220
================================================================================
SM 1959 1478 291 2 3.78 0.0 253.6 M 119
================================================================================
AV 63.2 47.7 8.2 FASTST M M 4 MAX(MPH)
MISC ----> 28 180 41 170
================================================================================
NOTES:
# LAST OF SEVERAL OCCURRENCES
COLUMN 17 PEAK WIND IN M.P.H.
PRELIMINARY LOCAL CLIMATOLOGICAL DATA (WS FORM: F-6) , PAGE 2
STATION: BRIDGEPORT CT
MONTH: OCTOBER
YEAR: 2022
LATITUDE: 41 10 N
LONGITUDE: 73 8 W
[TEMPERATURE DATA] [PRECIPITATION DATA] SYMBOLS USED IN COLUMN 16
AVERAGE MONTHLY: 55.4 TOTAL FOR MONTH: 3.78 1 = FOG OR MIST
DPTR FM NORMAL: -1.0 DPTR FM NORMAL: -0.06 2 = FOG REDUCING VISIBILITY
HIGHEST: 74 ON 7 GRTST 24HR 1.10 ON 24-24 TO 1/4 MILE OR LESS
LOWEST: 36 ON 30 3 = THUNDER
SNOW, ICE PELLETS, HAIL 4 = ICE PELLETS
TOTAL MONTH: 0.0 INCH 5 = HAIL
GRTST 24HR 0.0 6 = FREEZING RAIN OR DRIZZLE
GRTST DEPTH: 0 7 = DUSTSTORM OR SANDSTORM:
VSBY 1/2 MILE OR LESS
8 = SMOKE OR HAZE
[NO. OF DAYS WITH] [WEATHER - DAYS WITH] 9 = BLOWING SNOW
X = TORNADO
MAX 32 OR BELOW: 0 0.01 INCH OR MORE: 12
MAX 90 OR ABOVE: 0 0.10 INCH OR MORE: 8
MIN 32 OR BELOW: 0 0.50 INCH OR MORE: 3
MIN 0 OR BELOW: 0 1.00 INCH OR MORE: 1
[HDD (BASE 65) ]
TOTAL THIS MO. 291 CLEAR (SCALE 0-3) 16
DPTR FM NORMAL 9 PTCLDY (SCALE 4-7) 8
TOTAL FM JUL 1 329 CLOUDY (SCALE 8-10) 7
DPTR FM NORMAL 1
[CDD (BASE 65) ]
TOTAL THIS MO. 2
DPTR FM NORMAL -12 [PRESSURE DATA]
TOTAL FM JAN 1 1072 HIGHEST SLP M ON M
DPTR FM NORMAL 118 LOWEST SLP 29.57 ON 17
[REMARKS]
#FINAL-10-22#