000
CXUS55 KBOU 280900
CF6BDU
PRELIMINARY LOCAL CLIMATOLOGICAL DATA (WS FORM: F-6)
STATION: BOULDER AIRPORT
MONTH: MARCH
YEAR: 2024
LATITUDE: 40 2 N
LONGITUDE: 105 14 W
TEMPERATURE IN F: :PCPN: SNOW: WIND :SUNSHINE: SKY :PK WND
================================================================================
1 2 3 4 5 6A 6B 7 8 9 10 11 12 13 14 15 16 17 18
12Z AVG MX 2MIN
DY MAX MIN AVG DEP HDD CDD WTR SNW DPTH SPD SPD DIR MIN PSBL S-S WX SPD DR
================================================================================
1 64 43 54 M 11 0 M M M 8.2 15 230 M M 0 29 290
2 68 34 51 M 14 0 M M M 8.7 16 230 M M 2 30 210
3 48 32 40 M 25 0 M M M 11.4 20 230 M M 6 37 190
4 46 27 37 M 28 0 M M M 5.4 12 120 M M 4 18 120
5 46 25 36 M 29 0 M M M 3.7 10 130 M M 4 18 130
6 61 30 46 M 19 0 M M M 7.3 21 230 M M 4 29 230
7 45 30 38 M 27 0 M M M 4.1 7 70 M M 10 1 M M
8 32 28 30 M 35 0 M M M 2.6 6 40 M M 7 M M
9 54 25 40 M 25 0 M M M 3.5 9 230 M M 0 M M
10 66 30 48 M 17 0 M M M 4.6 13 250 M M 0 18 270
11 64 36 50 M 15 0 M M M 4.6 10 260 M M 1 24 190
12 59 36 48 M 17 0 M M M 5.8 13 10 M M 3 23 260
13 48 32 40 M 25 0 M M M 4.7 12 10 M M 9 17 20
14 34 32 33 M 32 0 M M M 4.2 8 340 M M 10 M M
15 41 30 36 M 29 0 M M M 1.8 10 360 M M 6 1 M M
16 48 30 39 M 26 0 M M M 4.4 8 30 M M 4 M M
17 46 36 41 M 24 0 M M M 2.2 6 210 M M 8 M M
18 55 30 43 M 22 0 M M M 3.5 9 220 M M 0 M M
19 63 36 50 M 15 0 M M M 4.1 8 150 M M 0 M M
20 59 36 48 M 17 0 M M M 3.5 9 250 M M 0 M M
21 64 34 49 M 16 0 M M M 4.3 16 300 M M 0 25 300
22 64 32 48 M 17 0 M M M 3.8 15 270 M M 0 20 270
23 61 34 48 M 17 0 M M M 2.8 8 330 M M 2 M M
24 57 25 41 M 24 0 M M M 4.2 15 20 M M 5 3 27 350
25 32 19 26 M 39 0 M M M 3.0 6 60 M M 7 1 M M
26 43 19 31 M 34 0 M M M 1.1 5 210 M M 2 M M
27 54 28 41 M 24 0 M M M 4.0 18 270 M M 0 24 270
================================================================================
SM 1422 829 623 0 M M 121.7 M 94
================================================================================
AV 52.7 30.7 4.5 FASTST M M 3 MAX(MPH)
MISC ----> 21 230 37 190
================================================================================
NOTES:
# LAST OF SEVERAL OCCURRENCES
COLUMN 17 PEAK WIND IN M.P.H.
PRELIMINARY LOCAL CLIMATOLOGICAL DATA (WS FORM: F-6) , PAGE 2
STATION: BOULDER AIRPORT
MONTH: MARCH
YEAR: 2024
LATITUDE: 40 2 N
LONGITUDE: 105 14 W
[TEMPERATURE DATA] [PRECIPITATION DATA] SYMBOLS USED IN COLUMN 16
AVERAGE MONTHLY: 41.7 TOTAL FOR MONTH: M 1 = FOG OR MIST
DPTR FM NORMAL: 0.0 DPTR FM NORMAL: M 2 = FOG REDUCING VISIBILITY
HIGHEST: 68 ON 2 GRTST 24HR M ON M TO 1/4 MILE OR LESS
LOWEST: 19 ON 25,26 3 = THUNDER
SNOW, ICE PELLETS, HAIL 4 = ICE PELLETS
TOTAL MONTH: M 5 = HAIL
GRTST 24HR M ON M 6 = FREEZING RAIN OR DRIZZLE
GRTST DEPTH: M ON M 7 = DUSTSTORM OR SANDSTORM:
VSBY 1/2 MILE OR LESS
8 = SMOKE OR HAZE
[NO. OF DAYS WITH] [WEATHER - DAYS WITH] 9 = BLOWING SNOW
X = TORNADO
MAX 32 OR BELOW: 2 0.01 INCH OR MORE: 0
MAX 90 OR ABOVE: 0 0.10 INCH OR MORE: 0
MIN 32 OR BELOW: 18 0.50 INCH OR MORE: 0
MIN 0 OR BELOW: 0 1.00 INCH OR MORE: 0
[HDD (BASE 65) ]
TOTAL THIS MO. 623 CLEAR (SCALE 0-3) 13
DPTR FM NORMAL M PTCLDY (SCALE 4-7) 10
TOTAL FM JUL 1 4284 CLOUDY (SCALE 8-10) 4
DPTR FM NORMAL M
[CDD (BASE 65) ]
TOTAL THIS MO. 0
DPTR FM NORMAL M [PRESSURE DATA]
TOTAL FM JAN 1 0 HIGHEST SLP M ON M
DPTR FM NORMAL M LOWEST SLP M ON M
[REMARKS]