000
CXUS53 KIWX 010910
CF6BEH
PRELIMINARY LOCAL CLIMATOLOGICAL DATA (WS FORM: F-6)
STATION: BENTON HARBOR
MONTH: JANUARY
YEAR: 2022
LATITUDE: 42 7 N
LONGITUDE: 86 26 W
TEMPERATURE IN F: :PCPN: SNOW: WIND :SUNSHINE: SKY :PK WND
================================================================================
1 2 3 4 5 6A 6B 7 8 9 10 11 12 13 14 15 16 17 18
12Z AVG MX 2MIN
DY MAX MIN AVG DEP HDD CDD WTR SNW DPTH SPD SPD DIR MIN PSBL S-S WX SPD DR
================================================================================
1 43 23 33 5 32 0 0.18 M M 6.7 15 40 M M 10 18 25 20
2 27 19 23 -5 42 0 0.04 M M 5.7 14 60 M M 10 18 25 70
3 26 19 23 -5 42 0 0.00 M M 8.2 16 260 M M 5 21 260
4 36 20 28 0 37 0 0.00 M M 10.6 18 150 M M 0 33 170
5 37 16 27 -1 38 0 0.04 M M 23.8 36 260 M M 10 128 54 250
6 22 14 18 -10 47 0 0.06 M M 13.8 24 280 M M 10 128 35 280
7 22 5 14 -14 51 0 0.03 M M 12.8 23 300 M M 9 128 32 280
8 34 5 20 -7 45 0 T M M 9.5 17 180 M M 5 168 28 150
9 37 19 28 1 37 0 0.00 M M 14.2 25 300 M M 7 1 42 310
10 20 15 18 -9 47 0 T M M 12.5 22 280 M M 10 8 32 280
11 35 11 23 -4 42 0 T M M 12.3 25 240 M M 4 18 36 250
12 39 30 35 8 30 0 0.00 M M 8.5 28 240 M M 5 8 37 250
13 39 28 34 7 31 0 0.00 M M 2.1 8 10 M M 9 18 13 40
14 34 19 27 0 38 0 0.00 M M 7.4 16 90 M M 10 18 24 90
15 23 12 18 -9 47 0 0.00 M M 8.2 16 110 M M 3 22 110
16 29 6 18 -8 47 0 0.00 M M 2.6 8 310 M M 1 12 300
17 31 21 26 0 39 0 T M M 10.2 20 270 M M 10 28 340
18 44 25 35 9 30 0 0.00 M M 13.1 22 210 M M 7 8 39 210
19 44 21 33 7 32 0 T M M 13.1 29 240 M M 8 8 40 230
20 24 16 20 -6 45 0 0.10 M M 3.2 15 60 M M 10 18 24 350
21 23 5 14 -12 51 0 0.00 M M 5.1 10 180 M M 4 8 15 170
22 30 14 22 -4 43 0 T M M 14.1 25 260 M M 6 8 35 240
23 25 18 22 -4 43 0 0.18 M M 5.9 20 280 M M 9 18 26 270
24 28 14 21 -5 44 0 0.05 M M 8.4 16 300 M M 10 18 26 320
25 25 14 20 -6 45 0 0.01 M M 9.8 18 290 M M 10 18 27 300
26 17 3 10 -16 55 0 T M M 9.3 18 240 M M 6 18 23 270
27 33 6 20 -6 45 0 T M M 11.4 23 250 M M 8 32 240
28 25 10 18 -8 47 0 T M M 6.6 14 80 M M 5 19 50
29 20 9 15 -11 50 0 T M M 6.6 16 250 M M 8 20 270
30 31 5 18 -8 47 0 0.00 M M 3.1 9 140 M M 6 1 12 340
31 32 26 29 3 36 0 0.00 M M 7.7 17 140 M M 7 8 25 140
================================================================================
SM 935 468 1305 0 0.69 M 286.5 M 222
================================================================================
AV 30.2 15.1 9.2 FASTST M M 7 MAX(MPH)
MISC ----> 36 260 54 250
================================================================================
NOTES:
# LAST OF SEVERAL OCCURRENCES
COLUMN 17 PEAK WIND IN M.P.H.
PRELIMINARY LOCAL CLIMATOLOGICAL DATA (WS FORM: F-6) , PAGE 2
STATION: BENTON HARBOR
MONTH: JANUARY
YEAR: 2022
LATITUDE: 42 7 N
LONGITUDE: 86 26 W
[TEMPERATURE DATA] [PRECIPITATION DATA] SYMBOLS USED IN COLUMN 16
AVERAGE MONTHLY: 22.6 TOTAL FOR MONTH: 0.69 1 = FOG OR MIST
DPTR FM NORMAL: -4.3 DPTR FM NORMAL: -1.30 2 = FOG REDUCING VISIBILITY
HIGHEST: 44 ON 19,18 GRTST 24HR 0.26 ON 1- 1 TO 1/4 MILE OR LESS
LOWEST: 3 ON 26 3 = THUNDER
SNOW, ICE PELLETS, HAIL 4 = ICE PELLETS
TOTAL MONTH: M 5 = HAIL
GRTST 24HR M ON M 6 = FREEZING RAIN OR DRIZZLE
GRTST DEPTH: M ON M 7 = DUSTSTORM OR SANDSTORM:
VSBY 1/2 MILE OR LESS
8 = SMOKE OR HAZE
[NO. OF DAYS WITH] [WEATHER - DAYS WITH] 9 = BLOWING SNOW
X = TORNADO
MAX 32 OR BELOW: 19 0.01 INCH OR MORE: 9
MAX 90 OR ABOVE: 0 0.10 INCH OR MORE: 3
MIN 32 OR BELOW: 31 0.50 INCH OR MORE: 0
MIN 0 OR BELOW: 0 1.00 INCH OR MORE: 0
[HDD (BASE 65) ]
TOTAL THIS MO. 1305 CLEAR (SCALE 0-3) 2
DPTR FM NORMAL 123 PTCLDY (SCALE 4-7) 15
TOTAL FM JUL 1 3107 CLOUDY (SCALE 8-10) 14
DPTR FM NORMAL -343
[CDD (BASE 65) ]
TOTAL THIS MO. 0
DPTR FM NORMAL 0 [PRESSURE DATA]
TOTAL FM JAN 1 0 HIGHEST SLP 30.63 ON 21
DPTR FM NORMAL 0 LOWEST SLP 29.48 ON 5
[REMARKS]
#FINAL-01-22#