000
CXAK56 PAFC 010947
CF6BET
PRELIMINARY LOCAL CLIMATOLOGICAL DATA (WS FORM: F-6)
STATION: BETHEL
MONTH: OCTOBER
YEAR: 2022
LATITUDE: 60 46 N
LONGITUDE: 161 48 W
TEMPERATURE IN F: :PCPN: SNOW: WIND :SUNSHINE: SKY :PK WND
================================================================================
1 2 3 4 5 6A 6B 7 8 9 10 11 12 13 14 15 16 17 18
12Z AVG MX 2MIN
DY MAX MIN AVG DEP HDD CDD WTR SNW DPTH SPD SPD DIR MIN PSBL S-S WX SPD DR
================================================================================
1 49 32 41 2 24 0 T M M 5.6 10 100 M M 6 14 100
2 54 37 46 7 19 0 0.01 M M 6.6 15 60 M M 7 19 60
3 49 36 43 5 22 0 0.08 M M 6.8 13 50 M M 8 1 16 60
4 54 43 49 11 16 0 0.01 M M 8.9 20 340 M M 5 23 320
5 49 36 43 5 22 0 0.00 M M 9.8 22 340 M M 6 1 25 340
6 47 34 41 4 24 0 0.10 M M 15.2 28 170 M M 10 12 35 180
7 46 28 37 0 28 0 T M M 6.3 13 160 M M 3 1 16 170
8 40 33 37 1 28 0 T M M 11.5 25 330 M M 8 32 330
9 42 27 35 -1 30 0 T M M 10.1 18 250 M M 6 23 210
10 38 30 34 -1 31 0 T M M 11.2 24 330 M M 8 1 28 320
11 44 26 35 0 30 0 T M M 7.3 15 200 M M 6 12 19 190
12 42 30 36 2 29 0 0.06 M M 8.2 15 160 M M 6 1 19 150
13 41 25 33 -1 32 0 T M M 5.6 14 40 M M 5 12 18 70
14 40 26 33 0 32 0 0.00 M M 14.3 23 50 M M 3 28 40
15 32 28 30 -3 35 0 0.05 M M 15.2 24 30 M M 9 16 32 40
16 37 30 34 2 31 0 0.14 M M 6.8 18 150 M M 10 16 24 150
17 42 27 35 3 30 0 T M M 7.0 16 150 M M 8 1 20 150
18 40 26 33 2 32 0 0.00 M M 6.9 15 60 M M 5 1 19 60
19 40 24 32 1 33 0 T M M 9.5 33 140 M M 7 12 43 140
20 42 32 37 7 28 0 0.07 M M 11.0 21 170 M M 6 1 24 170
21 42 30 36 6 29 0 0.01 M M 10.0 17 220 M M 7 22 230
22 33 24 29 0 36 0 T M M 3.5 8 350 M M 7 126 10 50
23 37 24 31 2 34 0 0.19 M M 12.1 25 150 M M 10 16 32 140
24 37 29 33 5 32 0 T M M 10.1 21 310 M M 6 168 27 310
25 40 30 35 7 30 0 0.46 M M 20.7 31 210 M M 10 168 38 220
26 32 24 28 1 37 0 0.02 M M 21.7 37 320 M M 8 1 48 320
27 31 15 23 -4 42 0 0.18 M M 11.4 24 10 M M 5 1 28 20
28 22 15 19 -7 46 0 T M M 13.8 28 40 M M 3 35 40
29 23 11 17 -9 48 0 T M M 10.3 26 10 M M 6 33 10
30 25 16 21 -4 44 0 0.01 M M 11.6 20 300 M M 6 12 24 290
31 21 12 17 -8 48 0 0.00 M M 7.8 13 270 M M 0 17 270
================================================================================
SM 1211 840 982 0 1.39 M 316.8 M 200
================================================================================
AV 39.1 27.1 10.2 FASTST M M 6 MAX(MPH)
MISC ----> 37 320 48 320
================================================================================
NOTES:
# LAST OF SEVERAL OCCURRENCES
COLUMN 17 PEAK WIND IN M.P.H.
PRELIMINARY LOCAL CLIMATOLOGICAL DATA (WS FORM: F-6) , PAGE 2
STATION: BETHEL
MONTH: OCTOBER
YEAR: 2022
LATITUDE: 60 46 N
LONGITUDE: 161 48 W
[TEMPERATURE DATA] [PRECIPITATION DATA] SYMBOLS USED IN COLUMN 16
AVERAGE MONTHLY: 33.1 TOTAL FOR MONTH: 1.39 1 = FOG OR MIST
DPTR FM NORMAL: 0.9 DPTR FM NORMAL: -0.45 2 = FOG REDUCING VISIBILITY
HIGHEST: 54 ON 4, 2 GRTST 24HR 0.46 ON 25-25 TO 1/4 MILE OR LESS
LOWEST: 11 ON 29 3 = THUNDER
SNOW, ICE PELLETS, HAIL 4 = ICE PELLETS
TOTAL MONTH: M 5 = HAIL
GRTST 24HR M ON M 6 = FREEZING RAIN OR DRIZZLE
GRTST DEPTH: M ON M 7 = DUSTSTORM OR SANDSTORM:
VSBY 1/2 MILE OR LESS
8 = SMOKE OR HAZE
[NO. OF DAYS WITH] [WEATHER - DAYS WITH] 9 = BLOWING SNOW
X = TORNADO
MAX 32 OR BELOW: 7 0.01 INCH OR MORE: 14
MAX 90 OR ABOVE: 0 0.10 INCH OR MORE: 5
MIN 32 OR BELOW: 25 0.50 INCH OR MORE: 0
MIN 0 OR BELOW: 0 1.00 INCH OR MORE: 0
[HDD (BASE 65) ]
TOTAL THIS MO. 982 CLEAR (SCALE 0-3) 4
DPTR FM NORMAL -36 PTCLDY (SCALE 4-7) 22
TOTAL FM JUL 1 2192 CLOUDY (SCALE 8-10) 5
DPTR FM NORMAL -10
[CDD (BASE 65) ]
TOTAL THIS MO. 0
DPTR FM NORMAL 0 [PRESSURE DATA]
TOTAL FM JAN 1 8 HIGHEST SLP M ON M
DPTR FM NORMAL 2 LOWEST SLP 28.68 ON 25
[REMARKS]
#FINAL-10-22#