000
CXUS51 KCTP 010800
CF6BFD
PRELIMINARY LOCAL CLIMATOLOGICAL DATA (WS FORM: F-6)
STATION: BRADFORD
MONTH: MARCH
YEAR: 2022
LATITUDE: 41 47 N
LONGITUDE: 78 38 W
TEMPERATURE IN F: :PCPN: SNOW: WIND :SUNSHINE: SKY :PK WND
================================================================================
1 2 3 4 5 6A 6B 7 8 9 10 11 12 13 14 15 16 17 18
12Z AVG MX 2MIN
DY MAX MIN AVG DEP HDD CDD WTR SNW DPTH SPD SPD DIR MIN PSBL S-S WX SPD DR
================================================================================
1 48 32 40 12 25 0 T M M 9.2 20 320 M M 8 28 250
2 45 25 35 7 30 0 0.10 M M 8.1 17 320 M M 5 8 22 230
3 36 10 23 -6 42 0 0.01 M M 11.4 26 320 M M 8 8 41 290
4 33 2 18 -11 47 0 0.00 M M 2.7 12 300 M M 0 8 18 300
5 50 19 35 6 30 0 T M M 8.1 15 140 M M 1 21 140
6 68 40 54 24 11 0 0.15 M M 10.5 23 250 M M 7 39 230
7 57 28 43 13 22 0 1.09 M M 10.8 36 280 M M 8 1 54 270
8 35 26 31 1 34 0 T M M 9.2 26 300 M M 7 8 38 310
9 34 23 29 -2 36 0 0.21 M M 3.9 12 310 M M 6 12 15 310
10 40 15 28 -3 37 0 0.00 M M 3.0 10 290 M M 2 12 14 290
11 48 24 36 5 29 0 0.04 M M 5.8 17 330 M M 6 1 29 220
12 28 11 20 -12 45 0 0.03 M M 17.9 32 310 M M 10 189 44 320
13 30 12 21 -11 44 0 T M M 9.9 21 290 M M 10 18 29 280
14 50 17 34 2 31 0 0.00 M M 6.2 17 200 M M 2 25 200
15 56 35 46 14 19 0 T M M 5.4 17 220 M M 6 25 220
16 64 28 46 13 19 0 0.00 M M 4.0 14 200 M M 2 18 21 200
17 70 41 56 23 9 0 0.00 M M 5.1 12 280 M M 3 8 17 310
18 71 33 52 18 13 0 0.58 M M 4.2 15 150 M M 2 138 25 140
19 61 46 54 20 11 0 0.23 M M 8.5 20 220 M M 9 123 32 210
20 46 37 42 8 23 0 0.01 M M 12.1 23 300 M M 7 31 300
21 58 27 43 8 22 0 T M M 7.0 23 290 M M 3 32 290
22 51 36 44 9 21 0 0.00 M M 6.3 17 110 M M 4 23 100
23 48 39 44 9 21 0 0.25 M M 15.2 29 120 M M 8 3 38 150
24 62 45 54 18 11 0 0.08 M M 8.6 20 320 M M 6 26 200
25 46 36 41 5 24 0 0.22 M M 6.8 12 240 M M 9 1 22 220
26 42 31 37 1 28 0 0.08 M M 10.4 24 290 M M 9 8 30 300
27 31 17 24 -13 41 0 0.01 M M 13.8 29 300 M M 10 8 42 300
28 19 14 17 -20 48 0 T M M 15.1 31 300 M M 10 8 41 300
29 35 12 24 -14 41 0 T M M 7.9 17 320 M M 5 8 29 320
30 50 21 36 -2 29 0 0.03 M M 10.5 18 150 M M 3 6 28 150
31 69 42 56 18 9 0 0.66 M M 11.6 20 320 M M 7 3 35 200
================================================================================
SM 1481 824 852 0 3.78 M 269.2 M 183
================================================================================
AV 47.8 26.6 8.7 FASTST M M 6 MAX(MPH)
MISC ----> 36 280 54 270
================================================================================
NOTES:
# LAST OF SEVERAL OCCURRENCES
COLUMN 17 PEAK WIND IN M.P.H.
PRELIMINARY LOCAL CLIMATOLOGICAL DATA (WS FORM: F-6) , PAGE 2
STATION: BRADFORD
MONTH: MARCH
YEAR: 2022
LATITUDE: 41 47 N
LONGITUDE: 78 38 W
[TEMPERATURE DATA] [PRECIPITATION DATA] SYMBOLS USED IN COLUMN 16
AVERAGE MONTHLY: 37.2 TOTAL FOR MONTH: 3.78 1 = FOG OR MIST
DPTR FM NORMAL: 4.2 DPTR FM NORMAL: 0.74 2 = FOG REDUCING VISIBILITY
HIGHEST: 71 ON 18 GRTST 24HR 1.09 ON 7- 7 TO 1/4 MILE OR LESS
LOWEST: 2 ON 4 3 = THUNDER
SNOW, ICE PELLETS, HAIL 4 = ICE PELLETS
TOTAL MONTH: M 5 = HAIL
GRTST 24HR M ON M 6 = FREEZING RAIN OR DRIZZLE
GRTST DEPTH: M ON M 7 = DUSTSTORM OR SANDSTORM:
VSBY 1/2 MILE OR LESS
8 = SMOKE OR HAZE
[NO. OF DAYS WITH] [WEATHER - DAYS WITH] 9 = BLOWING SNOW
X = TORNADO
MAX 32 OR BELOW: 4 0.01 INCH OR MORE: 17
MAX 90 OR ABOVE: 0 0.10 INCH OR MORE: 9
MIN 32 OR BELOW: 20 0.50 INCH OR MORE: 3
MIN 0 OR BELOW: 0 1.00 INCH OR MORE: 1
[HDD (BASE 65) ]
TOTAL THIS MO. 852 CLEAR (SCALE 0-3) 8
DPTR FM NORMAL -140 PTCLDY (SCALE 4-7) 14
TOTAL FM JUL 1 5534 CLOUDY (SCALE 8-10) 9
DPTR FM NORMAL -658
[CDD (BASE 65) ]
TOTAL THIS MO. 0
DPTR FM NORMAL 0 [PRESSURE DATA]
TOTAL FM JAN 1 0 HIGHEST SLP 30.51 ON 4
DPTR FM NORMAL 0 LOWEST SLP 29.31 ON 31
[REMARKS]
#FINAL-03-22#