000
CXUS51 KCTP 010900
CF6BFD
PRELIMINARY LOCAL CLIMATOLOGICAL DATA (WS FORM: F-6)
STATION: BRADFORD
MONTH: JANUARY
YEAR: 2021
LATITUDE: 41 47 N
LONGITUDE: 78 38 W
TEMPERATURE IN F: :PCPN: SNOW: WIND :SUNSHINE: SKY :PK WND
================================================================================
1 2 3 4 5 6A 6B 7 8 9 10 11 12 13 14 15 16 17 18
12Z AVG MX 2MIN
DY MAX MIN AVG DEP HDD CDD WTR SNW DPTH SPD SPD DIR MIN PSBL S-S WX SPD DR
================================================================================
1 36 11 24 2 41 0 0.23 M M 11.0 23 150 M M 6 68 31 150
2 41 32 37 15 28 0 0.14 M M 8.2 22 300 M M 10 18 30 290
3 35 32 34 12 31 0 0.10 M M 7.5 16 150 M M 10 168 23 150
4 34 32 33 12 32 0 T M M 3.0 10 310 M M 10 18 13 300
5 34 31 33 12 32 0 0.03 M M 4.1 13 340 M M 10 18 16 320
6 31 29 30 9 35 0 T M M 11.3 20 330 M M 10 8 25 320
7 31 23 27 6 38 0 T M M 8.1 16 340 M M 10 21 340
8 30 20 25 4 40 0 0.00 M M 6.0 12 340 M M 5 8 14 330
9 35 14 25 4 40 0 0.00 M M 8.6 17 320 M M 1 21 350
10 35 18 27 6 38 0 0.00 M M 3.9 10 310 M M 3 18 12 290
11 38 17 28 7 37 0 0.00 M M 4.3 14 270 M M 6 8 22 280
12 30 27 29 8 36 0 0.00 M M 5.3 10 240 M M 10 8 16 230
13 37 26 32 11 33 0 0.00 M M 7.4 15 230 M M 7 8 23 210
14 38 28 33 12 32 0 0.03 M M 3.3 8 220 M M 7 128 14 220
15 41 28 35 14 30 0 0.12 M M 12.4 24 140 M M 5 18 37 120
16 34 18 26 5 39 0 0.02 M M 5.9 20 280 M M 8 18 27 270
17 34 28 31 10 34 0 0.10 M M 7.9 17 280 M M 10 68 23 260
18 32 28 30 9 35 0 0.07 M M 6.3 14 260 M M 10 8 19 240
19 31 26 29 8 36 0 0.01 M M 7.7 17 280 M M 10 8 27 250
20 28 18 23 2 42 0 0.06 M M 10.4 21 310 M M 10 8 28 310
21 38 18 28 7 37 0 0.01 M M 9.7 17 280 M M 7 30 240
22 34 19 27 6 38 0 0.04 M M 11.5 22 310 M M 10 8 30 270
23 21 16 19 -2 46 0 T M M 12.5 24 320 M M 10 8 35 330
24 28 8 18 -3 47 0 T M M 3.3 14 330 M M 8 17 340
25 34 14 24 3 41 0 0.00 M M 4.1 15 140 M M 5 20 140
26 37 29 33 12 32 0 0.17 M M 11.3 20 290 M M 10 168 27 160
27 31 18 25 3 40 0 T M M 10.1 20 290 M M 10 68 29 290
28 20 14 17 -5 48 0 T M M 14.6 24 310 M M 10 8 31 290
29 21 14 18 -4 47 0 0.01 M M 15.0 30 310 M M 10 89 43 300
30 27 13 20 -2 45 0 T M M 4.7 16 330 M M 7 8 19 320
31 28 19 24 2 41 0 0.03 M M 11.8 18 110 M M 10 8 25 110
================================================================================
SM 1004 668 1171 0 1.17 M 251.2 M 255
================================================================================
AV 32.4 21.5 8.1 FASTST M M 8 MAX(MPH)
MISC ----> 30 310 43 300
================================================================================
NOTES:
# LAST OF SEVERAL OCCURRENCES
COLUMN 17 PEAK WIND IN M.P.H.
PRELIMINARY LOCAL CLIMATOLOGICAL DATA (WS FORM: F-6) , PAGE 2
STATION: BRADFORD
MONTH: JANUARY
YEAR: 2021
LATITUDE: 41 47 N
LONGITUDE: 78 38 W
[TEMPERATURE DATA] [PRECIPITATION DATA] SYMBOLS USED IN COLUMN 16
AVERAGE MONTHLY: 27.0 TOTAL FOR MONTH: 1.17 1 = FOG OR MIST
DPTR FM NORMAL: 5.7 DPTR FM NORMAL: -2.12 2 = FOG REDUCING VISIBILITY
HIGHEST: 41 ON 15, 2 GRTST 24HR 0.39 ON 3- 3 TO 1/4 MILE OR LESS
LOWEST: 8 ON 24 3 = THUNDER
SNOW, ICE PELLETS, HAIL 4 = ICE PELLETS
TOTAL MONTH: M 5 = HAIL
GRTST 24HR M ON M 6 = FREEZING RAIN OR DRIZZLE
GRTST DEPTH: M ON M 7 = DUSTSTORM OR SANDSTORM:
VSBY 1/2 MILE OR LESS
8 = SMOKE OR HAZE
[NO. OF DAYS WITH] [WEATHER - DAYS WITH] 9 = BLOWING SNOW
X = TORNADO
MAX 32 OR BELOW: 14 0.01 INCH OR MORE: 16
MAX 90 OR ABOVE: 0 0.10 INCH OR MORE: 6
MIN 32 OR BELOW: 31 0.50 INCH OR MORE: 0
MIN 0 OR BELOW: 0 1.00 INCH OR MORE: 0
[HDD (BASE 65) ]
TOTAL THIS MO. 1171 CLEAR (SCALE 0-3) 2
DPTR FM NORMAL -184 PTCLDY (SCALE 4-7) 11
TOTAL FM JUL 1 3605 CLOUDY (SCALE 8-10) 18
DPTR FM NORMAL -629
[CDD (BASE 65) ]
TOTAL THIS MO. 0
DPTR FM NORMAL 0 [PRESSURE DATA]
TOTAL FM JAN 1 0 HIGHEST SLP 30.46 ON 1
DPTR FM NORMAL 0 LOWEST SLP 29.47 ON 16
[REMARKS]
#FINAL-01-21#