000
CXUS51 KCTP 010800
CF6BFD
PRELIMINARY LOCAL CLIMATOLOGICAL DATA (WS FORM: F-6)
STATION: BRADFORD
MONTH: APRIL
YEAR: 2020
LATITUDE: 41 47 N
LONGITUDE: 78 38 W
TEMPERATURE IN F: :PCPN: SNOW: WIND :SUNSHINE: SKY :PK WND
================================================================================
1 2 3 4 5 6A 6B 7 8 9 10 11 12 13 14 15 16 17 18
12Z AVG MX 2MIN
DY MAX MIN AVG DEP HDD CDD WTR SNW DPTH SPD SPD DIR MIN PSBL S-S WX SPD DR
================================================================================
1 48 31 40 2 25 0 T M M 7.0 18 330 M M 5 1 23 320
2 50 28 39 1 26 0 0.00 M M 13.8 26 310 M M 2 35 310
3 50 32 41 2 24 0 0.00 M M 11.7 21 330 M M 5 26 340
4 59 38 49 10 16 0 0.00 M M 3.5 12 260 M M 9 14 230
5 63 33 48 8 17 0 T M M 5.6 18 320 M M 6 24 310
6 59 28 44 4 21 0 0.00 M M 4.5 18 280 M M 4 128 22 280
7 61 38 50 9 15 0 0.69 M M 4.3 29 310 M M 8 13 39 320
8 61 35 48 7 17 0 0.02 M M 9.9 24 330 M M 6 13 33 310
9 50 30 40 -1 25 0 0.18 M M 13.8 29 280 M M 9 128 40 290
10 33 27 30 -12 35 0 0.06 M M 17.1 29 290 M M 8 128 41 310
11 45 28 37 -5 28 0 T M M 6.9 17 310 M M 6 24 320
12 63 27 45 2 20 0 0.08 M M 8.9 17 160 M M 6 1 27 170
13 59 34 47 4 18 0 0.87 M M 14.3 26 290 M M 10 1 41 280
14 41 29 35 -8 30 0 0.01 M M 8.1 16 290 M M 7 1 23 270
15 39 24 32 -12 33 0 0.06 M M 9.1 20 290 M M 7 128 28 250
16 32 20 26 -18 39 0 0.02 M M 8.7 20 280 M M 7 28 35 290
17 34 22 28 -16 37 0 0.51 M M 4.1 12 150 M M 8 128 16 210
18 41 30 36 -9 29 0 0.00 M M 8.1 18 280 M M 8 1 24 310
19 56 33 45 0 20 0 0.01 M M 10.0 20 340 M M 4 30 250
20 53 29 41 -4 24 0 0.00 M M 4.4 14 310 M M 2 18 300
21 44 26 35 -11 30 0 0.20 M M 14.3 35 300 M M 8 128 46 300
22 39 23 31 -15 34 0 T M M 12.8 25 280 M M 5 8 36 310
23 54 28 41 -5 24 0 0.05 M M 6.4 16 130 M M 7 16 20 120
24 58 38 48 1 17 0 T M M 5.4 14 310 M M 9 16 50
25 61 30 46 -1 19 0 0.01 M M 6.3 15 100 M M 6 1 21 120
26 51 36 44 -3 21 0 0.69 M M 9.5 16 100 M M 9 1 23 30
27 51 32 42 -6 23 0 0.02 M M 9.0 20 350 M M 7 1 25 350
28 56 33 45 -3 20 0 0.00 M M 4.9 14 220 M M 7 19 240
29 63 39 51 3 14 0 0.02 M M 15.6 28 150 M M 5 1 37 160
30 55 45 50 1 15 0 0.65 M M 7.1 25 150 M M 10 1 40 150
================================================================================
SM 1529 926 716 0 4.15 M 265.1 M 200
================================================================================
AV 51.0 30.9 8.8 FASTST M M 7 MAX(MPH)
MISC ----> 35 300 46 300
================================================================================
NOTES:
# LAST OF SEVERAL OCCURRENCES
COLUMN 17 PEAK WIND IN M.P.H.
PRELIMINARY LOCAL CLIMATOLOGICAL DATA (WS FORM: F-6) , PAGE 2
STATION: BRADFORD
MONTH: APRIL
YEAR: 2020
LATITUDE: 41 47 N
LONGITUDE: 78 38 W
[TEMPERATURE DATA] [PRECIPITATION DATA] SYMBOLS USED IN COLUMN 16
AVERAGE MONTHLY: 40.9 TOTAL FOR MONTH: 4.15 1 = FOG OR MIST
DPTR FM NORMAL: -2.7 DPTR FM NORMAL: 0.60 2 = FOG REDUCING VISIBILITY
HIGHEST: 63 ON 29,12 GRTST 24HR 0.95 ON 12-13 TO 1/4 MILE OR LESS
LOWEST: 20 ON 16 3 = THUNDER
SNOW, ICE PELLETS, HAIL 4 = ICE PELLETS
TOTAL MONTH: M 5 = HAIL
GRTST 24HR M ON M 6 = FREEZING RAIN OR DRIZZLE
GRTST DEPTH: M ON M 7 = DUSTSTORM OR SANDSTORM:
VSBY 1/2 MILE OR LESS
8 = SMOKE OR HAZE
[NO. OF DAYS WITH] [WEATHER - DAYS WITH] 9 = BLOWING SNOW
X = TORNADO
MAX 32 OR BELOW: 1 0.01 INCH OR MORE: 18
MAX 90 OR ABOVE: 0 0.10 INCH OR MORE: 7
MIN 32 OR BELOW: 19 0.50 INCH OR MORE: 5
MIN 0 OR BELOW: 0 1.00 INCH OR MORE: 0
[HDD (BASE 65) ]
TOTAL THIS MO. 716 CLEAR (SCALE 0-3) 2
DPTR FM NORMAL 72 PTCLDY (SCALE 4-7) 21
TOTAL FM JUL 1 6415 CLOUDY (SCALE 8-10) 7
DPTR FM NORMAL -682
[CDD (BASE 65) ]
TOTAL THIS MO. 0
DPTR FM NORMAL -2 [PRESSURE DATA]
TOTAL FM JAN 1 0 HIGHEST SLP 30.27 ON 17
DPTR FM NORMAL -2 LOWEST SLP 29.28 ON 9
[REMARKS]
#FINAL-04-20#