000
CXUS54 KAMA 042152
CF6BGD
PRELIMINARY LOCAL CLIMATOLOGICAL DATA (WS FORM: F-6)
STATION: BORGER
MONTH: JUNE
YEAR: 2023
LATITUDE: 35 42 N
LONGITUDE: 101 24 W
TEMPERATURE IN F: :PCPN: SNOW: WIND :SUNSHINE: SKY :PK WND
================================================================================
1 2 3 4 5 6A 6B 7 8 9 10 11 12 13 14 15 16 17 18
12Z AVG MX 2MIN
DY MAX MIN AVG DEP HDD CDD WTR SNW DPTH SPD SPD DIR MIN PSBL S-S WX SPD DR
================================================================================
1 77 59 68 -7 0 3 0.75 M M 9.0 24 150 M M 5 13 34 140
2 76 61 69 -6 0 4 0.22 M M 9.2 40 210 M M 5 3 55 210
3 80 58 69 -7 0 4 0.00 M M 5.9 16 150 M M 3 3 20 160
4 73 61 67 -9 0 2 0.03 M M 4.9 22 40 M M 5 3 29 50
5 81 61 71 -5 0 6 0.00 M M 4.4 20 70 M M 6 26 60
6 84 64 74 -2 0 9 0.00 M M 4.7 16 190 M M 2 23 120
7 81 63 72 -5 0 7 0.13 M M 8.5 21 250 M M 4 13 33 250
8 84 63 74 -3 0 9 0.27 M M 5.8 16 210 M M 3 13 23 210
9 91 65 78 1 0 13 0.00 M M 6.2 17 160 M M 0 25 160
10 87 63 75 -3 0 10 0.00 M M 4.9 23 20 M M 0 3 29 30
11 85 64 75 -3 0 10 0.00 M M 9.9 25 10 M M 2 39 10
12 70 62 66 -12 0 1 0.42 M M 10.4 24 270 M M 6 138 37 270
13 78 56 67 -11 0 2 0.47 M M 6.4 29 300 M M 8 123 45 310
14 85 56 71 -8 0 6 0.00 M M 7.4 14 220 M M 0 22 250
15 94 61 78 -1 0 13 0.00 M M 11.3 36 340 M M 1 8 49 290
16 86 57 72 -7 0 7 0.00 M M 6.6 16 120 M M 0 26 110
17 90 63 77 -2 0 12 0.01 M M 8.8 26 330 M M 4 3 40 120
18 91 58 75 -4 0 10 0.00 M M 10.5 25 140 M M 0 41 150
19 99 67 83 3 0 18 0.00 M M 13.2 26 230 M M 0 43 140
20 103 71 87 7 0 22 0.00 M M 8.2 22 120 M M 2 128 34 130
21 97 75 86 6 0 21 0.18 M M 11.3 31 110 M M 2 38 45 120
22 82 66 74 -6 0 9 0.01 M M 9.5 13 130 M M 8 21 80
23 88 65 77 -3 0 12 0.83 M M 14.3 33 280 M M M 13 51 300
24 97 74 86 5 0 21 0.00 M M 10.6 25 190 M M M 40 190
25 85 64 75 -6 0 10 0.00 M M M 23 40 M M M 18 30 40
26 93 67 80 -1 0 15 0.00 M M 7.7 20 150 M M 3 34 140
27 105 76 91 10 0 26 T M M 12.8 25 190 M M 1 3 42 170
28 105 72 89 8 0 24 0.00 M M 12.5 23 210 M M 0 37 220
29 101 75 88 7 0 23 0.00 M M 11.5 22 200 M M 0 31 190
30 90 67 79 -3 0 14 0.01 M M 7.7 23 40 M M 1 3 33 140
================================================================================
SM 2638 1934 0 343 3.33 M 254.1 M 71
================================================================================
AV 87.9 64.5 8.8 FASTST M M 3 MAX(MPH)
MISC ----> 40 210 55 210
================================================================================
NOTES:
# LAST OF SEVERAL OCCURRENCES
COLUMN 17 PEAK WIND IN M.P.H.
PRELIMINARY LOCAL CLIMATOLOGICAL DATA (WS FORM: F-6) , PAGE 2
STATION: BORGER
MONTH: JUNE
YEAR: 2023
LATITUDE: 35 42 N
LONGITUDE: 101 24 W
[TEMPERATURE DATA] [PRECIPITATION DATA] SYMBOLS USED IN COLUMN 16
AVERAGE MONTHLY: 76.2 TOTAL FOR MONTH: 3.33 1 = FOG OR MIST
DPTR FM NORMAL: -2.5 DPTR FM NORMAL: 0.57 2 = FOG REDUCING VISIBILITY
HIGHEST: 105 ON 28,27 GRTST 24HR 1.07 ON 31- 1 TO 1/4 MILE OR LESS
LOWEST: 56 ON 14,13 3 = THUNDER
SNOW, ICE PELLETS, HAIL 4 = ICE PELLETS
TOTAL MONTH: M 5 = HAIL
GRTST 24HR M ON M 6 = FREEZING RAIN OR DRIZZLE
GRTST DEPTH: M ON M 7 = DUSTSTORM OR SANDSTORM:
VSBY 1/2 MILE OR LESS
8 = SMOKE OR HAZE
[NO. OF DAYS WITH] [WEATHER - DAYS WITH] 9 = BLOWING SNOW
X = TORNADO
MAX 32 OR BELOW: 0 0.01 INCH OR MORE: 12
MAX 90 OR ABOVE: 13 0.10 INCH OR MORE: 8
MIN 32 OR BELOW: 0 0.50 INCH OR MORE: 2
MIN 0 OR BELOW: 0 1.00 INCH OR MORE: 0
[HDD (BASE 65) ]
TOTAL THIS MO. 0 CLEAR (SCALE 0-3) 17
DPTR FM NORMAL -2 PTCLDY (SCALE 4-7) 10
TOTAL FM JUL 1 3143 CLOUDY (SCALE 8-10) 3
DPTR FM NORMAL -377
[CDD (BASE 65) ]
TOTAL THIS MO. 343
DPTR FM NORMAL -69 [PRESSURE DATA]
TOTAL FM JAN 1 602 HIGHEST SLP 30.08 ON 23
DPTR FM NORMAL -65 LOWEST SLP 29.53 ON 15
[REMARKS]
#FINAL-06-23#