000
CXUS51 KCAR 010600
CF6BGR
PRELIMINARY LOCAL CLIMATOLOGICAL DATA (WS FORM: F-6)
STATION: BANGOR ME
MONTH: AUGUST
YEAR: 2021
LATITUDE: 44 47 N
LONGITUDE: 68 49 W
TEMPERATURE IN F: :PCPN: SNOW: WIND :SUNSHINE: SKY :PK WND
================================================================================
1 2 3 4 5 6A 6B 7 8 9 10 11 12 13 14 15 16 17 18
12Z AVG MX 2MIN
DY MAX MIN AVG DEP HDD CDD WTR SNW DPTH SPD SPD DIR MIN PSBL S-S WX SPD DR
================================================================================
1 77 52 65 -5 0 0 0.00 0.0 0 6.6 20 180 M M 5 24 190
2 71 56 64 -6 1 0 0.25 0.0 0 4.0 15 330 M M 7 1 19 320
3 80 50 65 -5 0 0 0.00 0.0 0 8.0 20 210 M M 4 24 210
4 81 56 69 -1 0 4 0.00 0.0 0 4.5 14 170 M M 10 17 170
5 68 63 66 -4 0 1 0.46 0.0 0 4.5 13 10 M M 9 1 15 20
6 84 63 74 4 0 9 0.00 0.0 0 5.5 14 180 M M 5 1 17 170
7 86 63 75 5 0 10 0.00 0.0 0 6.4 18 190 M M 8 12 23 190
8 83 67 75 6 0 10 0.00 0.0 0 6.5 14 10 M M 6 24 230
9 79 65 72 3 0 7 0.00 0.0 0 5.6 12 190 M M 8 14 180
10 77 64 71 2 0 6 T 0.0 0 4.5 10 180 M M 10 1 13 210
11 76 65 71 2 0 6 0.00 0.0 0 6.7 12 160 M M 10 1 13 170
12 90 67 79 10 0 14 0.00 0.0 0 5.8 15 190 M M 7 12 20 180
13 91 69 80 11 0 15 0.00 0.0 0 4.6 12 190 M M 2 1 14 300
14 88 64 76 7 0 11 0.04 0.0 0 5.4 13 290 M M 3 3 25 230
15 77 54 66 -3 0 1 0.00 0.0 0 7.4 20 320 M M 1 24 320
16 81 50 66 -2 0 1 0.00 0.0 0 3.5 10 190 M M 1 13 190
17 82 54 68 0 0 3 0.00 0.0 0 5.5 15 180 M M 6 19 190
18 81 67 74 6 0 9 0.02 0.0 0 6.1 16 180 M M 8 3 30 320
19 82 66 74 6 0 9 0.01 0.0 0 4.1 12 180 M M 10 128 14 180
20 88 70 79 11 0 14 T 0.0 0 4.6 10 350 M M 8 1 15 350
21 76 67 72 4 0 7 0.00 0.0 0 4.7 9 140 M M 7 1 16 60
22 76 67 72 4 0 7 0.19 0.0 0 7.9 15 120 M M 10 18 18 110
23 80 66 73 6 0 8 0.77 0.0 0 5.8 12 140 M M 10 1 15 140
24 87 67 77 10 0 12 T 0.0 0 4.0 10 170 M M 6 1 17 210
25 88 63 76 9 0 11 0.00 0.0 0 3.8 9 230 M M 5 1 14 330
26 91 65 78 11 0 13 0.00 0.0 0 5.2 16 170 M M 3 1 22 120
27 81 58 70 4 0 5 0.00 0.0 0 8.5 20 360 M M 3 24 350
28 69 47 58 -8 7 0 0.02 M 0 3.0 9 250 M M 7 13 240
29 65 56 61 -5 4 0 T 0.0 0 7.1 14 170 M M 10 17 210
30 77 62 70 4 0 5 0.02 0.0 0 6.8 15 200 M M 9 1 19 210
31 84 59 72 7 0 7 0.00 0.0 0 6.1 14 230 M M 3 1 19 270
================================================================================
SM 2496 1902 12 205 1.78 0.0 172.7 M 201
================================================================================
AV 80.5 61.4 5.6 FASTST M M 6 MAX(MPH)
MISC ----> # 20 180 30 320
================================================================================
NOTES:
# LAST OF SEVERAL OCCURRENCES
COLUMN 17 PEAK WIND IN M.P.H.
PRELIMINARY LOCAL CLIMATOLOGICAL DATA (WS FORM: F-6) , PAGE 2
STATION: BANGOR ME
MONTH: AUGUST
YEAR: 2021
LATITUDE: 44 47 N
LONGITUDE: 68 49 W
[TEMPERATURE DATA] [PRECIPITATION DATA] SYMBOLS USED IN COLUMN 16
AVERAGE MONTHLY: 70.9 TOTAL FOR MONTH: 1.78 1 = FOG OR MIST
DPTR FM NORMAL: 2.7 DPTR FM NORMAL: -1.28 2 = FOG REDUCING VISIBILITY
HIGHEST: 91 ON 26,13 GRTST 24HR 0.77 ON 23-23 TO 1/4 MILE OR LESS
LOWEST: 47 ON 28 3 = THUNDER
SNOW, ICE PELLETS, HAIL 4 = ICE PELLETS
TOTAL MONTH: 0.0 INCH 5 = HAIL
GRTST 24HR 0.0 6 = FREEZING RAIN OR DRIZZLE
GRTST DEPTH: 0 7 = DUSTSTORM OR SANDSTORM:
VSBY 1/2 MILE OR LESS
8 = SMOKE OR HAZE
[NO. OF DAYS WITH] [WEATHER - DAYS WITH] 9 = BLOWING SNOW
X = TORNADO
MAX 32 OR BELOW: 0 0.01 INCH OR MORE: 9
MAX 90 OR ABOVE: 3 0.10 INCH OR MORE: 4
MIN 32 OR BELOW: 0 0.50 INCH OR MORE: 1
MIN 0 OR BELOW: 0 1.00 INCH OR MORE: 0
[HDD (BASE 65) ]
TOTAL THIS MO. 12 CLEAR (SCALE 0-3) 4
DPTR FM NORMAL -14 PTCLDY (SCALE 4-7) 17
TOTAL FM JUL 1 51 CLOUDY (SCALE 8-10) 10
DPTR FM NORMAL 13
[CDD (BASE 65) ]
TOTAL THIS MO. 205
DPTR FM NORMAL 80 [PRESSURE DATA]
TOTAL FM JAN 1 443 HIGHEST SLP M ON M
DPTR FM NORMAL 97 LOWEST SLP 29.61 ON 31
[REMARKS]
#FINAL-08-21#