000
CXUS55 KBYZ 011000
CF6BIL
PRELIMINARY LOCAL CLIMATOLOGICAL DATA (WS FORM: F-6)
STATION: BILLINGS MT
MONTH: OCTOBER
YEAR: 2023
LATITUDE: 45 47 N
LONGITUDE: 108 32 W
TEMPERATURE IN F: :PCPN: SNOW: WIND :SUNSHINE: SKY :PK WND
================================================================================
1 2 3 4 5 6A 6B 7 8 9 10 11 12 13 14 15 16 17 18
12Z AVG MX 2MIN
DY MAX MIN AVG DEP HDD CDD WTR SNW DPTH SPD SPD DIR MIN PSBL S-S WX SPD DR
================================================================================
1 54 48 51 -4 14 0 T 0.0 0 5.2 15 10 M M 10 1 17 360
2 58 48 53 -1 12 0 0.03 0.0 0 4.8 15 280 M M 9 19 280
3 57 48 53 -1 12 0 0.39 0.0 0 10.8 23 320 M M 9 1 31 330
4 66 45 56 3 9 0 0.08 0.0 0 12.7 29 270 M M 7 1 37 270
5 55 41 48 -5 17 0 0.02 0.0 0 6.7 15 20 M M 8 1 20 360
6 60 35 48 -4 17 0 0.00 0.0 0 6.9 21 240 M M 3 27 240
7 74 48 61 9 4 0 0.00 0.0 0 11.9 23 230 M M 0 30 240
8 77 45 61 9 4 0 0.00 0.0 0 7.2 16 230 M M 0 19 240
9 80 47 64 13 1 0 0.00 0.0 0 12.0 20 230 M M 1 26 230
10 80 50 65 15 0 0 T 0.0 0 8.5 21 310 M M 4 27 300
11 65 50 58 8 7 0 0.16 0.0 0 10.0 18 310 M M 9 1 25 330
12 50 40 45 -5 20 0 0.57 0.0 0 11.2 21 70 M M 10 1 28 10
13 48 38 43 -6 22 0 T 0.0 0 6.4 13 60 M M 9 1 19 110
14 55 32 44 -5 21 0 0.00 0.0 0 2.8 9 230 M M 4 11 60
15 68 39 54 6 11 0 0.00 0.0 0 11.5 17 240 M M 3 24 240
16 72 50 61 13 4 0 0.00 0.0 0 8.6 18 240 M M 4 25 230
17 73 49 61 14 4 0 0.00 0.0 0 17.0 45 320 M M 4 65 330
18 74 43 59 12 6 0 0.00 0.0 0 14.3 29 300 M M 3 38 300
19 81 51 66 20 0 1 0.00 0.0 0 15.3 23 270 M M 1 31 280
20 81 53 67 21 0 2 0.00 0.0 0 13.3 21 240 M M 0 28 230
21 59 41 50 4 15 0 0.00 0.0 0 5.6 17 20 M M 3 23 20
22 60 41 51 6 14 0 0.09 0.0 0 10.3 24 310 M M 5 1 31 300
23 47 41 44 -1 21 0 0.24 0.0 0 5.8 16 40 M M 10 1 20 50
24 43 27 35 -9 30 0 0.01 T 0 10.4 21 40 M M 8 126 28 50
25 28 15 22 -22 43 0 0.24 3.0 0 11.3 20 30 M M 10 16 27 360
26 17 8 13 -31 52 0 0.14 2.4 3 7.0 15 40 M M 9 12 19 40
27 20 9 15 -28 50 0 0.05 1.3 4 3.0 8 40 M M 9 18 11 30
28 25 7 16 -27 49 0 0.00 0.0 5 8.1 17 230 M M 5 1 22 230
29 34 18 26 -16 39 0 T T 3 9.7 18 250 M M 3 25 240
30 44 24 34 -8 31 0 0.00 0.0 2 13.2 23 320 M M 2 32 280
31 51 24 38 -4 27 0 0.00 0.0 T 11.9 23 240 M M 5 29 240
================================================================================
SM 1756 1155 556 3 2.02 6.7 293.4 M 167
================================================================================
AV 56.6 37.3 9.5 FASTST M M 5 MAX(MPH)
MISC ----> 45 320 65 330
================================================================================
NOTES:
# LAST OF SEVERAL OCCURRENCES
COLUMN 17 PEAK WIND IN M.P.H.
PRELIMINARY LOCAL CLIMATOLOGICAL DATA (WS FORM: F-6) , PAGE 2
STATION: BILLINGS MT
MONTH: OCTOBER
YEAR: 2023
LATITUDE: 45 47 N
LONGITUDE: 108 32 W
[TEMPERATURE DATA] [PRECIPITATION DATA] SYMBOLS USED IN COLUMN 16
AVERAGE MONTHLY: 47.0 TOTAL FOR MONTH: 2.02 1 = FOG OR MIST
DPTR FM NORMAL: -0.9 DPTR FM NORMAL: 0.65 2 = FOG REDUCING VISIBILITY
HIGHEST: 81 ON 20,19 GRTST 24HR 0.67 ON 11-12 TO 1/4 MILE OR LESS
LOWEST: 7 ON 28 3 = THUNDER
SNOW, ICE PELLETS, HAIL 4 = ICE PELLETS
TOTAL MONTH: 6.7 INCHES 5 = HAIL
GRTST 24HR 3.0 ON 25-25 6 = FREEZING RAIN OR DRIZZLE
GRTST DEPTH: 5 ON 28 7 = DUSTSTORM OR SANDSTORM:
VSBY 1/2 MILE OR LESS
8 = SMOKE OR HAZE
[NO. OF DAYS WITH] [WEATHER - DAYS WITH] 9 = BLOWING SNOW
X = TORNADO
MAX 32 OR BELOW: 4 0.01 INCH OR MORE: 12
MAX 90 OR ABOVE: 0 0.10 INCH OR MORE: 6
MIN 32 OR BELOW: 9 0.50 INCH OR MORE: 1
MIN 0 OR BELOW: 0 1.00 INCH OR MORE: 0
[HDD (BASE 65) ]
TOTAL THIS MO. 556 CLEAR (SCALE 0-3) 8
DPTR FM NORMAL 22 PTCLDY (SCALE 4-7) 12
TOTAL FM JUL 1 648 CLOUDY (SCALE 8-10) 11
DPTR FM NORMAL -89
[CDD (BASE 65) ]
TOTAL THIS MO. 3
DPTR FM NORMAL -2 [PRESSURE DATA]
TOTAL FM JAN 1 715 HIGHEST SLP 30.64 ON 29
DPTR FM NORMAL 53 LOWEST SLP 29.37 ON 11
[REMARKS]
#FINAL-10-23#