000
CXUS53 KBIS 010830
CF6BIS
PRELIMINARY LOCAL CLIMATOLOGICAL DATA (WS FORM: F-6)
STATION: BISMARCK ND
MONTH: APRIL
YEAR: 2023
LATITUDE: 46 46 N
LONGITUDE: 100 45 W
TEMPERATURE IN F: :PCPN: SNOW: WIND :SUNSHINE: SKY :PK WND
================================================================================
1 2 3 4 5 6A 6B 7 8 9 10 11 12 13 14 15 16 17 18
12Z AVG MX 2MIN
DY MAX MIN AVG DEP HDD CDD WTR SNW DPTH SPD SPD DIR MIN PSBL S-S WX SPD DR
================================================================================
1 37 1 19 -19 46 0 0.00 0.0 18 9.2 20 150 M M 2 23 150
2 44 28 36 -2 29 0 0.01 T 18 14.3 29 280 M M 4 44 280
3 34 18 26 -12 39 0 0.00 0.0 15 10.1 22 290 M M 10 32 290
4 23 15 19 -20 46 0 0.25 3.2 15 13.7 23 350 M M 10 1 36 360
5 26 13 20 -19 45 0 0.09 1.2 18 19.7 36 310 M M 4 9 49 310
6 27 1 14 -26 51 0 0.00 0.0 15 5.6 12 100 M M 2 13 150
7 33 18 26 -14 39 0 0.00 0.0 15 10.7 16 80 M M 5 20 80
8 36 18 27 -13 38 0 0.00 0.0 15 7.7 15 80 M M 0 1 19 60
9 53 22 38 -3 27 0 0.00 0.0 14 4.6 15 260 M M 0 18 20 270
10 56 28 42 1 23 0 0.00 0.0 12 4.7 10 220 M M 0 14 220
11 58 35 47 5 18 0 0.00 0.0 8 7.2 10 50 M M 0 13 40
12 54 37 46 4 19 0 0.00 0.0 6 11.6 26 320 M M 0 37 310
13 46 35 41 -1 24 0 0.00 0.0 1 12.8 25 60 M M 0 32 60
14 43 35 39 -4 26 0 0.00 0.0 T 12.5 22 330 M M 7 31 330
15 49 34 42 -1 23 0 0.00 0.0 0 13.8 28 340 M M 6 37 340
16 53 27 40 -3 25 0 0.00 0.0 0 7.3 16 20 M M 0 21 350
17 54 25 40 -4 25 0 0.00 0.0 0 9.5 21 100 M M 0 8 30 100
18 56 33 45 1 20 0 T 0.0 0 17.9 32 100 M M 2 42 100
19 63 38 51 6 14 0 0.01 0.0 0 13.7 22 80 M M 7 30 70
20 40 29 35 -10 30 0 0.03 0.6 0 13.2 23 320 M M 7 1 32 290
21 37 28 33 -12 32 0 0.09 0.8 1 17.6 29 340 M M 10 18 41 350
22 46 26 36 -10 29 0 0.00 0.0 T 12.7 22 320 M M 3 32 350
23 51 22 37 -9 28 0 0.00 0.0 0 7.0 17 320 M M 2 26 320
24 52 24 38 -8 27 0 0.00 0.0 0 11.6 20 90 M M 0 28 100
25 56 28 42 -5 23 0 0.00 0.0 0 11.2 18 140 M M 2 27 110
26 66 37 52 5 13 0 0.02 0.0 0 9.1 23 320 M M 4 29 310
27 59 36 48 0 17 0 0.13 0.0 0 8.1 26 20 M M 8 1 38 30
28 59 39 49 1 16 0 0.00 0.0 M 8.9 26 330 M M 8 35 310
29 59 32 46 -2 19 0 0.00 0.0 0 15.2 31 340 M M 2 45 310
30 58 32 45 -4 20 0 0.00 0.0 0 10.3 20 20 M M 1 34 20
================================================================================
SM 1428 794 831 0 0.63 5.8 331.5 M 106
================================================================================
AV 47.6 26.5 11.1 FASTST M M 4 MAX(MPH)
MISC ----> 36 310 49 310
================================================================================
NOTES:
# LAST OF SEVERAL OCCURRENCES
COLUMN 17 PEAK WIND IN M.P.H.
PRELIMINARY LOCAL CLIMATOLOGICAL DATA (WS FORM: F-6) , PAGE 2
STATION: BISMARCK ND
MONTH: APRIL
YEAR: 2023
LATITUDE: 46 46 N
LONGITUDE: 100 45 W
[TEMPERATURE DATA] [PRECIPITATION DATA] SYMBOLS USED IN COLUMN 16
AVERAGE MONTHLY: 37.0 TOTAL FOR MONTH: 0.63 1 = FOG OR MIST
DPTR FM NORMAL: -6.2 DPTR FM NORMAL: -0.71 2 = FOG REDUCING VISIBILITY
HIGHEST: 66 ON 26 GRTST 24HR 0.35 ON 4- 5 TO 1/4 MILE OR LESS
LOWEST: 1 ON 6, 1 3 = THUNDER
SNOW, ICE PELLETS, HAIL 4 = ICE PELLETS
TOTAL MONTH: 5.8 INCHES 5 = HAIL
GRTST 24HR 3.2 ON 4- 4 6 = FREEZING RAIN OR DRIZZLE
GRTST DEPTH: 19 ON M 7 = DUSTSTORM OR SANDSTORM:
VSBY 1/2 MILE OR LESS
8 = SMOKE OR HAZE
[NO. OF DAYS WITH] [WEATHER - DAYS WITH] 9 = BLOWING SNOW
X = TORNADO
MAX 32 OR BELOW: 3 0.01 INCH OR MORE: 8
MAX 90 OR ABOVE: 0 0.10 INCH OR MORE: 2
MIN 32 OR BELOW: 20 0.50 INCH OR MORE: 0
MIN 0 OR BELOW: 0 1.00 INCH OR MORE: 0
[HDD (BASE 65) ]
TOTAL THIS MO. 831 CLEAR (SCALE 0-3) 16
DPTR FM NORMAL 176 PTCLDY (SCALE 4-7) 10
TOTAL FM JUL 1 8936 CLOUDY (SCALE 8-10) 4
DPTR FM NORMAL 857
[CDD (BASE 65) ]
TOTAL THIS MO. 0
DPTR FM NORMAL 0 [PRESSURE DATA]
TOTAL FM JAN 1 0 HIGHEST SLP 30.43 ON 6
DPTR FM NORMAL 0 LOWEST SLP 29.54 ON 12
[REMARKS]
#FINAL-04-23#