761
CXUS53 KBIS 040316
CLSBIS
CLIMATE REPORT
NATIONAL WEATHER SERVICE BISMARCK ND
1010 PM CDT WED JUN 3 2020
...................................
...THE BISMARCK ND CLIMATE SUMMARY FOR THE SEASON, FROM
3/1/2020 TO 5/31/2020...
CLIMATE NORMAL PERIOD 1981 TO 2010
CLIMATE RECORD PERIOD 1875 TO 2020
WEATHER OBSERVED NORMAL DEPART LAST YEAR`S
VALUE DATE(S) VALUE FROM VALUE DATE(S)
NORMAL
................................................................
TEMPERATURE (F)
RECORD
HIGH 102 05/30/1934
05/28/1934
LOW -36 03/15/1897
HIGHEST 85 05/22 MM MM 88 05/30
LOWEST 8 04/04 MM MM -15 03/03
04/03
03/20
AVG. MAXIMUM 55.6 55.3 0.3 50.9
AVG. MINIMUM 31.2 30.9 0.3 28.6
MEAN 43.4 43.1 0.3 39.7
DAYS MAX >= 90 0 0.5 -0.5 0
DAYS MAX <= 32 9 9.0 0.0 11
DAYS MIN <= 32 54 49.4 4.6 48
DAYS MIN <= 0 0 2.4 -2.4 8
PRECIPITATION (INCHES)
RECORD
MAXIMUM MM MM
MINIMUM MM MM
TOTALS 1.34 4.53 -3.19 5.38
DAILY AVG. 0.02 0.05 -0.03 0.06
DAYS >= .01 20 25.4 -5.4 26
DAYS >= .10 4 11.3 -7.3 14
DAYS >= .50 0 2.2 -2.2 4
DAYS >= 1.00 0 0.5 -0.5 1
GREATEST
24 HR. TOTAL 0.31 MM 05/31 TO 05/31
05/31 TO 05/31EATHER OBSERVED NORMAL DEPART LAST YEAR`S
05/31 TO 05/31EATHER OBSERVED NORMAL DEPART LAST YEAR`S
STORM TOTAL MM MM
(MM/DD(HH)) MM 05/31(00) TO 05/31(00)
05/31(00) TO 05/31(00)1EATHER OBSERVED NORMAL DEPART LAST YEAR`S
05/31(00) TO 05/31(00)1EATHER OBSERVED NORMAL DEPART LAST YEAR`S
SNOWFALL (INCHES)
RECORDS
TOTAL MM MM
TOTALS 7.2 13.7
DEGREE_DAYS
HEATING TOTAL 1987
COOLING TOTAL 20
.................................................................
WIND (MPH)
HIGHEST WIND SPEED/DIRECTION 40/290 DATE 03/01
HIGHEST GUST SPEED/DIRECTION 55/280 DATE 03/04
- INDICATES NEGATIVE NUMBERS.
R INDICATES RECORD WAS SET OR TIED.
MM INDICATES DATA IS MISSING.
T INDICATES TRACE AMOUNT.
...................................
$$