000
CXUS51 KRLX 231124
CF6BKW
PRELIMINARY LOCAL CLIMATOLOGICAL DATA (WS FORM: F-6)
STATION: BECKLEY WV
MONTH: APRIL
YEAR: 2024
LATITUDE: 37 46 N
LONGITUDE: 81 7 W
TEMPERATURE IN F: :PCPN: SNOW: WIND :SUNSHINE: SKY :PK WND
================================================================================
1 2 3 4 5 6A 6B 7 8 9 10 11 12 13 14 15 16 17 18
12Z AVG MX 2MIN
DY MAX MIN AVG DEP HDD CDD WTR SNW DPTH SPD SPD DIR MIN PSBL S-S WX SPD DR
================================================================================
1 77 57 67 19 0 2 0.26 0.0 0 7.7 18 260 M M 6 13 26 270
2 71 57 64 15 1 0 0.17 0.0 0 10.0 38 330 M M 4 13 53 320
3 67 36 52 3 13 0 0.70 0.0 0 8.5 18 310 M M 8 13 29 210
4 41 33 37 -12 28 0 0.14 T 0 11.9 25 290 M M 10 12 39 310
5 39 31 35 -15 30 0 0.07 T T 10.5 18 280 M M 9 18 28 300
6 44 30 37 -13 28 0 0.00 0.0 0 9.3 18 360 M M 9 25 340
7 63 27 45 -6 20 0 0.00 0.0 0 3.4 13 130 M M 1 23 130
8 67 51 59 8 6 0 0.01 0.0 0 8.5 18 230 M M 7 25 220
9 62 51 57 6 8 0 0.02 0.0 0 6.3 15 220 M M 7 1 22 210
10 67 52 60 8 5 0 0.01 0.0 0 6.6 17 110 M M 8 1 28 140
11 68 54 61 9 4 0 0.44 0.0 0 13.3 26 210 M M 9 1 41 220
12 54 43 49 -3 16 0 0.34 0.0 0 14.5 28 260 M M 10 1 45 260
13 61 43 52 -1 13 0 0.01 0.0 0 14.8 30 310 M M 5 39 300
14 78 40 59 6 6 0 0.00 0.0 0 9.4 23 280 M M 0 36 220
15 79 59 69 15 0 4 T 0.0 0 7.7 18 310 M M 4 25 250
16 81 55 68 14 0 3 0.40 0.0 0 6.7 21 250 M M 2 13 28 250
17 74 59 67 13 0 2 0.02 0.0 0 11.6 26 230 M M 3 40 210
18 77 57 67 12 0 2 0.00 0.0 0 8.8 17 310 M M 2 29 310
19 66 52 59 4 6 0 0.21 0.0 0 8.1 16 340 M M 7 12 24 140
20 62 46 54 -1 11 0 0.00 0.0 0 10.4 21 280 M M 4 1 28 280
21 52 40 46 -10 19 0 0.00 0.0 0 8.1 18 350 M M 4 28 340
22 57 29 43 -13 22 0 0.00 0.0 0 4.9 15 350 M M 1 21 290
================================================================================
SM 1407 1002 236 13 2.80 T 201.0 M 120
================================================================================
AV 64.0 45.5 9.1 FASTST M M 5 MAX(MPH)
MISC ----> 38 330 53 320
================================================================================
NOTES:
# LAST OF SEVERAL OCCURRENCES
COLUMN 17 PEAK WIND IN M.P.H.
PRELIMINARY LOCAL CLIMATOLOGICAL DATA (WS FORM: F-6) , PAGE 2
STATION: BECKLEY WV
MONTH: APRIL
YEAR: 2024
LATITUDE: 37 46 N
LONGITUDE: 81 7 W
[TEMPERATURE DATA] [PRECIPITATION DATA] SYMBOLS USED IN COLUMN 16
AVERAGE MONTHLY: 54.8 TOTAL FOR MONTH: 2.80 1 = FOG OR MIST
DPTR FM NORMAL: 2.5 DPTR FM NORMAL: 0.23 2 = FOG REDUCING VISIBILITY
HIGHEST: 81 ON 16 GRTST 24HR 0.81 ON 2- 3 TO 1/4 MILE OR LESS
LOWEST: 27 ON 7 3 = THUNDER
SNOW, ICE PELLETS, HAIL 4 = ICE PELLETS
TOTAL MONTH: T 5 = HAIL
GRTST 24HR T ON 4- 4 6 = FREEZING RAIN OR DRIZZLE
GRTST DEPTH: T 7 = DUSTSTORM OR SANDSTORM:
VSBY 1/2 MILE OR LESS
8 = SMOKE OR HAZE
[NO. OF DAYS WITH] [WEATHER - DAYS WITH] 9 = BLOWING SNOW
X = TORNADO
MAX 32 OR BELOW: 0 0.01 INCH OR MORE: 14
MAX 90 OR ABOVE: 0 0.10 INCH OR MORE: 8
MIN 32 OR BELOW: 4 0.50 INCH OR MORE: 1
MIN 0 OR BELOW: 0 1.00 INCH OR MORE: 0
[HDD (BASE 65) ]
TOTAL THIS MO. 236 CLEAR (SCALE 0-3) 5
DPTR FM NORMAL -52 PTCLDY (SCALE 4-7) 12
TOTAL FM JUL 1 4223 CLOUDY (SCALE 8-10) 5
DPTR FM NORMAL -574
[CDD (BASE 65) ]
TOTAL THIS MO. 13
DPTR FM NORMAL 12 [PRESSURE DATA]
TOTAL FM JAN 1 13 HIGHEST SLP M ON M
DPTR FM NORMAL 10 LOWEST SLP 29.26 ON 3
[REMARKS]