000
CXUS51 KRNK 012050
CLSBLF
CLIMATE REPORT
NATIONAL WEATHER SERVICE BLACKSBURG, VA
350 PM EST THU DEC 01 2022
...................................
...THE BLUEFIELD WV CLIMATE SUMMARY FOR THE SEASON, FROM
9/1/2022 TO 11/30/2022...
CLIMATE NORMAL PERIOD: 1991 TO 2020
CLIMATE RECORD PERIOD: 1909 TO 2022
WEATHER OBSERVED NORMAL DEPART LAST YEAR`S
VALUE DATE(S) VALUE FROM VALUE
NORMAL
..............................................................
TEMPERATURE (F)
RECORD
HIGH 99 09/11/2019
LOW 6 11/13/2019
HIGHEST 80 09/21 79
LOWEST 17 11/21 19
AVG. MAXIMUM 60.6 62.5 -1.9 62.6
AVG. MINIMUM 43.5 44.6 -1.1 45.1
MEAN 52.0 53.5 -1.5 53.9
DAYS MAX >= 90 0 0.4 -0.4 0
DAYS MAX <= 32 3 1.0 2.0 0
DAYS MIN <= 32 16 13.2 2.8 21
DAYS MIN <= 0 0 0.0 0.0 0
PRECIPITATION (INCHES)
RECORD
MAXIMUM 17.65 2018
MINIMUM 2.14 2008
TOTALS 10.88 8.57 2.31 6.49
DAYS >= .01 30 30.7 -0.7 35
DAYS >= .10 18 17.4 0.6 21
DAYS >= .50 9 5.5 3.5 5
DAYS >= 1.00 2 1.5 0.5 0
GREATEST
24 HR. TOTAL 2.16 0.87
SNOWFALL (INCHES)
TOTALS 0.4 1.9 -1.5 0.1
DAYS >= TRACE 5 1.9 3.1 4
DAYS >= 1.0 0 0.6 -0.6 0
GREATEST
24 HR TOTAL 0.3 0.1
DEGREE DAYS
HEATING TOTAL 1200 1105 95 1046
COOLING TOTAL 38 64 -26 57
..............................................................
WIND (MPH)
AVERAGE WIND SPEED 5.8
RESULTANT WIND SPEED/DIRECTION 2/260
HIGHEST WIND SPEED/DIRECTION 35/240 DATE 11/27
HIGHEST GUST SPEED/DIRECTION 49/250 DATE 11/27
SKY COVER
AVERAGE SKY COVER 0.42
AVERAGE RH (PERCENT) 71
WEATHER CONDITIONS. NUMBER OF DAYS WITH
THUNDERSTORM 3 MIXED PRECIP 0
HEAVY RAIN 12 RAIN 18
LIGHT RAIN 34 FREEZING RAIN 1
LT FREEZING RAIN 1 HAIL 0
HEAVY SNOW 0 SNOW 1
LIGHT SNOW 5 SLEET 0
FOG 47 FOG W/VIS <= 1/4 MILE 11
HAZE 0
- INDICATES NEGATIVE NUMBERS.
R INDICATES RECORD WAS SET OR TIED.
MM INDICATES DATA IS MISSING.
T INDICATES TRACE AMOUNT.
REMARKS:
DUE TO EQUIPMENT FAILURE ON JANUARY 9-10 AND AUGUST 16-17, 2022, ALL
INFORMATION WILL BE CALCULATED WITHOUT DATA FROM THESE DATES.
$$
PW