000
CXUS55 KPSR 011005
CF6BLH
PRELIMINARY LOCAL CLIMATOLOGICAL DATA (WS FORM: F-6)
STATION: BLYTHE CA
MONTH: MAY
YEAR: 2023
LATITUDE: 33 37 N
LONGITUDE: 114 43 W
TEMPERATURE IN F: :PCPN: SNOW: WIND :SUNSHINE: SKY :PK WND
================================================================================
1 2 3 4 5 6A 6B 7 8 9 10 11 12 13 14 15 16 17 18
12Z AVG MX 2MIN
DY MAX MIN AVG DEP HDD CDD WTR SNW DPTH SPD SPD DIR MIN PSBL S-S WX SPD DR
================================================================================
1 93 62 78 2 0 13 0.00 M M 16.4 32 240 M M M 8 40 230
2 85 54 70 -6 0 5 0.00 M M 8.2 21 210 M M M 26 210
3 85 55 70 -7 0 5 0.00 M M 11.5 26 260 M M M 36 200
4 78 57 68 -9 0 3 0.00 M M 14.8 24 240 M M M 34 240
5 81 56 69 -8 0 4 0.00 M M 9.5 22 240 M M M 28 160
6 85 53 69 -8 0 4 0.00 M M 7.7 22 240 M M M 29 220
7 87 59 73 -5 0 8 0.00 M M 5.3 14 230 M M M 19 170
8 91 62 77 -1 0 12 0.00 M M 5.3 14 250 M M M 19 250
9 93 61 77 -1 0 12 0.00 M M 11.1 29 240 M M M 8 36 240
10 85 58 72 -7 0 7 0.00 M M 10.5 29 230 M M M 8 37 240
11 90 59 75 -4 0 10 0.00 M M 5.5 14 240 M M M 20 150
12 98 63 81 2 0 16 0.00 M M 5.5 14 130 M M M 27 170
13 102 68 85 5 0 20 0.00 M M 7.0 18 320 M M M 29 320
14 101 67 84 4 0 19 0.00 M M 8.1 20 170 M M M 27 200
15 102 69 86 6 0 21 0.00 M M 7.3 16 240 M M M 26 230
16 106 74 90 10 0 25 T M M 7.8 20 150 M M M 29 180
17 103 74 89 8 0 24 0.00 M M 8.4 21 210 M M M 8 27 210
18 101 77 89 8 0 24 0.00 M M 12.5 24 190 M M M 32 190
19 99 75 87 6 0 22 0.01 M M 12.8 35 60 M M M 8 43 60
20 97 72 85 3 0 20 0.00 M M 6.4 25 250 M M M 29 250
21 102 70 86 4 0 21 0.00 M M 6.8 20 180 M M M 27 190
22 102 71 87 5 0 22 0.00 M M 8.4 20 170 M M M 27 200
23 100 70 85 3 0 20 0.00 M M 11.2 22 210 M M M 29 210
24 99 74 87 4 0 22 0.00 M M 13.3 22 170 M M 0 29 170
25 98 71 85 2 0 20 0.00 M M 13.5 22 250 M M 0 38 170
26 94 66 80 -3 0 15 0.00 M M 11.3 22 200 M M 0 35 170
27 95 63 79 -5 0 14 0.00 M M 7.0 13 190 M M 0 19 160
28 98 67 83 -1 0 18 0.00 M M 11.4 17 170 M M 0 24 170
29 96 69 83 -1 0 18 0.00 M M 11.7 20 210 M M 0 26 210
30 95 68 82 -2 0 17 0.00 0.0 0 10.9 21 240 M M 0 28 170
31 90 63 77 -8 0 12 0.00 M M 10.4 23 230 M M 0 30 230
================================================================================
SM 2931 2027 0 473 0.01 0.0 297.5 M 0
================================================================================
AV 94.5 65.4 9.6 FASTST M M 0 MAX(MPH)
MISC ----> 35 60 43 60
================================================================================
NOTES:
# LAST OF SEVERAL OCCURRENCES
COLUMN 17 PEAK WIND IN M.P.H.
PRELIMINARY LOCAL CLIMATOLOGICAL DATA (WS FORM: F-6) , PAGE 2
STATION: BLYTHE CA
MONTH: MAY
YEAR: 2023
LATITUDE: 33 37 N
LONGITUDE: 114 43 W
[TEMPERATURE DATA] [PRECIPITATION DATA] SYMBOLS USED IN COLUMN 16
AVERAGE MONTHLY: 80.0 TOTAL FOR MONTH: 0.01 1 = FOG OR MIST
DPTR FM NORMAL: -0.3 DPTR FM NORMAL: -0.04 2 = FOG REDUCING VISIBILITY
HIGHEST: 106 ON 16 GRTST 24HR 0.01 ON 19-19 TO 1/4 MILE OR LESS
LOWEST: 53 ON 6 3 = THUNDER
SNOW, ICE PELLETS, HAIL 4 = ICE PELLETS
TOTAL MONTH: 0.0 INCH 5 = HAIL
GRTST 24HR 0.0 6 = FREEZING RAIN OR DRIZZLE
GRTST DEPTH: 0 7 = DUSTSTORM OR SANDSTORM:
VSBY 1/2 MILE OR LESS
8 = SMOKE OR HAZE
[NO. OF DAYS WITH] [WEATHER - DAYS WITH] 9 = BLOWING SNOW
X = TORNADO
MAX 32 OR BELOW: 0 0.01 INCH OR MORE: 1
MAX 90 OR ABOVE: 24 0.10 INCH OR MORE: 0
MIN 32 OR BELOW: 0 0.50 INCH OR MORE: 0
MIN 0 OR BELOW: 0 1.00 INCH OR MORE: 0
[HDD (BASE 65) ]
TOTAL THIS MO. 0 CLEAR (SCALE 0-3) 8
DPTR FM NORMAL -1 PTCLDY (SCALE 4-7) 0
TOTAL FM JUL 1 1284 CLOUDY (SCALE 8-10) 23
DPTR FM NORMAL 273
[CDD (BASE 65) ]
TOTAL THIS MO. 473
DPTR FM NORMAL -4 [PRESSURE DATA]
TOTAL FM JAN 1 774 HIGHEST SLP M ON M
DPTR FM NORMAL -35 LOWEST SLP 29.59 ON 25
[REMARKS]
#FINAL-05-23#