000
CXUS55 KPSR 011005
CF6BLH
PRELIMINARY LOCAL CLIMATOLOGICAL DATA (WS FORM: F-6)
STATION: BLYTHE CA
MONTH: MARCH
YEAR: 2024
LATITUDE: 33 37 N
LONGITUDE: 114 43 W
TEMPERATURE IN F: :PCPN: SNOW: WIND :SUNSHINE: SKY :PK WND
================================================================================
1 2 3 4 5 6A 6B 7 8 9 10 11 12 13 14 15 16 17 18
12Z AVG MX 2MIN
DY MAX MIN AVG DEP HDD CDD WTR SNW DPTH SPD SPD DIR MIN PSBL S-S WX SPD DR
================================================================================
1 80 49 65 3 0 0 0.00 M M 9.5 24 220 M M 0 31 190
2 76 53 65 3 0 0 0.00 M M 16.9 38 220 M M 1 8 45 220
3 73 53 63 0 2 0 0.00 M M 13.7 23 250 M M 0 30 220
4 71 45 58 -5 7 0 0.00 M M 4.2 15 240 M M 0 19 250
5 76 49 63 0 2 0 0.00 M M 4.0 13 200 M M 0 18 170
6 77 51 64 1 1 0 T M M 6.8 28 240 M M 2 3 43 260
7 71 56 64 0 1 0 T 0.0 0 8.2 20 250 M M 8 30 260
8 76 51 64 0 1 0 0.00 0.0 0 8.5 21 330 M M 1 36 330
9 74 49 62 -2 3 0 0.00 0.0 0 6.8 25 350 M M 0 32 350
10 79 44 62 -2 3 0 0.00 0.0 0 3.6 12 200 M M 0 16 200
11 78 50 64 0 1 0 0.00 0.0 M 6.6 16 230 M M 0 21 230
12 76 48 62 -3 3 0 0.00 M M 5.6 17 200 M M 0 21 190
13 79 48 64 -1 1 0 0.00 M M 10.1 22 330 M M M 29 340
14 63 53 58 -7 7 0 0.00 M M 13.6 28 350 M M M 37 350
15 61 48 55 -11 10 0 0.32 M M 7.5 17 170 M M M 1 22 170
16 63 46 55 -11 10 0 0.09 M M 3.8 25 340 M M M 1 33 340
17 72 44 58 -8 7 0 0.00 M M 4.0 14 350 M M M 12 19 350
18 74 51 63 -3 2 0 0.00 M M 4.6 13 40 M M 0 17 40
19 78 52 65 -1 0 0 0.00 M M 3.0 10 50 M M 0 14 40
20 82 50 66 -1 0 1 0.00 M M 3.7 13 230 M M 0 15 210
21 87 54 71 4 0 6 0.00 M M 6.3 16 240 M M 0 21 250
22 87 55 71 4 0 6 0.00 M M 7.5 21 170 M M 0 31 190
23 83 58 71 4 0 6 T M M 15.5 35 230 M M 1 45 220
24 74 53 64 -3 1 0 0.00 M M 13.3 26 250 M M 2 33 260
25 75 49 62 -6 3 0 0.00 M M 8.1 25 240 M M 0 32 230
26 76 49 63 -5 2 0 0.00 M M 5.0 14 260 M M 0 23 290
27 80 49 65 -3 0 0 0.00 M M 5.6 17 180 M M 0 21 170
28 83 52 68 0 0 3 0.00 0.0 0 8.9 22 230 M M 0 29 240
29 82 53 68 0 0 3 0.00 0.0 0 12.3 28 200 M M 0 35 190
30 80 50 65 -4 0 0 0.24 0.0 M 11.5 26 280 M M 3 1 35 280
31 71 49 60 -9 5 0 0.03 0.0 M 7.1 29 230 M M 4 39 230
================================================================================
SM 2357 1561 72 25 0.68 0.0 245.8 M 22
================================================================================
AV 76.0 50.4 7.9 FASTST M M 1 MAX(MPH)
MISC ----> 38 220 # 45 220
================================================================================
NOTES:
# LAST OF SEVERAL OCCURRENCES
COLUMN 17 PEAK WIND IN M.P.H.
PRELIMINARY LOCAL CLIMATOLOGICAL DATA (WS FORM: F-6) , PAGE 2
STATION: BLYTHE CA
MONTH: MARCH
YEAR: 2024
LATITUDE: 33 37 N
LONGITUDE: 114 43 W
[TEMPERATURE DATA] [PRECIPITATION DATA] SYMBOLS USED IN COLUMN 16
AVERAGE MONTHLY: 63.2 TOTAL FOR MONTH: 0.68 1 = FOG OR MIST
DPTR FM NORMAL: -2.4 DPTR FM NORMAL: 0.20 2 = FOG REDUCING VISIBILITY
HIGHEST: 87 ON 22,21 GRTST 24HR 0.32 ON 15-15 TO 1/4 MILE OR LESS
LOWEST: 44 ON 17,10 3 = THUNDER
SNOW, ICE PELLETS, HAIL 4 = ICE PELLETS
TOTAL MONTH: 0.0 INCH 5 = HAIL
GRTST 24HR 0.0 6 = FREEZING RAIN OR DRIZZLE
GRTST DEPTH: 0 7 = DUSTSTORM OR SANDSTORM:
VSBY 1/2 MILE OR LESS
8 = SMOKE OR HAZE
[NO. OF DAYS WITH] [WEATHER - DAYS WITH] 9 = BLOWING SNOW
X = TORNADO
MAX 32 OR BELOW: 0 0.01 INCH OR MORE: 4
MAX 90 OR ABOVE: 0 0.10 INCH OR MORE: 2
MIN 32 OR BELOW: 0 0.50 INCH OR MORE: 0
MIN 0 OR BELOW: 0 1.00 INCH OR MORE: 0
[HDD (BASE 65) ]
TOTAL THIS MO. 72 CLEAR (SCALE 0-3) 24
DPTR FM NORMAL 1 PTCLDY (SCALE 4-7) 2
TOTAL FM JUL 1 852 CLOUDY (SCALE 8-10) 5
DPTR FM NORMAL -145
[CDD (BASE 65) ]
TOTAL THIS MO. 25
DPTR FM NORMAL -65 [PRESSURE DATA]
TOTAL FM JAN 1 33 HIGHEST SLP M ON M
DPTR FM NORMAL -70 LOWEST SLP 29.58 ON 23
[REMARKS]
#FINAL-03-24#