000
CXUS53 KILX 011000
CF6BMI
PRELIMINARY LOCAL CLIMATOLOGICAL DATA (WS FORM: F-6)
STATION: BLOOMINGTON IL AIRPORT
MONTH: DECEMBER
YEAR: 2021
LATITUDE: 40 28 N
LONGITUDE: 88 56 W
TEMPERATURE IN F: :PCPN: SNOW: WIND :SUNSHINE: SKY :PK WND
================================================================================
1 2 3 4 5 6A 6B 7 8 9 10 11 12 13 14 15 16 17 18
12Z AVG MX 2MIN
DY MAX MIN AVG DEP HDD CDD WTR SNW DPTH SPD SPD DIR MIN PSBL S-S WX SPD DR
================================================================================
1 51 37 44 M 21 0 0.06 M M 10.6 17 250 M M 6 M M
2 60 39 50 M 15 0 0.00 M M 12.4 22 310 M M 1 25 310
3 58 32 45 M 20 0 0.00 M M 8.3 13 30 M M 0 M M
4 46 27 37 M 28 0 0.00 M M 9.0 15 350 M M 0 1 M M
5 53 28 41 M 24 0 0.07 M M 14.9 24 140 M M 8 1 28 140
6 41 15 28 M 37 0 0.00 M M 21.7 32 300 M M 1 45 280
7 24 13 19 M 46 0 0.00 M M 8.9 15 160 M M 4 M M
8 37 22 30 M 35 0 0.00 M M 10.1 16 300 M M 1 22 300
9 55 28 42 M 23 0 0.00 M M 15.6 27 170 M M 3 41 160
10 62 26 44 M 21 0 0.76 M M 11.6 24 160 M M 8 1236 51 220
11 59 31 45 M 20 0 0.01 M M 20.4 36 260 M M 5 51 260
12 46 30 38 M 27 0 0.00 M M 14.8 21 200 M M 0 27 200
13 49 31 40 M 25 0 0.00 M M 10.2 18 210 M M 0 M M
14 52 34 43 M 22 0 0.20 M M 14.0 24 170 M M 4 1 31 160
15 63 51 57 M 8 0 T M M 25.2 38 200 M M 10 55 190
16 63 30 47 M 18 0 0.01 M M 16.3 39 190 M M 3 56 190
17 36 24 30 M 35 0 0.08 M M 8.5 15 90 M M 5 1 23 90
18 35 25 30 M 35 0 0.07 M M 12.5 18 330 M M 8 1 24 330
19 35 19 27 M 38 0 0.00 M M 5.9 9 210 M M 0 M M
20 42 26 34 M 31 0 0.00 M M 11.2 20 210 M M 0 24 220
21 41 22 32 M 33 0 0.00 M M 11.8 21 240 M M 0 1 29 240
22 32 18 25 M 40 0 0.00 M M 10.8 17 320 M M 0 30 310
23 49 28 39 M 26 0 0.00 M M 13.9 24 210 M M 0 38 210
24 58 41 50 M 15 0 T M M 16.3 27 190 M M 7 33 190
25 58 34 46 M 19 0 0.02 M M 8.9 20 210 M M 8 12 22 360
26 47 36 42 M 23 0 0.01 M M 12.0 23 100 M M 9 12 35 140
27 56 34 45 M 20 0 0.00 M M 14.6 24 270 M M 6 1 29 290
28 42 33 38 M 27 0 0.36 M M 11.4 22 110 M M 9 1 30 100
29 42 30 36 M 29 0 0.02 M M 12.2 17 40 M M 8 16 M M
30 39 29 34 M 31 0 T M M 7.4 14 50 M M 10 126 M M
31 53 32 43 M 22 0 T M M 9.7 16 150 M M 8 12 20 170
================================================================================
SM 1484 905 814 0 1.67 M 391.1 M 132
================================================================================
AV 47.9 29.2 12.6 FASTST M M 4 MAX(MPH)
MISC ----> 39 190 56 190
================================================================================
NOTES:
# LAST OF SEVERAL OCCURRENCES
COLUMN 17 PEAK WIND IN M.P.H.
PRELIMINARY LOCAL CLIMATOLOGICAL DATA (WS FORM: F-6) , PAGE 2
STATION: BLOOMINGTON IL AIRPORT
MONTH: DECEMBER
YEAR: 2021
LATITUDE: 40 28 N
LONGITUDE: 88 56 W
[TEMPERATURE DATA] [PRECIPITATION DATA] SYMBOLS USED IN COLUMN 16
AVERAGE MONTHLY: 38.5 TOTAL FOR MONTH: 1.67 1 = FOG OR MIST
DPTR FM NORMAL: 0.0 DPTR FM NORMAL: M 2 = FOG REDUCING VISIBILITY
HIGHEST: 63 ON 16,15 GRTST 24HR 0.76 ON 10-10 TO 1/4 MILE OR LESS
LOWEST: 13 ON 7 3 = THUNDER
SNOW, ICE PELLETS, HAIL 4 = ICE PELLETS
TOTAL MONTH: M 5 = HAIL
GRTST 24HR M ON M 6 = FREEZING RAIN OR DRIZZLE
GRTST DEPTH: M ON M 7 = DUSTSTORM OR SANDSTORM:
VSBY 1/2 MILE OR LESS
8 = SMOKE OR HAZE
[NO. OF DAYS WITH] [WEATHER - DAYS WITH] 9 = BLOWING SNOW
X = TORNADO
MAX 32 OR BELOW: 2 0.01 INCH OR MORE: 12
MAX 90 OR ABOVE: 0 0.10 INCH OR MORE: 3
MIN 32 OR BELOW: 22 0.50 INCH OR MORE: 1
MIN 0 OR BELOW: 0 1.00 INCH OR MORE: 0
[HDD (BASE 65) ]
TOTAL THIS MO. 814 CLEAR (SCALE 0-3) 12
DPTR FM NORMAL M PTCLDY (SCALE 4-7) 12
TOTAL FM JUL 1 1800 CLOUDY (SCALE 8-10) 7
DPTR FM NORMAL M
[CDD (BASE 65) ]
TOTAL THIS MO. 0
DPTR FM NORMAL M [PRESSURE DATA]
TOTAL FM JAN 1 1194 HIGHEST SLP M ON M
DPTR FM NORMAL M LOWEST SLP M ON M
[REMARKS]
#FINAL-12-21#