000
CXUS55 KOHX 051134
CF6BNA
PRELIMINARY LOCAL CLIMATOLOGICAL DATA (WS FORM: F-6)
STATION: NASHVILLE
MONTH: NOVEMBER
YEAR: 2022
LATITUDE: 36 7 N
LONGITUDE: 86 41 W
TEMPERATURE IN F: :PCPN: SNOW: WIND :SUNSHINE: SKY :PK WND
================================================================================
1 2 3 4 5 6A 6B 7 8 9 10 11 12 13 14 15 16 17 18
12Z AVG MX 2MIN
DY MAX MIN AVG DEP HDD CDD WTR SNW DPTH SPD SPD DIR MIN PSBL S-S WX SPD DR
================================================================================
1 77 55 66 11 0 1 0.00 0.0 0 2.3 13 40 M M 7 1 14 30
2 71 51 61 6 4 0 0.01 0.0 0 2.8 12 360 M M 7 16 340
3 79 47 63 8 2 0 0.00 0.0 0 3.9 13 170 M M 2 128 17 180
4 80 56 68 14 0 3 0.00 0.0 0 10.4 20 190 M M 2 28 160
5 69 63 66 12 0 1 0.37 0.0 0 12.8 33 170 M M 9 1 49 170
6 74 63 69 15 0 4 0.05 0.0 0 3.7 16 180 M M 9 18 21 180
7 78 64 71 18 0 6 T 0.0 0 6.1 14 30 M M 8 128 18 40
8 76 56 66 13 0 1 0.00 0.0 0 6.6 10 30 M M 6 14 30
9 81 49 65 13 0 0 0.00 0.0 0 3.0 10 160 M M 1 14 180
10 77 49 63 11 2 0 0.00 0.0 0 3.6 9 100 M M 7 14 100
11 73 48 61 9 4 0 1.45 0.0 0 8.2 17 330 M M 8 1 25 330
12 48 32 40 -11 25 0 0.08 0.0 0 11.5 21 320 M M 10 8 31 310
13 41 31 36 -15 29 0 0.00 0.0 0 8.2 16 330 M M 6 23 10
14 52 28 40 -11 25 0 0.00 0.0 0 5.6 12 170 M M 5 16 120
15 48 41 45 -5 20 0 0.30 0.0 0 6.2 15 320 M M 10 1 21 310
16 48 33 41 -9 24 0 0.00 0.0 0 8.6 21 320 M M 7 30 300
17 45 26 36 -14 29 0 0.00 0.0 0 5.5 15 330 M M 1 22 320
18 46 26 36 -13 29 0 0.00 0.0 0 4.6 14 290 M M 5 24 300
19 49 24 37 -12 28 0 0.00 0.0 0 6.0 17 220 M M 3 26 210
20 43 25 34 -15 31 0 0.00 0.0 0 6.2 16 40 M M 1 22 10
21 55 21 38 -10 27 0 0.00 0.0 0 3.1 10 180 M M 1 15 210
22 63 25 44 -4 21 0 0.00 0.0 0 2.3 7 100 M M 1 10 120
23 66 30 48 0 17 0 0.00 0.0 0 3.4 8 10 M M 3 8 11 360
24 70 37 54 6 11 0 0.01 0.0 0 2.3 17 200 M M 8 22 200
25 64 44 54 7 11 0 0.01 0.0 0 6.1 16 20 M M 8 1 23 330
26 61 37 49 2 16 0 0.22 0.0 0 5.0 22 150 M M 9 18 29 140
27 64 48 56 9 9 0 0.19 0.0 0 12.0 24 200 M M 9 1 37 220
28 58 44 51 5 14 0 T 0.0 0 5.0 13 320 M M 8 1 18 300
29 69 41 55 9 10 0 1.21 0.0 0 12.0 25 180 M M 6 13 36 160
30 63 31 47 1 18 0 0.48 0.0 0 8.8 26 310 M M 3 13 39 320
================================================================================
SM 1888 1225 406 16 4.38 0.0 185.8 M 170
================================================================================
AV 62.9 40.8 6.2 FASTST M M 6 MAX(MPH)
MISC ----> 33 170 49 170
================================================================================
NOTES:
# LAST OF SEVERAL OCCURRENCES
COLUMN 17 PEAK WIND IN M.P.H.
PRELIMINARY LOCAL CLIMATOLOGICAL DATA (WS FORM: F-6) , PAGE 2
STATION: NASHVILLE
MONTH: NOVEMBER
YEAR: 2022
LATITUDE: 36 7 N
LONGITUDE: 86 41 W
[TEMPERATURE DATA] [PRECIPITATION DATA] SYMBOLS USED IN COLUMN 16
AVERAGE MONTHLY: 51.9 TOTAL FOR MONTH: 4.38 1 = FOG OR MIST
DPTR FM NORMAL: 1.6 DPTR FM NORMAL: 0.52 2 = FOG REDUCING VISIBILITY
HIGHEST: 81 ON 9 GRTST 24HR 1.69 ON 29-30 TO 1/4 MILE OR LESS
LOWEST: 21 ON 21 3 = THUNDER
SNOW, ICE PELLETS, HAIL 4 = ICE PELLETS
TOTAL MONTH: 0.0 INCH 5 = HAIL
GRTST 24HR 0.0 6 = FREEZING RAIN OR DRIZZLE
GRTST DEPTH: 0 7 = DUSTSTORM OR SANDSTORM:
VSBY 1/2 MILE OR LESS
8 = SMOKE OR HAZE
[NO. OF DAYS WITH] [WEATHER - DAYS WITH] 9 = BLOWING SNOW
X = TORNADO
MAX 32 OR BELOW: 0 0.01 INCH OR MORE: 12
MAX 90 OR ABOVE: 0 0.10 INCH OR MORE: 7
MIN 32 OR BELOW: 11 0.50 INCH OR MORE: 2
MIN 0 OR BELOW: 0 1.00 INCH OR MORE: 2
[HDD (BASE 65) ]
TOTAL THIS MO. 406 CLEAR (SCALE 0-3) 8
DPTR FM NORMAL -41 PTCLDY (SCALE 4-7) 14
TOTAL FM JUL 1 572 CLOUDY (SCALE 8-10) 8
DPTR FM NORMAL -55
[CDD (BASE 65) ]
TOTAL THIS MO. 16
DPTR FM NORMAL 10 [PRESSURE DATA]
TOTAL FM JAN 1 2166 HIGHEST SLP 30.54 ON 20
DPTR FM NORMAL 294 LOWEST SLP 29.54 ON 27
[REMARKS]
#FINAL-11-22#