000
CXUS55 KOHX 011110
CF6BNA
PRELIMINARY LOCAL CLIMATOLOGICAL DATA (WS FORM: F-6)
STATION: NASHVILLE
MONTH: SEPTEMBER
YEAR: 2022
LATITUDE: 36 7 N
LONGITUDE: 86 41 W
TEMPERATURE IN F: :PCPN: SNOW: WIND :SUNSHINE: SKY :PK WND
================================================================================
1 2 3 4 5 6A 6B 7 8 9 10 11 12 13 14 15 16 17 18
12Z AVG MX 2MIN
DY MAX MIN AVG DEP HDD CDD WTR SNW DPTH SPD SPD DIR MIN PSBL S-S WX SPD DR
================================================================================
1 91 62 77 0 0 12 0.00 0.0 0 4.5 14 20 M M 2 18 20
2 91 65 78 1 0 13 0.24 0.0 0 4.7 21 170 M M 7 13 29 170
3 90 71 81 4 0 16 0.45 0.0 0 5.7 16 10 M M 8 13 22 160
4 88 71 80 3 0 15 0.00 0.0 0 7.2 15 160 M M 8 19 160
5 87 72 80 4 0 15 0.11 0.0 0 2.2 12 170 M M 9 1 16 130
6 85 69 77 1 0 12 T 0.0 0 2.7 10 150 M M 7 138 12 60
7 86 68 77 1 0 12 0.00 0.0 0 8.9 18 20 M M 6 18 24 10
8 85 63 74 -2 0 9 0.00 0.0 0 7.9 17 20 M M 1 22 50
9 88 63 76 1 0 11 0.00 0.0 0 4.9 14 160 M M 6 22 140
10 74 68 71 -4 0 6 0.18 0.0 0 4.9 15 100 M M 8 1 19 110
11 82 65 74 -1 0 9 0.44 0.0 0 5.6 23 310 M M 8 138 31 320
12 79 58 69 -5 0 4 0.00 0.0 0 4.7 13 330 M M 1 20 300
13 84 57 71 -3 0 6 0.00 0.0 0 4.7 14 320 M M 1 21 290
14 83 58 71 -3 0 6 0.00 0.0 0 4.6 15 40 M M 2 22 50
15 86 60 73 -1 0 8 0.00 0.0 0 4.5 12 70 M M 1 19 60
16 87 62 75 2 0 10 0.00 0.0 0 3.5 10 180 M M 3 19 90
17 85 62 74 1 0 9 0.00 0.0 0 4.8 14 190 M M 5 25 170
18 88 63 76 4 0 11 0.00 0.0 0 3.2 10 190 M M 4 14 130
19 93 65 79 7 0 14 0.00 0.0 0 4.5 14 290 M M 4 22 210
20 99 73 86 14 0 21 0.00 0.0 0 5.4 15 10 M M 3 20 10
21 100 70 85 14 0 20 0.00 0.0 0 3.9 13 250 M M 2 8 20 260
22 83 62 73 2 0 8 T 0.0 0 10.6 21 360 M M 5 27 10
23 79 54 67 -4 0 2 T 0.0 0 7.8 17 40 M M 3 21 30
24 87 62 75 5 0 10 0.01 0.0 0 6.5 20 220 M M 7 32 220
25 87 65 76 6 0 11 T 0.0 0 8.1 18 320 M M 5 28 320
26 79 54 67 -3 0 2 0.00 0.0 0 7.9 18 280 M M 2 26 280
27 77 44 61 -8 4 0 0.00 0.0 0 7.4 21 310 M M 0 30 310
28 71 46 59 -10 6 0 0.00 0.0 0 9.2 21 30 M M 1 34 50
29 76 50 63 -5 2 0 0.00 0.0 0 12.6 23 40 M M 0 32 40
30 80 50 65 -3 0 0 0.00 0.0 0 10.8 20 40 M M 0 26 30
================================================================================
SM 2550 1852 12 272 1.43 0.0 183.9 M 119
================================================================================
AV 85.0 61.7 6.1 FASTST M M 4 MAX(MPH)
MISC ----> # 23 310 34 50
================================================================================
NOTES:
# LAST OF SEVERAL OCCURRENCES
COLUMN 17 PEAK WIND IN M.P.H.
PRELIMINARY LOCAL CLIMATOLOGICAL DATA (WS FORM: F-6) , PAGE 2
STATION: NASHVILLE
MONTH: SEPTEMBER
YEAR: 2022
LATITUDE: 36 7 N
LONGITUDE: 86 41 W
[TEMPERATURE DATA] [PRECIPITATION DATA] SYMBOLS USED IN COLUMN 16
AVERAGE MONTHLY: 73.4 TOTAL FOR MONTH: 1.43 1 = FOG OR MIST
DPTR FM NORMAL: 0.3 DPTR FM NORMAL: -2.37 2 = FOG REDUCING VISIBILITY
HIGHEST: 100 ON 21 GRTST 24HR 0.69 ON 2- 3 TO 1/4 MILE OR LESS
LOWEST: 44 ON 27 3 = THUNDER
SNOW, ICE PELLETS, HAIL 4 = ICE PELLETS
TOTAL MONTH: 0.0 INCH 5 = HAIL
GRTST 24HR 0.0 6 = FREEZING RAIN OR DRIZZLE
GRTST DEPTH: 0 7 = DUSTSTORM OR SANDSTORM:
VSBY 1/2 MILE OR LESS
8 = SMOKE OR HAZE
[NO. OF DAYS WITH] [WEATHER - DAYS WITH] 9 = BLOWING SNOW
X = TORNADO
MAX 32 OR BELOW: 0 0.01 INCH OR MORE: 6
MAX 90 OR ABOVE: 6 0.10 INCH OR MORE: 5
MIN 32 OR BELOW: 0 0.50 INCH OR MORE: 0
MIN 0 OR BELOW: 0 1.00 INCH OR MORE: 0
[HDD (BASE 65) ]
TOTAL THIS MO. 12 CLEAR (SCALE 0-3) 14
DPTR FM NORMAL -2 PTCLDY (SCALE 4-7) 14
TOTAL FM JUL 1 12 CLOUDY (SCALE 8-10) 2
DPTR FM NORMAL 0
[CDD (BASE 65) ]
TOTAL THIS MO. 272
DPTR FM NORMAL 15 [PRESSURE DATA]
TOTAL FM JAN 1 2124 HIGHEST SLP 30.37 ON 29
DPTR FM NORMAL 320 LOWEST SLP 29.81 ON 25
[REMARKS]
#FINAL-09-22#