000
CXUS55 KBOI 011750
CF6BOI
PRELIMINARY LOCAL CLIMATOLOGICAL DATA (WS FORM: F-6)
STATION: BOISE ID
MONTH: JANUARY
YEAR: 2024
LATITUDE: 43 34 N
LONGITUDE: 116 13 W
TEMPERATURE IN F: :PCPN: SNOW: WIND :SUNSHINE: SKY :PK WND
================================================================================
1 2 3 4 5 6A 6B 7 8 9 10 11 12 13 14 15 16 17 18
12Z AVG MX 2MIN
DY MAX MIN AVG DEP HDD CDD WTR SNW DPTH SPD SPD DIR MIN PSBL S-S WX SPD DR
================================================================================
1 46 29 38 7 27 0 0.00 0.0 0 3.2 10 300 M M 2 128 13 130
2 40 25 33 2 32 0 0.00 0.0 0 2.2 9 260 M M 6 12 12 330
3 35 31 33 2 32 0 0.24 0.2 0 4.4 14 320 M M 10 128 16 320
4 44 31 38 7 27 0 T T T 6.5 14 290 M M 7 12 17 290
5 42 29 36 5 29 0 0.06 T 0 9.3 22 310 M M 5 1 27 300
6 40 31 36 5 29 0 0.24 2.9 0 12.1 24 160 M M 6 1 33 140
7 34 16 25 -6 40 0 T T 3 5.7 14 300 M M 3 1 19 300
8 32 14 23 -8 42 0 0.01 0.1 2 8.0 17 110 M M 7 128 22 110
9 42 31 37 6 28 0 0.11 1.6 2 16.1 35 290 M M 9 1 50 290
10 38 21 30 -1 35 0 0.28 5.2 3 8.3 21 300 M M 8 1 28 120
11 37 21 29 -3 36 0 0.01 0.3 4 6.8 21 260 M M 9 28 260
12 37 18 28 -4 37 0 0.12 2.0 4 11.5 22 270 M M 10 1 35 260
13 18 7 13 -19 52 0 0.52 6.8 4 6.5 17 150 M M 9 128 24 150
14 21 11 16 -16 49 0 T T 10 4.4 10 310 M M 9 18 14 240
15 19 3 11 -21 54 0 T T 8 3.5 10 140 M M 4 128 17 220
16 15 3 9 -23 56 0 0.03 0.5 7 4.6 12 140 M M 1 1 14 140
17 30 9 20 -12 45 0 0.24 2.5 9 2.4 12 290 M M 10 168 15 280
18 35 20 28 -4 37 0 0.02 0.0 8 1.4 10 40 M M 10 1268 12 40
19 40 30 35 3 30 0 T 0.0 8 3.1 10 40 M M 8 18 15 180
20 45 30 38 6 27 0 0.01 0.0 7 3.8 14 120 M M 6 1 19 130
21 47 36 42 9 23 0 0.04 0.0 1 10.6 17 110 M M 9 22 210
22 47 36 42 9 23 0 0.14 0.0 1 8.9 22 100 M M 10 28 110
23 43 35 39 6 26 0 T 0.0 T 1.2 8 280 M M 10 128 9 280
24 47 32 40 7 25 0 0.05 0.0 0 7.7 20 130 M M 9 12 29 130
25 47 31 39 6 26 0 0.06 0.0 0 5.4 16 310 M M 5 12 20 310
26 50 30 40 7 25 0 0.00 0.0 0 8.2 18 110 M M 3 23 120
27 51 42 47 14 18 0 0.01 0.0 0 7.4 13 180 M M 8 17 90
28 55 36 46 12 19 0 0.04 0.0 0 3.5 14 130 M M 5 1 17 150
29 58 33 46 12 19 0 0.00 0.0 0 4.2 15 170 M M 0 1 19 160
30 61 35 48 14 17 0 0.00 0.0 0 6.0 14 180 M M 0 19 170
31 66 41 54 20 11 0 0.00 0.0 0 15.0 28 130 M M 0 37 130
================================================================================
SM 1262 797 976 0 2.23 22.1 201.9 M 198
================================================================================
AV 40.7 25.7 6.5 FASTST M M 6 MAX(MPH)
MISC ----> 35 290 50 290
================================================================================
NOTES:
# LAST OF SEVERAL OCCURRENCES
COLUMN 17 PEAK WIND IN M.P.H.
PRELIMINARY LOCAL CLIMATOLOGICAL DATA (WS FORM: F-6) , PAGE 2
STATION: BOISE ID
MONTH: JANUARY
YEAR: 2024
LATITUDE: 43 34 N
LONGITUDE: 116 13 W
[TEMPERATURE DATA] [PRECIPITATION DATA] SYMBOLS USED IN COLUMN 16
AVERAGE MONTHLY: 33.2 TOTAL FOR MONTH: 2.23 1 = FOG OR MIST
DPTR FM NORMAL: 1.0 DPTR FM NORMAL: 0.82 2 = FOG REDUCING VISIBILITY
HIGHEST: 66 ON 31 GRTST 24HR 0.66 ON 13-13 TO 1/4 MILE OR LESS
LOWEST: 3 ON 16,15 3 = THUNDER
SNOW, ICE PELLETS, HAIL 4 = ICE PELLETS
TOTAL MONTH: 22.1 INCHES 5 = HAIL
GRTST 24HR 6.8 ON 13-13 6 = FREEZING RAIN OR DRIZZLE
GRTST DEPTH: 10 ON 14 7 = DUSTSTORM OR SANDSTORM:
VSBY 1/2 MILE OR LESS
8 = SMOKE OR HAZE
[NO. OF DAYS WITH] [WEATHER - DAYS WITH] 9 = BLOWING SNOW
X = TORNADO
MAX 32 OR BELOW: 6 0.01 INCH OR MORE: 19
MAX 90 OR ABOVE: 0 0.10 INCH OR MORE: 8
MIN 32 OR BELOW: 23 0.50 INCH OR MORE: 1
MIN 0 OR BELOW: 0 1.00 INCH OR MORE: 0
[HDD (BASE 65) ]
TOTAL THIS MO. 976 CLEAR (SCALE 0-3) 6
DPTR FM NORMAL -42 PTCLDY (SCALE 4-7) 12
TOTAL FM JUL 1 2821 CLOUDY (SCALE 8-10) 13
DPTR FM NORMAL -430
[CDD (BASE 65) ]
TOTAL THIS MO. 0
DPTR FM NORMAL 0 [PRESSURE DATA]
TOTAL FM JAN 1 0 HIGHEST SLP 30.57 ON 15
DPTR FM NORMAL 0 LOWEST SLP 29.59 ON 10
[REMARKS]
#FINAL-01-24#