000
CXUS54 KMAF 011110
CF6BPG
PRELIMINARY LOCAL CLIMATOLOGICAL DATA (WS FORM: F-6)
STATION: BIG SPRING MCMAHON-WRINKLE FI
MONTH: OCTOBER
YEAR: 2022
LATITUDE: 32 12 N
LONGITUDE: 101 31 W
TEMPERATURE IN F: :PCPN: SNOW: WIND :SUNSHINE: SKY :PK WND
================================================================================
1 2 3 4 5 6A 6B 7 8 9 10 11 12 13 14 15 16 17 18
12Z AVG MX 2MIN
DY MAX MIN AVG DEP HDD CDD WTR SNW DPTH SPD SPD DIR MIN PSBL S-S WX SPD DR
================================================================================
1 89 61 75 M 0 10 M M M 9.1 17 150 M M 1 20 110
2 86 59 73 M 0 8 M M M 7.6 14 120 M M 0 18 100
3 83 56 70 M 0 5 M M M 8.1 13 160 M M 0 20 160
4 85 59 72 M 0 7 M M M 10.5 16 160 M M 0 22 180
5 86 59 73 M 0 8 M M M 10.5 20 40 M M 4 21 160
6 84 58 71 M 0 6 M M M 5.6 10 120 M M 4 22 120
7 81 61 71 M 0 6 M M M 7.2 17 40 M M 5 22 60
8 71 56 64 M 1 0 M M M 14.9 18 60 M M 7 24 40
9 78 54 66 M 0 1 0.21 M M 8.7 13 80 M M 8 M M
10 76 60 68 M 0 3 0.08 M M 8.5 20 170 M M 7 35 170
11 81 57 69 M 0 4 M M M 12.4 18 190 M M 2 24 200
12 82 60 71 M 0 6 M M M 8.6 16 180 M M 0 16 360
13 78 56 67 M 0 2 M M M 9.0 16 70 M M 0 M M
14 86 51 69 M 0 4 M M M 9.2 16 170 M M 0 22 180
15 90 66 78 M 0 13 0.24 M M 12.7 18 180 M M 1 3 28 190
16 67 55 61 M 4 0 0.12 M M 13.8 28 40 M M 8 1 35 40
17 63 52 58 M 7 0 0.28 M M 11.7 17 80 M M 8 1 23 20
18 65 51 58 M 7 0 0.02 M M 2.7 7 220 M M 6 M M
19 73 47 60 M 5 0 M M M 8.2 14 280 M M 1 21 260
20 83 47 65 M 0 0 M M M 5.4 9 200 M M 0 M M
21 84 48 66 M 0 1 M M M 10.8 20 230 M M 0 29 220
22 88 57 73 M 0 8 M M M 15.3 22 220 M M 0 25 220
23 86 64 75 M 0 10 M M M 22.1 28 170 M M 0 33 170
24 79 45 62 M 3 0 0.04 M M 19.9 35 300 M M 5 8 45 300
25 71 35 53 M 12 0 M M M 8.3 17 300 M M 0 23 300
26 77 44 61 M 4 0 M M M 11.4 18 190 M M 0 24 170
27 81 53 67 M 0 2 0.20 M M 14.9 22 170 M M 2 3 30 160
28 58 48 53 M 12 0 0.01 M M 12.9 20 360 M M 8 28 10
29 65 43 54 M 11 0 M M M 7.1 14 360 M M 0 1 20 350
30 72 40 56 M 9 0 M M M 2.9 9 130 M M 0 M M
31 73 46 60 M 5 0 M M M 5.3 12 150 M M 0 M M
================================================================================
SM 2421 1648 80 104 1.20 M 315.1 M 77
================================================================================
AV 78.1 53.2 10.2 FASTST M M 2 MAX(MPH)
MISC ----> 35 300 45 300
================================================================================
NOTES:
# LAST OF SEVERAL OCCURRENCES
COLUMN 17 PEAK WIND IN M.P.H.
PRELIMINARY LOCAL CLIMATOLOGICAL DATA (WS FORM: F-6) , PAGE 2
STATION: BIG SPRING MCMAHON-WRINKLE FI
MONTH: OCTOBER
YEAR: 2022
LATITUDE: 32 12 N
LONGITUDE: 101 31 W
[TEMPERATURE DATA] [PRECIPITATION DATA] SYMBOLS USED IN COLUMN 16
AVERAGE MONTHLY: 65.6 TOTAL FOR MONTH: 1.20 1 = FOG OR MIST
DPTR FM NORMAL: 0.0 DPTR FM NORMAL: M 2 = FOG REDUCING VISIBILITY
HIGHEST: 90 ON 15 GRTST 24HR 0.28 ON 17-17 TO 1/4 MILE OR LESS
LOWEST: 35 ON 25 3 = THUNDER
SNOW, ICE PELLETS, HAIL 4 = ICE PELLETS
TOTAL MONTH: M 5 = HAIL
GRTST 24HR M ON M 6 = FREEZING RAIN OR DRIZZLE
GRTST DEPTH: M ON M 7 = DUSTSTORM OR SANDSTORM:
VSBY 1/2 MILE OR LESS
8 = SMOKE OR HAZE
[NO. OF DAYS WITH] [WEATHER - DAYS WITH] 9 = BLOWING SNOW
X = TORNADO
MAX 32 OR BELOW: 0 0.01 INCH OR MORE: 9
MAX 90 OR ABOVE: 1 0.10 INCH OR MORE: 5
MIN 32 OR BELOW: 0 0.50 INCH OR MORE: 0
MIN 0 OR BELOW: 0 1.00 INCH OR MORE: 0
[HDD (BASE 65) ]
TOTAL THIS MO. 80 CLEAR (SCALE 0-3) 20
DPTR FM NORMAL M PTCLDY (SCALE 4-7) 9
TOTAL FM JUL 1 80 CLOUDY (SCALE 8-10) 2
DPTR FM NORMAL M
[CDD (BASE 65) ]
TOTAL THIS MO. 104
DPTR FM NORMAL M [PRESSURE DATA]
TOTAL FM JAN 1 3132 HIGHEST SLP M ON M
DPTR FM NORMAL M LOWEST SLP M ON M
[REMARKS]
#FINAL-10-22#