000
CXUS55 KRIW 011010
CF6BPI
PRELIMINARY LOCAL CLIMATOLOGICAL DATA (WS FORM: F-6)
STATION: BIG PINEY WY
MONTH: AUGUST
YEAR: 2022
LATITUDE: 42 34 N
LONGITUDE: 110 6 W
TEMPERATURE IN F: :PCPN: SNOW: WIND :SUNSHINE: SKY :PK WND
================================================================================
1 2 3 4 5 6A 6B 7 8 9 10 11 12 13 14 15 16 17 18
12Z AVG MX 2MIN
DY MAX MIN AVG DEP HDD CDD WTR SNW DPTH SPD SPD DIR MIN PSBL S-S WX SPD DR
================================================================================
1 88 47 68 5 0 3 0.00 M M 5.6 18 270 M M 1 23 270
2 77 52 65 2 0 0 T M M 10.3 35 340 M M 7 46 350
3 81 46 64 1 1 0 0.00 M M 5.8 17 340 M M 3 22 310
4 89 43 66 3 0 1 T M M 7.4 29 300 M M 2 3 38 350
5 79 50 65 2 0 0 0.42 M M 7.0 39 220 M M 6 138 50 220
6 74 50 62 0 3 0 0.22 M M 7.8 28 280 M M 8 13 39 290
7 77 45 61 -1 4 0 0.00 M M 5.4 16 20 M M 0 19 10
8 81 43 62 0 3 0 0.00 M M 5.3 14 340 M M 0 19 60
9 84 44 64 2 1 0 0.00 M M 5.1 13 330 M M 0 16 290
10 90 46 68 6 0 3 0.00 M M 7.3 20 200 M M 0 26 190
11 80 56 68 6 0 3 0.22 M M 7.3 22 170 M M 3 13 30 160
12 78 55 67 6 0 2 0.00 M M 7.4 24 340 M M 2 32 330
13 80 55 68 7 0 3 T M M 6.3 18 10 M M 6 26 360
14 78 51 65 4 0 0 0.10 M M 4.5 21 130 M M 2 3 30 140
15 81 43 62 1 3 0 0.00 M M 4.6 16 150 M M 1 1 21 170
16 82 47 65 5 0 0 0.00 M M 5.8 24 90 M M 0 41 90
17 85 45 65 5 0 0 0.00 M M 5.8 15 100 M M 1 23 100
18 84 44 64 4 1 0 0.00 M M 5.2 13 40 M M 0 17 40
19 84 53 69 9 0 4 T M M 6.8 30 110 M M 2 3 40 110
20 73 46 60 1 5 0 0.06 M M 6.7 18 220 M M 3 23 200
21 81 48 65 6 0 0 0.16 M M 7.7 31 250 M M 3 13 38 240
22 76 46 61 2 4 0 T M M 5.8 20 230 M M 3 25 230
23 81 45 63 5 2 0 T M M 6.6 18 220 M M 2 3 28 340
24 82 41 62 4 3 0 0.06 M M 8.9 30 10 M M 2 3 40 10
25 79 51 65 7 0 0 0.02 M M 6.3 24 20 M M 3 32 30
26 81 46 64 6 1 0 0.02 M M 8.1 36 330 M M 2 3 55 330
27 82 38 60 3 5 0 0.00 M M 9.8 29 320 M M 1 46 310
28 77 45 61 4 4 0 0.00 M M 10.0 23 310 M M 0 31 320
29 82 38 60 3 5 0 0.00 M M 6.2 15 10 M M 0 19 10
30 86 39 63 7 2 0 0.00 M M 6.0 22 350 M M 0 29 350
31 86 41 64 8 1 0 0.00 M M 6.4 14 360 M M 0 19 270
================================================================================
SM 2518 1439 48 19 1.28 M 209.2 M 63
================================================================================
AV 81.2 46.4 6.7 FASTST M M 2 MAX(MPH)
MISC ----> 39 220 55 330
================================================================================
NOTES:
# LAST OF SEVERAL OCCURRENCES
COLUMN 17 PEAK WIND IN M.P.H.
PRELIMINARY LOCAL CLIMATOLOGICAL DATA (WS FORM: F-6) , PAGE 2
STATION: BIG PINEY WY
MONTH: AUGUST
YEAR: 2022
LATITUDE: 42 34 N
LONGITUDE: 110 6 W
[TEMPERATURE DATA] [PRECIPITATION DATA] SYMBOLS USED IN COLUMN 16
AVERAGE MONTHLY: 63.8 TOTAL FOR MONTH: 1.28 1 = FOG OR MIST
DPTR FM NORMAL: 3.7 DPTR FM NORMAL: 0.41 2 = FOG REDUCING VISIBILITY
HIGHEST: 90 ON 10 GRTST 24HR 0.54 ON 5- 6 TO 1/4 MILE OR LESS
LOWEST: 38 ON 29,27 3 = THUNDER
SNOW, ICE PELLETS, HAIL 4 = ICE PELLETS
TOTAL MONTH: M 5 = HAIL
GRTST 24HR M ON M 6 = FREEZING RAIN OR DRIZZLE
GRTST DEPTH: M ON M 7 = DUSTSTORM OR SANDSTORM:
VSBY 1/2 MILE OR LESS
8 = SMOKE OR HAZE
[NO. OF DAYS WITH] [WEATHER - DAYS WITH] 9 = BLOWING SNOW
X = TORNADO
MAX 32 OR BELOW: 0 0.01 INCH OR MORE: 9
MAX 90 OR ABOVE: 1 0.10 INCH OR MORE: 5
MIN 32 OR BELOW: 0 0.50 INCH OR MORE: 0
MIN 0 OR BELOW: 0 1.00 INCH OR MORE: 0
[HDD (BASE 65) ]
TOTAL THIS MO. 48 CLEAR (SCALE 0-3) 27
DPTR FM NORMAL -116 PTCLDY (SCALE 4-7) 4
TOTAL FM JUL 1 71 CLOUDY (SCALE 8-10) 0
DPTR FM NORMAL -206
[CDD (BASE 65) ]
TOTAL THIS MO. 19
DPTR FM NORMAL 7 [PRESSURE DATA]
TOTAL FM JAN 1 60 HIGHEST SLP 30.23 ON 30
DPTR FM NORMAL 30 LOWEST SLP 29.71 ON 28
[REMARKS]
#FINAL-08-22#