000
CXUS55 KRIW 251837
CF6BPI
PRELIMINARY LOCAL CLIMATOLOGICAL DATA (WS FORM: F-6)
STATION: BIG PINEY WY
MONTH: DECEMBER
YEAR: 2023
LATITUDE: 42 34 N
LONGITUDE: 110 6 W
TEMPERATURE IN F: :PCPN: SNOW: WIND :SUNSHINE: SKY :PK WND
================================================================================
1 2 3 4 5 6A 6B 7 8 9 10 11 12 13 14 15 16 17 18
12Z AVG MX 2MIN
DY MAX MIN AVG DEP HDD CDD WTR SNW DPTH SPD SPD DIR MIN PSBL S-S WX SPD DR
================================================================================
1 27 8 18 1 47 0 0.00 M M 3.5 15 250 M M 5 20 260
2 32 -1 16 0 49 0 0.01 M M 8.9 32 310 M M 5 1 43 300
3 33 18 26 10 39 0 T M M 7.3 31 290 M M 7 1 39 280
4 44 12 28 12 37 0 0.00 M M 7.3 25 330 M M 1 12 36 320
5 43 16 30 15 35 0 0.00 M M 4.5 12 360 M M 0 12 330
6 36 11 24 9 41 0 0.00 M M 1.6 10 340 M M 4 12 12 330
7 34 16 25 11 40 0 0.01 M M 8.5 25 260 M M 5 1 35 300
8 27 11 19 5 46 0 0.05 M M 6.8 17 340 M M 9 12 23 340
9 26 -3 12 -2 53 0 0.00 M M 8.0 16 350 M M 2 21 350
10 30 -3 14 0 51 0 0.00 M M 3.7 10 30 M M 3 13 190
11 32 5 19 6 46 0 T M M 3.9 12 70 M M 7 1 13 70
12 33 6 20 7 45 0 0.02 M M 2.9 8 50 M M 7 1 11 60
13 36 1 19 6 46 0 0.00 M M 3.5 13 340 M M 0 14 330
14 38 1 20 8 45 0 0.00 M M 4.2 14 30 M M 0 18 350
15 37 6 22 10 43 0 0.00 M M 3.4 8 330 M M 0 11 170
16 34 2 18 6 47 0 0.00 M M 1.7 10 70 M M 0 11 70
17 38 0 19 7 46 0 0.00 M M 2.2 10 80 M M 0 13 70
18 32 2 17 5 48 0 0.00 M M 2.1 10 50 M M 1 11 50
19 37 7 22 10 43 0 T M M 3.9 9 70 M M 6 10 340
20 35 15 25 14 40 0 T M M 2.5 13 70 M M 8 13 70
21 36 17 27 16 38 0 T M M 3.6 10 230 M M 9 12 40
22 35 5 20 9 45 0 0.00 M M 2.0 10 190 M M 4 12 12 190
23 33 16 25 14 40 0 T M M 8.8 26 360 M M 9 12 33 360
24 26 0 13 2 52 0 T M M 10.4 18 340 M M 5 24 340
25 27 -8 10 -1 55 0 0.00 M M 5.4 15 10 M M 0 20 10
26 25 -12 7 -4 58 0 0.00 M M 2.3 10 20 M M 0 12 260
27 27 -7 10 -1 55 0 0.00 M M 4.0 12 340 M M 0 13 340
28 30 -4 13 2 52 0 0.00 M M 2.2 8 90 M M 2 9 100
29 33 0 17 6 48 0 0.00 M M 2.2 9 350 M M 0 10 350
30 35 2 19 8 46 0 0.00 M M 2.1 8 330 M M 2 1 8 340
31 44 13 29 18 36 0 0.00 M M 3.2 8 60 M M 5 12 140
================================================================================
SM 1035 152 1412 0 0.09 M 136.6 M 106
================================================================================
AV 33.4 4.9 4.4 FASTST M M 3 MAX(MPH)
MISC ----> 32 310 43 300
================================================================================
NOTES:
# LAST OF SEVERAL OCCURRENCES
COLUMN 17 PEAK WIND IN M.P.H.
PRELIMINARY LOCAL CLIMATOLOGICAL DATA (WS FORM: F-6) , PAGE 2
STATION: BIG PINEY WY
MONTH: DECEMBER
YEAR: 2023
LATITUDE: 42 34 N
LONGITUDE: 110 6 W
[TEMPERATURE DATA] [PRECIPITATION DATA] SYMBOLS USED IN COLUMN 16
AVERAGE MONTHLY: 19.1 TOTAL FOR MONTH: 0.09 1 = FOG OR MIST
DPTR FM NORMAL: 6.4 DPTR FM NORMAL: -0.14 2 = FOG REDUCING VISIBILITY
HIGHEST: 44 ON 31, 4 GRTST 24HR 0.05 ON 8- 8 TO 1/4 MILE OR LESS
LOWEST: -12 ON 26 3 = THUNDER
SNOW, ICE PELLETS, HAIL 4 = ICE PELLETS
TOTAL MONTH: M 5 = HAIL
GRTST 24HR M ON M 6 = FREEZING RAIN OR DRIZZLE
GRTST DEPTH: M ON M 7 = DUSTSTORM OR SANDSTORM:
VSBY 1/2 MILE OR LESS
8 = SMOKE OR HAZE
[NO. OF DAYS WITH] [WEATHER - DAYS WITH] 9 = BLOWING SNOW
X = TORNADO
MAX 32 OR BELOW: 12 0.01 INCH OR MORE: 4
MAX 90 OR ABOVE: 0 0.10 INCH OR MORE: 0
MIN 32 OR BELOW: 31 0.50 INCH OR MORE: 0
MIN 0 OR BELOW: 10 1.00 INCH OR MORE: 0
[HDD (BASE 65) ]
TOTAL THIS MO. 1412 CLEAR (SCALE 0-3) 15
DPTR FM NORMAL -209 PTCLDY (SCALE 4-7) 13
TOTAL FM JUL 1 3853 CLOUDY (SCALE 8-10) 3
DPTR FM NORMAL -521
[CDD (BASE 65) ]
TOTAL THIS MO. 0
DPTR FM NORMAL 0 [PRESSURE DATA]
TOTAL FM JAN 1 47 HIGHEST SLP 30.69 ON 9
DPTR FM NORMAL 17 LOWEST SLP 29.69 ON 2
[REMARKS]
#FINAL-12-23#