000
CXUS54 KLCH 010830
CF6BPT
PRELIMINARY LOCAL CLIMATOLOGICAL DATA (WS FORM: F-6)
STATION: BEAUMONT PORT ARTHUR
MONTH: JUNE
YEAR: 2021
LATITUDE: 29 57 N
LONGITUDE: 94 1 W
TEMPERATURE IN F: :PCPN: SNOW: WIND :SUNSHINE: SKY :PK WND
================================================================================
1 2 3 4 5 6A 6B 7 8 9 10 11 12 13 14 15 16 17 18
12Z AVG MX 2MIN
DY MAX MIN AVG DEP HDD CDD WTR SNW DPTH SPD SPD DIR MIN PSBL S-S WX SPD DR
================================================================================
1 83 73 78 -2 0 13 T 0.0 M 8.3 17 170 M M 5 23 180
2 88 69 79 -1 0 14 0.46 0.0 M 4.4 18 190 M M 4 13 28 180
3 84 69 77 -4 0 12 3.29 0.0 M 4.4 18 90 M M 4 13 23 100
4 78 69 74 -7 0 9 1.31 0.0 M 6.2 15 80 M M 6 1 19 70
5 85 70 78 -3 0 13 T 0.0 M 5.8 16 150 M M 3 1 21 160
6 87 69 78 -3 0 13 0.36 0.0 M 7.1 15 160 M M 4 13 20 160
7 88 78 83 2 0 18 0.02 0.0 M 12.8 24 170 M M 8 1 34 180
8 90 79 85 4 0 20 T 0.0 M 12.5 22 150 M M 6 31 160
9 89 77 83 1 0 18 0.00 0.0 M 9.6 17 170 M M 5 23 170
10 89 74 82 0 0 17 0.00 0.0 M 8.3 16 170 M M 2 25 160
11 89 70 80 -2 0 15 0.00 0.0 0 7.6 15 190 M M 2 1 22 200
12 92 73 83 1 0 18 0.00 0.0 0 5.0 15 190 M M 3 12 20 190
13 98 75 87 5 0 22 T 0.0 M 5.4 17 20 M M 3 3 26 30
14 95 75 85 3 0 20 0.00 0.0 M 6.1 22 50 M M 1 3 35 60
15 95 67 81 -1 0 16 1.61 0.0 M 5.7 39 110 M M 4 1238 53 100
16 95 69 82 0 0 17 0.00 0.0 M 5.8 16 100 M M 1 22 70
17 93 73 83 1 0 18 0.00 0.0 M 8.1 17 70 M M 0 23 70
18 93 71 82 0 0 17 0.00 0.0 M 8.5 17 110 M M 2 3 22 110
19 94 72 83 1 0 18 0.00 0.0 M 5.0 13 180 M M 1 19 170
20 89 75 82 -1 0 17 0.34 0.0 M 7.8 24 160 M M 5 138 32 160
21 90 77 84 1 0 19 T 0.0 M 10.4 21 180 M M 4 30 170
22 91 75 83 0 0 18 0.10 0.0 M 6.1 14 100 M M 6 13 18 60
23 90 76 83 0 0 18 0.46 0.0 M 5.8 15 170 M M 3 123 20 160
24 91 78 85 2 0 20 0.00 0.0 M 8.8 16 160 M M 4 1 24 200
25 89 77 83 0 0 18 0.22 0.0 M 7.9 17 180 M M 5 138 26 190
26 90 77 84 1 0 19 0.05 0.0 M 9.4 16 170 M M 3 1 24 170
27 89 74 82 -1 0 17 0.63 0.0 M 10.7 22 90 M M 5 13 30 100
28 80 74 77 -6 0 12 1.51 0.0 M 8.1 22 140 M M 6 123 33 140
29 88 74 81 -2 0 16 0.81 0.0 M 8.0 18 110 M M 5 1 25 130
30 90 75 83 0 0 18 0.00 0.0 M 6.0 16 130 M M 4 3 21 130
================================================================================
SM 2682 2204 0 500 11.17 0.0 225.6 M 114
================================================================================
AV 89.4 73.5 7.5 FASTST M M 4 MAX(MPH)
MISC ----> 39 110 53 100
================================================================================
NOTES:
# LAST OF SEVERAL OCCURRENCES
COLUMN 17 PEAK WIND IN M.P.H.
PRELIMINARY LOCAL CLIMATOLOGICAL DATA (WS FORM: F-6) , PAGE 2
STATION: BEAUMONT PORT ARTHUR
MONTH: JUNE
YEAR: 2021
LATITUDE: 29 57 N
LONGITUDE: 94 1 W
[TEMPERATURE DATA] [PRECIPITATION DATA] SYMBOLS USED IN COLUMN 16
AVERAGE MONTHLY: 81.4 TOTAL FOR MONTH: 11.17 1 = FOG OR MIST
DPTR FM NORMAL: -0.6 DPTR FM NORMAL: 4.47 2 = FOG REDUCING VISIBILITY
HIGHEST: 98 ON 13 GRTST 24HR 4.04 ON 3- 4 TO 1/4 MILE OR LESS
LOWEST: 67 ON 15 3 = THUNDER
SNOW, ICE PELLETS, HAIL 4 = ICE PELLETS
TOTAL MONTH: 0.0 INCH 5 = HAIL
GRTST 24HR 0.0 6 = FREEZING RAIN OR DRIZZLE
GRTST DEPTH: 0 7 = DUSTSTORM OR SANDSTORM:
VSBY 1/2 MILE OR LESS
8 = SMOKE OR HAZE
[NO. OF DAYS WITH] [WEATHER - DAYS WITH] 9 = BLOWING SNOW
X = TORNADO
MAX 32 OR BELOW: 0 0.01 INCH OR MORE: 14
MAX 90 OR ABOVE: 15 0.10 INCH OR MORE: 12
MIN 32 OR BELOW: 0 0.50 INCH OR MORE: 6
MIN 0 OR BELOW: 0 1.00 INCH OR MORE: 4
[HDD (BASE 65) ]
TOTAL THIS MO. 0 CLEAR (SCALE 0-3) 10
DPTR FM NORMAL 0 PTCLDY (SCALE 4-7) 20
TOTAL FM JUL 1 1351 CLOUDY (SCALE 8-10) 0
DPTR FM NORMAL 89
[CDD (BASE 65) ]
TOTAL THIS MO. 500
DPTR FM NORMAL -10 [PRESSURE DATA]
TOTAL FM JAN 1 1077 HIGHEST SLP 30.08 ON 30
DPTR FM NORMAL -66 LOWEST SLP 29.79 ON 6
[REMARKS]
#FINAL-06-21#