000
CXUS53 KGRR 011512 RRB
CLSBTL
WRKCLSBTL 000
TTAA00 GRR 011509
CLIMATE REPORT
NATIONAL WEATHER SERVICE GRAND RAPIDS, MICHIGAN
1007 AM EST TUE MAR 01 2022
...................................
...THE BATTLE CREEK CLIMATE SUMMARY FOR THE SEASON, FROM
12/1/2021 TO 2/28/2022...
CLIMATE NORMAL PERIOD: 1991 TO 2020
CLIMATE RECORD PERIOD: 1895 TO 2022
WEATHER OBSERVED NORMAL DEPART LAST YEAR`S
VALUE DATE(S) VALUE FROM VALUE DATE(S)
NORMAL
................................................................
TEMPERATURE (F)
RECORD
HIGH 70 02/11/1999
LOW -24 02/12/1899
HIGHEST 62 12/15 MM MM 59 02/28
LOWEST -5 02/14 MM MM -12 02/17
AVG. MAXIMUM 35.1 33.9 1.2 33.6
AVG. MINIMUM 19.2 19.9 -0.7 20.8
MEAN 27.1 26.9 0.2 27.2
DAYS MAX >= 90 0 0.0 0.0 0
DAYS MAX <= 32 40 42.9 -2.9 40
DAYS MIN <= 32 83 78.9 4.1 83
DAYS MIN <= 0 4 5.2 -1.2 3
PRECIPITATION (INCHES)
RECORD
MAXIMUM 12.83 1950
MINIMUM 1.26 2003
TOTALS 5.51 4.22 1.29 2.30
DAILY AVG. 0.06 0.05 0.01 0.03
DAYS >= .01 31 28.8 2.2 22
DAYS >= .10 15 10.7 4.3 6
DAYS >= .50 3 2.1 0.9 1
DAYS >= 1.00 0 0.3 -0.3 0
GREATEST
24 HR. TOTAL 1.09
STORM TOTAL 0.99 MM
(MM/DD(HH)) MM
DEGREE DAYS
HEATING TOTAL 3377 3429 -52 3357
SINCE 7/1 4441 4745 -304 MM
COOLING TOTAL 0 0 0 0
SINCE 1/1 0 0 0 MM
FREEZE DATES
EARLIEST 10/24
LATEST 05/27
................................................................
WIND (MPH)
AVERAGE WIND SPEED 10.4
RESULTANT WIND SPEED/DIRECTION 4/230
HIGHEST WIND SPEED/DIRECTION 45/260 DATE 12/11
HIGHEST GUST SPEED/DIRECTION 65/240 DATE 12/11
SKY COVER
POSSIBLE SUNSHINE (PERCENT) MM
AVERAGE SKY COVER 0.66
NUMBER OF DAYS FAIR 19
NUMBER OF DAYS PC 26
NUMBER OF DAYS CLOUDY 44
AVERAGE RH (PERCENT) 72
WEATHER CONDITIONS. NUMBER OF DAYS WITH
THUNDERSTORM 2 MIXED PRECIP 0
HEAVY RAIN 2 RAIN 6
LIGHT RAIN 20 FREEZING RAIN 2
LT FREEZING RAIN 6 HAIL 0
HEAVY SNOW 4 SNOW 9
LIGHT SNOW 44 SLEET 0
FOG 54 FOG W/VIS <= 1/4 MILE 8
HAZE 38
- INDICATES NEGATIVE NUMBERS.
R INDICATES RECORD WAS SET OR TIED.
MM INDICATES DATA IS MISSING.
T INDICATES TRACE AMOUNT.
$$