000
CXUS55 KMSO 042159
CF6BTM
PRELIMINARY LOCAL CLIMATOLOGICAL DATA (WS FORM: F-6)
STATION: BUTTE MT
MONTH: APRIL
YEAR: 2023
LATITUDE: 45 57 N
LONGITUDE: 112 30 W
TEMPERATURE IN F: :PCPN: SNOW: WIND :SUNSHINE: SKY :PK WND
================================================================================
1 2 3 4 5 6A 6B 7 8 9 10 11 12 13 14 15 16 17 18
12Z AVG MX 2MIN
DY MAX MIN AVG DEP HDD CDD WTR SNW DPTH SPD SPD DIR MIN PSBL S-S WX SPD DR
================================================================================
1 40 23 32 -4 33 0 0.02 M M 7.5 32 310 M M 6 12 58 310
2 35 12 24 -12 41 0 T M M 6.5 20 250 M M 5 8 27 250
3 35 2 19 -17 46 0 T M M 6.5 21 140 M M 5 8 27 140
4 30 7 19 -18 46 0 T M M 8.4 20 10 M M 6 18 28 20
5 32 3 18 -19 47 0 T M M 4.8 17 290 M M 6 8 26 290
6 41 6 24 -13 41 0 0.00 M M 4.8 17 210 M M 0 23 200
7 47 12 30 -7 35 0 0.00 M M 5.8 24 210 M M 4 32 210
8 49 29 39 2 26 0 0.00 M M 6.2 15 260 M M 6 24 230
9 54 24 39 2 26 0 0.00 M M 5.0 16 180 M M 2 21 180
10 61 30 46 8 19 0 0.00 M M 7.4 22 160 M M 1 36 160
11 63 30 47 9 18 0 T M M 9.6 23 290 M M 4 34 290
12 34 28 31 -7 34 0 0.27 M M 6.2 13 300 M M 10 12 21 280
13 32 16 24 -14 41 0 0.02 M M 9.1 18 310 M M 9 18 25 310
14 37 10 24 -14 41 0 0.02 M M 3.0 13 20 M M 6 1 16 250
15 47 17 32 -6 33 0 0.00 M M 4.1 18 190 M M 3 12 24 190
16 57 25 41 2 24 0 0.01 M M 8.4 30 280 M M 3 45 280
17 52 30 41 2 24 0 T M M 4.7 24 140 M M 6 36 140
18 42 25 34 -5 31 0 0.10 M M 7.6 25 340 M M 8 123 32 310
19 37 25 31 -8 34 0 0.00 M M 13.6 24 310 M M 8 1 36 310
20 42 21 32 -7 33 0 T M M 8.7 22 300 M M 5 32 300
21 38 27 33 -7 32 0 0.12 M M 3.5 22 290 M M 9 128 34 330
22 45 27 36 -4 29 0 T M M 3.9 13 330 M M 7 1 20 360
23 55 22 39 -1 26 0 0.00 M M 3.9 17 190 M M 2 22 200
24 52 33 43 3 22 0 0.63 M M 6.4 25 290 M M 9 1 39 300
25 48 33 41 0 24 0 0.10 M M 5.1 12 320 M M 7 1 15 310
26 59 27 43 2 22 0 0.00 M M 5.4 16 290 M M 1 8 23 310
27 55 29 42 1 23 0 T M M 9.6 36 30 M M 4 54 40
28 68 24 46 4 19 0 0.00 M M 4.6 15 310 M M 0 20 290
29 73 30 52 10 13 0 0.00 M M 4.2 17 330 M M 0 23 340
30 74 30 52 10 13 0 0.00 M M 5.2 17 100 M M 0 23 110
================================================================================
SM 1434 657 896 0 1.29 M 189.7 M 142
================================================================================
AV 47.8 21.9 6.3 FASTST M M 5 MAX(MPH)
MISC ----> 36 30 58 310
================================================================================
NOTES:
# LAST OF SEVERAL OCCURRENCES
COLUMN 17 PEAK WIND IN M.P.H.
PRELIMINARY LOCAL CLIMATOLOGICAL DATA (WS FORM: F-6) , PAGE 2
STATION: BUTTE MT
MONTH: APRIL
YEAR: 2023
LATITUDE: 45 57 N
LONGITUDE: 112 30 W
[TEMPERATURE DATA] [PRECIPITATION DATA] SYMBOLS USED IN COLUMN 16
AVERAGE MONTHLY: 34.9 TOTAL FOR MONTH: 1.29 1 = FOG OR MIST
DPTR FM NORMAL: -3.9 DPTR FM NORMAL: -0.04 2 = FOG REDUCING VISIBILITY
HIGHEST: 74 ON 30 GRTST 24HR 0.73 ON 24-25 TO 1/4 MILE OR LESS
LOWEST: 2 ON 3 3 = THUNDER
SNOW, ICE PELLETS, HAIL 4 = ICE PELLETS
TOTAL MONTH: M 5 = HAIL
GRTST 24HR M ON M 6 = FREEZING RAIN OR DRIZZLE
GRTST DEPTH: M ON M 7 = DUSTSTORM OR SANDSTORM:
VSBY 1/2 MILE OR LESS
8 = SMOKE OR HAZE
[NO. OF DAYS WITH] [WEATHER - DAYS WITH] 9 = BLOWING SNOW
X = TORNADO
MAX 32 OR BELOW: 3 0.01 INCH OR MORE: 9
MAX 90 OR ABOVE: 0 0.10 INCH OR MORE: 5
MIN 32 OR BELOW: 28 0.50 INCH OR MORE: 1
MIN 0 OR BELOW: 0 1.00 INCH OR MORE: 0
[HDD (BASE 65) ]
TOTAL THIS MO. 896 CLEAR (SCALE 0-3) 9
DPTR FM NORMAL 109 PTCLDY (SCALE 4-7) 16
TOTAL FM JUL 1 8924 CLOUDY (SCALE 8-10) 5
DPTR FM NORMAL 624
[CDD (BASE 65) ]
TOTAL THIS MO. 0
DPTR FM NORMAL 0 [PRESSURE DATA]
TOTAL FM JAN 1 0 HIGHEST SLP 30.38 ON 28
DPTR FM NORMAL 0 LOWEST SLP 29.51 ON 18
[REMARKS]
#FINAL-04-23#