000
CXUS55 KMSO 011000
CF6BTM
PRELIMINARY LOCAL CLIMATOLOGICAL DATA (WS FORM: F-6)
STATION: BUTTE MT
MONTH: DECEMBER
YEAR: 2023
LATITUDE: 45 57 N
LONGITUDE: 112 30 W
TEMPERATURE IN F: :PCPN: SNOW: WIND :SUNSHINE: SKY :PK WND
================================================================================
1 2 3 4 5 6A 6B 7 8 9 10 11 12 13 14 15 16 17 18
12Z AVG MX 2MIN
DY MAX MIN AVG DEP HDD CDD WTR SNW DPTH SPD SPD DIR MIN PSBL S-S WX SPD DR
================================================================================
1 31 8 20 -2 45 0 0.02 M M 3.5 13 260 M M 8 12 21 250
2 32 22 27 6 38 0 0.03 M M 6.5 20 290 M M 9 1 28 290
3 39 21 30 9 35 0 0.00 M M 3.1 12 10 M M 7 14 280
4 46 33 40 19 25 0 T M M 6.1 16 300 M M 7 22 300
5 54 33 44 24 21 0 0.00 M M 3.9 16 220 M M 6 24 230
6 54 28 41 21 24 0 0.00 M M 5.6 20 180 M M 1 27 180
7 46 23 35 15 30 0 0.01 M M 6.1 20 320 M M 5 1 29 320
8 32 20 26 6 39 0 0.08 M M 6.3 24 310 M M 7 18 33 330
9 29 -1 14 -5 51 0 0.00 M M 4.2 13 210 M M 4 17 210
10 37 24 31 12 34 0 0.01 M M 3.8 10 240 M M 9 1 17 260
11 36 25 31 12 34 0 T M M 1.1 8 20 M M 10 18 9 10
12 32 12 22 3 43 0 T M M 3.7 9 280 M M 7 1 12 260
13 31 9 20 1 45 0 0.00 M M 1.8 8 130 M M 6 12 9 130
14 39 5 22 4 43 0 0.00 M M 1.5 8 150 M M 1 9 150
15 39 10 25 7 40 0 0.00 M M 1.5 7 160 M M 1 8 160
16 43 9 26 8 39 0 0.00 M M 1.8 9 170 M M 0 12 280
17 47 10 29 11 36 0 0.00 M M 2.3 8 130 M M 0 10 160
18 38 12 25 7 40 0 0.00 M M 1.2 9 110 M M 3 8 10 110
19 46 20 33 15 32 0 0.00 M M 2.1 12 160 M M 6 8 12 160
20 48 21 35 17 30 0 0.00 M M 2.2 8 170 M M 5 13 110
21 50 17 34 16 31 0 0.00 M M 2.5 8 150 M M 0 8 12 230
22 46 14 30 12 35 0 0.00 M M 3.6 13 170 M M 2 18 240
23 35 8 22 4 43 0 0.16 M M 8.2 25 300 M M 9 1 33 300
24 21 -10 6 -12 59 0 0.00 M M 1.9 8 150 M M 0 9 160
25 23 -15 4 -14 61 0 0.00 M M 2.1 8 190 M M 0 10 200
26 24 -13 6 -12 59 0 T M M 1.4 8 110 M M 3 8 9 210
27 30 -5 13 -5 52 0 0.00 M M 1.7 6 170 M M 2 18 8 210
28 38 10 24 6 41 0 0.00 M M 2.0 8 150 M M 3 8 150
29 42 10 26 8 39 0 0.00 M M 2.4 7 170 M M 1 8 120
30 42 7 25 6 40 0 0.00 M M 1.9 8 160 M M 1 9 160
31 M M M M M M M M M M M M M M M M M
================================================================================
SM 1150 367 1184 0 0.31 M 96.0 M 123
================================================================================
AV 38.3 12.2 3.2 FASTST M M 4 MAX(MPH)
MISC ----> 25 300 # 33 330
================================================================================
NOTES:
# LAST OF SEVERAL OCCURRENCES
COLUMN 17 PEAK WIND IN M.P.H.
PRELIMINARY LOCAL CLIMATOLOGICAL DATA (WS FORM: F-6) , PAGE 2
STATION: BUTTE MT
MONTH: DECEMBER
YEAR: 2023
LATITUDE: 45 57 N
LONGITUDE: 112 30 W
[TEMPERATURE DATA] [PRECIPITATION DATA] SYMBOLS USED IN COLUMN 16
AVERAGE MONTHLY: 25.3 TOTAL FOR MONTH: 0.31 1 = FOG OR MIST
DPTR FM NORMAL: 6.3 DPTR FM NORMAL: -0.17 2 = FOG REDUCING VISIBILITY
HIGHEST: 54 ON 6, 5 GRTST 24HR 0.16 ON 23-23 TO 1/4 MILE OR LESS
LOWEST: -15 ON 25 3 = THUNDER
SNOW, ICE PELLETS, HAIL 4 = ICE PELLETS
TOTAL MONTH: M 5 = HAIL
GRTST 24HR M ON M 6 = FREEZING RAIN OR DRIZZLE
GRTST DEPTH: M ON M 7 = DUSTSTORM OR SANDSTORM:
VSBY 1/2 MILE OR LESS
8 = SMOKE OR HAZE
[NO. OF DAYS WITH] [WEATHER - DAYS WITH] 9 = BLOWING SNOW
X = TORNADO
MAX 32 OR BELOW: 10 0.01 INCH OR MORE: 6
MAX 90 OR ABOVE: 0 0.10 INCH OR MORE: 1
MIN 32 OR BELOW: 28 0.50 INCH OR MORE: 0
MIN 0 OR BELOW: 5 1.00 INCH OR MORE: 0
[HDD (BASE 65) ]
TOTAL THIS MO. 1184 CLEAR (SCALE 0-3) 14
DPTR FM NORMAL -243 PTCLDY (SCALE 4-7) 12
TOTAL FM JUL 1 3357 CLOUDY (SCALE 8-10) 4
DPTR FM NORMAL -525
[CDD (BASE 65) ]
TOTAL THIS MO. 0
DPTR FM NORMAL 0 [PRESSURE DATA]
TOTAL FM JAN 1 73 HIGHEST SLP 30.72 ON 25
DPTR FM NORMAL -10 LOWEST SLP 29.52 ON 7
[REMARKS]
#FINAL-12-23#