000
CXUS54 KLIX 010810
CF6BTR
PRELIMINARY LOCAL CLIMATOLOGICAL DATA (WS FORM: F-6)
STATION: BATON ROUGE
MONTH: MARCH
YEAR: 2024
LATITUDE: 30 31 N
LONGITUDE: 91 9 W
TEMPERATURE IN F: :PCPN: SNOW: WIND :SUNSHINE: SKY :PK WND
================================================================================
1 2 3 4 5 6A 6B 7 8 9 10 11 12 13 14 15 16 17 18
12Z AVG MX 2MIN
DY MAX MIN AVG DEP HDD CDD WTR SNW DPTH SPD SPD DIR MIN PSBL S-S WX SPD DR
================================================================================
1 61 46 54 -5 11 0 1.07 M M 4.9 15 70 M M 9 13 18 230
2 76 55 66 7 0 1 0.00 0.0 M 5.6 10 140 M M 7 12 14 110
3 81 65 73 13 0 8 0.00 0.0 M 7.5 14 110 M M 7 18 120
4 77 66 72 12 0 7 2.59 0.0 M 9.2 23 80 M M 10 13 34 90
5 73 62 68 8 0 3 1.03 0.0 M 5.8 16 280 M M 7 13 22 290
6 84 56 70 10 0 5 T 0.0 M 2.3 9 20 M M 2 12 14 330
7 83 60 72 12 0 7 0.00 0.0 M 8.9 18 160 M M 0 23 140
8 83 64 74 14 0 9 0.92 0.0 M 11.5 23 190 M M 8 138 32 180
9 68 57 63 2 2 0 0.00 0.0 M 7.4 15 340 M M 7 24 10
10 71 46 59 -2 6 0 0.00 0.0 M 5.0 13 350 M M 1 21 290
11 73 52 63 2 2 0 0.00 0.0 M 4.6 10 90 M M 1 15 100
12 78 48 63 2 2 0 0.00 0.0 M 5.9 14 190 M M 3 20 190
13 83 61 72 10 0 7 0.00 0.0 M 8.0 18 180 M M 5 25 180
14 88 66 77 15 0 12 T 0.0 M 11.2 24 190 M M 6 8 35 180
15 83 64 74 12 0 9 0.76 0.0 M 9.3 28 350 M M 7 138 49 340
16 82 62 72 10 0 7 0.00 0.0 M 3.7 13 40 M M 3 17 50
17 77 63 70 8 0 5 0.95 0.0 M 4.6 12 30 M M 6 13 19 10
18 70 47 59 -3 6 0 0.00 0.0 M 9.6 23 350 M M 4 34 350
19 66 37 52 -11 13 0 0.00 0.0 M 3.1 15 100 M M 0 19 100
20 72 43 58 -5 7 0 0.00 0.0 M 2.0 13 240 M M 3 16 280
21 66 49 58 -5 7 0 0.13 0.0 M 5.1 15 110 M M 5 22 110
22 76 54 65 2 0 0 0.41 0.0 M 9.2 23 280 M M 7 13 30 260
23 77 54 66 3 0 1 0.00 0.0 M 8.8 17 20 M M 4 31 330
24 72 48 60 -4 5 0 0.00 0.0 M 8.7 16 130 M M 2 24 130
25 77 60 69 5 0 4 0.63 0.0 M 16.3 29 170 M M 9 13 40 150
26 77 57 67 3 0 2 0.82 0.0 M 5.3 15 140 M M 5 13 20 30
27 71 52 62 -2 3 0 0.00 0.0 M 6.6 14 350 M M 1 21 340
28 75 45 60 -4 5 0 0.00 0.0 M 4.3 14 40 M M 0 22 20
29 78 45 62 -2 3 0 0.00 0.0 M 6.2 16 190 M M 0 23 200
30 80 53 67 2 0 2 0.00 0.0 M 7.0 16 210 M M 3 22 180
31 82 65 74 9 0 9 0.00 0.0 M 9.5 20 180 M M 5 26 170
================================================================================
SM 2360 1702 72 98 9.31 0.0 217.1 M 137
================================================================================
AV 76.1 54.9 7.0 FASTST M M 4 MAX(MPH)
MISC ----> 29 170 49 340
================================================================================
NOTES:
# LAST OF SEVERAL OCCURRENCES
COLUMN 17 PEAK WIND IN M.P.H.
PRELIMINARY LOCAL CLIMATOLOGICAL DATA (WS FORM: F-6) , PAGE 2
STATION: BATON ROUGE
MONTH: MARCH
YEAR: 2024
LATITUDE: 30 31 N
LONGITUDE: 91 9 W
[TEMPERATURE DATA] [PRECIPITATION DATA] SYMBOLS USED IN COLUMN 16
AVERAGE MONTHLY: 65.5 TOTAL FOR MONTH: 9.31 1 = FOG OR MIST
DPTR FM NORMAL: 3.5 DPTR FM NORMAL: 4.85 2 = FOG REDUCING VISIBILITY
HIGHEST: 88 ON 14 GRTST 24HR 3.62 ON 4- 5 TO 1/4 MILE OR LESS
LOWEST: 37 ON 19 3 = THUNDER
SNOW, ICE PELLETS, HAIL 4 = ICE PELLETS
TOTAL MONTH: 0.0 INCH 5 = HAIL
GRTST 24HR 0.0 6 = FREEZING RAIN OR DRIZZLE
GRTST DEPTH: M ON M 7 = DUSTSTORM OR SANDSTORM:
VSBY 1/2 MILE OR LESS
8 = SMOKE OR HAZE
[NO. OF DAYS WITH] [WEATHER - DAYS WITH] 9 = BLOWING SNOW
X = TORNADO
MAX 32 OR BELOW: 0 0.01 INCH OR MORE: 10
MAX 90 OR ABOVE: 0 0.10 INCH OR MORE: 10
MIN 32 OR BELOW: 0 0.50 INCH OR MORE: 8
MIN 0 OR BELOW: 0 1.00 INCH OR MORE: 3
[HDD (BASE 65) ]
TOTAL THIS MO. 72 CLEAR (SCALE 0-3) 9
DPTR FM NORMAL -86 PTCLDY (SCALE 4-7) 18
TOTAL FM JUL 1 1125 CLOUDY (SCALE 8-10) 4
DPTR FM NORMAL -354
[CDD (BASE 65) ]
TOTAL THIS MO. 98
DPTR FM NORMAL 33 [PRESSURE DATA]
TOTAL FM JAN 1 151 HIGHEST SLP M ON M
DPTR FM NORMAL 48 LOWEST SLP 29.57 ON 25
[REMARKS]
#FINAL-03-24#